[INFO] fetching crate deuterium_orm 0.5.0...
[INFO] checking deuterium_orm-0.5.0 against 1.55.0 for beta-1.56-3
[INFO] extracting crate deuterium_orm 0.5.0 into /workspace/builds/worker-2/source
[INFO] validating manifest of crates.io crate deuterium_orm 0.5.0 on toolchain 1.55.0
[INFO] running `Command { std: "/workspace/cargo-home/bin/cargo" "+1.55.0" "metadata" "--manifest-path" "Cargo.toml" "--no-deps", kill_on_drop: false }`
[INFO] started tweaking crates.io crate deuterium_orm 0.5.0
[INFO] removed 0 missing tests
[INFO] finished tweaking crates.io crate deuterium_orm 0.5.0
[INFO] tweaked toml for crates.io crate deuterium_orm 0.5.0 written to /workspace/builds/worker-2/source/Cargo.toml
[INFO] running `Command { std: "/workspace/cargo-home/bin/cargo" "+1.55.0" "generate-lockfile" "--manifest-path" "Cargo.toml" "-Zno-index-update", kill_on_drop: false }`
[INFO] [stderr]     Blocking waiting for file lock on package cache
[INFO] running `Command { std: "/workspace/cargo-home/bin/cargo" "+1.55.0" "fetch" "--manifest-path" "Cargo.toml", kill_on_drop: false }`
[INFO] running `Command { std: "docker" "create" "-v" "/var/lib/crater-agent-workspace/builds/worker-2/target:/opt/rustwide/target:rw,Z" "-v" "/var/lib/crater-agent-workspace/builds/worker-2/source:/opt/rustwide/workdir:ro,Z" "-v" "/var/lib/crater-agent-workspace/cargo-home:/opt/rustwide/cargo-home:ro,Z" "-v" "/var/lib/crater-agent-workspace/rustup-home:/opt/rustwide/rustup-home:ro,Z" "-e" "SOURCE_DIR=/opt/rustwide/workdir" "-e" "CARGO_TARGET_DIR=/opt/rustwide/target" "-e" "CARGO_HOME=/opt/rustwide/cargo-home" "-e" "RUSTUP_HOME=/opt/rustwide/rustup-home" "-w" "/opt/rustwide/workdir" "-m" "1610612736" "--user" "0:0" "--network" "none" "ghcr.io/rust-lang/crates-build-env/linux@sha256:a89201d6b5b9fd45c15d5952ece0a0129e7e80cb26ec023fd59cf09bc26f1604" "/opt/rustwide/cargo-home/bin/cargo" "+1.55.0" "metadata" "--no-deps" "--format-version=1", kill_on_drop: false }`
[INFO] [stdout] 5eb993d25e565b1a1a61b7b766d651111a33e4b19523166950dc70bdead22305
[INFO] [stderr] WARNING: Your kernel does not support swap limit capabilities or the cgroup is not mounted. Memory limited without swap.
[INFO] running `Command { std: "docker" "start" "-a" "5eb993d25e565b1a1a61b7b766d651111a33e4b19523166950dc70bdead22305", kill_on_drop: false }`
[INFO] running `Command { std: "docker" "inspect" "5eb993d25e565b1a1a61b7b766d651111a33e4b19523166950dc70bdead22305", kill_on_drop: false }`
[INFO] running `Command { std: "docker" "rm" "-f" "5eb993d25e565b1a1a61b7b766d651111a33e4b19523166950dc70bdead22305", kill_on_drop: false }`
[INFO] [stdout] 5eb993d25e565b1a1a61b7b766d651111a33e4b19523166950dc70bdead22305
[INFO] running `Command { std: "docker" "create" "-v" "/var/lib/crater-agent-workspace/builds/worker-2/target:/opt/rustwide/target:rw,Z" "-v" "/var/lib/crater-agent-workspace/builds/worker-2/source:/opt/rustwide/workdir:ro,Z" "-v" "/var/lib/crater-agent-workspace/cargo-home:/opt/rustwide/cargo-home:ro,Z" "-v" "/var/lib/crater-agent-workspace/rustup-home:/opt/rustwide/rustup-home:ro,Z" "-e" "SOURCE_DIR=/opt/rustwide/workdir" "-e" "CARGO_TARGET_DIR=/opt/rustwide/target" "-e" "CARGO_INCREMENTAL=0" "-e" "RUST_BACKTRACE=full" "-e" "RUSTFLAGS=--cap-lints=warn" "-e" "CARGO_HOME=/opt/rustwide/cargo-home" "-e" "RUSTUP_HOME=/opt/rustwide/rustup-home" "-w" "/opt/rustwide/workdir" "-m" "1610612736" "--user" "0:0" "--network" "none" "ghcr.io/rust-lang/crates-build-env/linux@sha256:a89201d6b5b9fd45c15d5952ece0a0129e7e80cb26ec023fd59cf09bc26f1604" "/opt/rustwide/cargo-home/bin/cargo" "+1.55.0" "check" "--frozen" "--all" "--all-targets" "--message-format=json", kill_on_drop: false }`
[INFO] [stdout] 3f5ac3e9e941186ea544c0431743ac7b82cfa3856fbd30a97a165dae0f0cc7fe
[INFO] [stderr] WARNING: Your kernel does not support swap limit capabilities or the cgroup is not mounted. Memory limited without swap.
[INFO] running `Command { std: "docker" "start" "-a" "3f5ac3e9e941186ea544c0431743ac7b82cfa3856fbd30a97a165dae0f0cc7fe", kill_on_drop: false }`
[INFO] [stderr]    Compiling regex v0.2.11
[INFO] [stderr]    Compiling ucd-util v0.1.8
[INFO] [stderr]     Checking md5 v0.3.8
[INFO] [stderr]     Checking phf_shared v0.7.20
[INFO] [stderr]     Checking fallible-iterator v0.1.6
[INFO] [stderr]    Compiling regex-syntax v0.4.2
[INFO] [stderr]     Checking hex v0.2.0
[INFO] [stderr]     Checking bufstream v0.1.4
[INFO] [stderr]     Checking uuid v0.3.1
[INFO] [stderr]     Checking time v0.3.3
[INFO] [stderr]    Compiling thread_local v0.3.6
[INFO] [stderr]     Checking getrandom v0.2.3
[INFO] [stderr]     Checking parking_lot_core v0.8.5
[INFO] [stderr]     Checking socket2 v0.4.2
[INFO] [stderr]     Checking time v0.1.43
[INFO] [stderr]     Checking mio v0.7.13
[INFO] [stderr]    Compiling aho-corasick v0.6.10
[INFO] [stderr]     Checking num-traits v0.1.43
[INFO] [stderr]     Checking phf v0.7.20
[INFO] [stderr]     Checking enum_primitive v0.1.1
[INFO] [stderr]    Compiling futures-macro v0.3.17
[INFO] [stderr]    Compiling regex-syntax v0.5.6
[INFO] [stderr]     Checking rand_core v0.6.3
[INFO] [stderr]     Checking parking_lot v0.11.2
[INFO] [stderr]     Checking postgres-protocol v0.2.2
[INFO] [stderr]     Checking rand_chacha v0.3.1
[INFO] [stderr]     Checking tokio v1.12.0
[INFO] [stderr]     Checking scheduled-thread-pool v0.2.5
[INFO] [stderr]     Checking postgres v0.13.4
[INFO] [stderr]     Checking rand v0.8.4
[INFO] [stderr]     Checking r2d2 v0.8.9
[INFO] [stdout] error[E0428]: the name `_CHECK` is defined multiple times
[INFO] [stdout]   --> /opt/rustwide/cargo-home/registry/src/github.com-1ecc6299db9ec823/postgres-0.13.4/src/feature_check.rs:23:1
[INFO] [stdout]    |
[INFO] [stdout] 14 | const _CHECK: RustcSerializeFeatureRenamedSeeDocs = ();
[INFO] [stdout]    | ------------------------------------------------------- previous definition of the value `_CHECK` here
[INFO] [stdout] ...
[INFO] [stdout] 23 | const _CHECK: TimeFeatureRenamedSeeDocs = ();
[INFO] [stdout]    | ^^^^^^^^^^^^^^^^^^^^^^^^^^^^^^^^^^^^^^^^^^^^^ `_CHECK` redefined here
[INFO] [stdout]    |
[INFO] [stdout]    = note: `_CHECK` must be defined only once in the value namespace of this module
[INFO] [stdout] 
[INFO] [stdout] 
[INFO] [stdout] error[E0428]: the name `_CHECK` is defined multiple times
[INFO] [stdout]   --> /opt/rustwide/cargo-home/registry/src/github.com-1ecc6299db9ec823/postgres-0.13.4/src/feature_check.rs:29:1
[INFO] [stdout]    |
[INFO] [stdout] 14 | const _CHECK: RustcSerializeFeatureRenamedSeeDocs = ();
[INFO] [stdout]    | ------------------------------------------------------- previous definition of the value `_CHECK` here
[INFO] [stdout] ...
[INFO] [stdout] 29 | const _CHECK: UuidFeatureRenamedSeeDocs = ();
[INFO] [stdout]    | ^^^^^^^^^^^^^^^^^^^^^^^^^^^^^^^^^^^^^^^^^^^^^ `_CHECK` redefined here
[INFO] [stdout]    |
[INFO] [stdout]    = note: `_CHECK` must be defined only once in the value namespace of this module
[INFO] [stdout] 
[INFO] [stdout] 
[INFO] [stdout] error[E0412]: cannot find type `RustcSerializeFeatureRenamedSeeDocs` in this scope
[INFO] [stdout]   --> /opt/rustwide/cargo-home/registry/src/github.com-1ecc6299db9ec823/postgres-0.13.4/src/feature_check.rs:14:15
[INFO] [stdout]    |
[INFO] [stdout] 14 | const _CHECK: RustcSerializeFeatureRenamedSeeDocs = ();
[INFO] [stdout]    |               ^^^^^^^^^^^^^^^^^^^^^^^^^^^^^^^^^^^ not found in this scope
[INFO] [stdout] 
[INFO] [stdout] 
[INFO] [stdout] error[E0412]: cannot find type `TimeFeatureRenamedSeeDocs` in this scope
[INFO] [stdout]   --> /opt/rustwide/cargo-home/registry/src/github.com-1ecc6299db9ec823/postgres-0.13.4/src/feature_check.rs:23:15
[INFO] [stdout]    |
[INFO] [stdout] 23 | const _CHECK: TimeFeatureRenamedSeeDocs = ();
[INFO] [stdout]    |               ^^^^^^^^^^^^^^^^^^^^^^^^^ not found in this scope
[INFO] [stdout] 
[INFO] [stdout] 
[INFO] [stdout] error[E0412]: cannot find type `UuidFeatureRenamedSeeDocs` in this scope
[INFO] [stdout]   --> /opt/rustwide/cargo-home/registry/src/github.com-1ecc6299db9ec823/postgres-0.13.4/src/feature_check.rs:29:15
[INFO] [stdout]    |
[INFO] [stdout] 29 | const _CHECK: UuidFeatureRenamedSeeDocs = ();
[INFO] [stdout]    |               ^^^^^^^^^^^^^^^^^^^^^^^^^ not found in this scope
[INFO] [stdout] 
[INFO] [stdout] 
[INFO] [stdout] error: aborting due to 5 previous errors
[INFO] [stdout] 
[INFO] [stdout] 
[INFO] [stdout] Some errors have detailed explanations: E0412, E0428.
[INFO] [stdout] 
[INFO] [stdout] For more information about an error, try `rustc --explain E0412`.
[INFO] [stdout] 
[INFO] [stderr] error: could not compile `postgres` due to 6 previous errors
[INFO] [stderr] warning: build failed, waiting for other jobs to finish...
[INFO] [stderr] error: build failed
[INFO] running `Command { std: "docker" "inspect" "3f5ac3e9e941186ea544c0431743ac7b82cfa3856fbd30a97a165dae0f0cc7fe", kill_on_drop: false }`
[INFO] running `Command { std: "docker" "rm" "-f" "3f5ac3e9e941186ea544c0431743ac7b82cfa3856fbd30a97a165dae0f0cc7fe", kill_on_drop: false }`
[INFO] [stdout] 3f5ac3e9e941186ea544c0431743ac7b82cfa3856fbd30a97a165dae0f0cc7fe
