[INFO] fetching crate determinator 0.6.0...
[INFO] checking determinator-0.6.0 against 1.55.0 for beta-1.56-3
[INFO] extracting crate determinator 0.6.0 into /workspace/builds/worker-5/source
[INFO] validating manifest of crates.io crate determinator 0.6.0 on toolchain 1.55.0
[INFO] running `Command { std: "/workspace/cargo-home/bin/cargo" "+1.55.0" "metadata" "--manifest-path" "Cargo.toml" "--no-deps", kill_on_drop: false }`
[INFO] started tweaking crates.io crate determinator 0.6.0
[INFO] finished tweaking crates.io crate determinator 0.6.0
[INFO] tweaked toml for crates.io crate determinator 0.6.0 written to /workspace/builds/worker-5/source/Cargo.toml
[INFO] running `Command { std: "/workspace/cargo-home/bin/cargo" "+1.55.0" "generate-lockfile" "--manifest-path" "Cargo.toml" "-Zno-index-update", kill_on_drop: false }`
[INFO] running `Command { std: "/workspace/cargo-home/bin/cargo" "+1.55.0" "fetch" "--manifest-path" "Cargo.toml", kill_on_drop: false }`
[INFO] [stderr]     Blocking waiting for file lock on package cache
[INFO] running `Command { std: "docker" "create" "-v" "/var/lib/crater-agent-workspace/builds/worker-5/target:/opt/rustwide/target:rw,Z" "-v" "/var/lib/crater-agent-workspace/builds/worker-5/source:/opt/rustwide/workdir:ro,Z" "-v" "/var/lib/crater-agent-workspace/cargo-home:/opt/rustwide/cargo-home:ro,Z" "-v" "/var/lib/crater-agent-workspace/rustup-home:/opt/rustwide/rustup-home:ro,Z" "-e" "SOURCE_DIR=/opt/rustwide/workdir" "-e" "CARGO_TARGET_DIR=/opt/rustwide/target" "-e" "CARGO_HOME=/opt/rustwide/cargo-home" "-e" "RUSTUP_HOME=/opt/rustwide/rustup-home" "-w" "/opt/rustwide/workdir" "-m" "1610612736" "--user" "0:0" "--network" "none" "ghcr.io/rust-lang/crates-build-env/linux@sha256:a89201d6b5b9fd45c15d5952ece0a0129e7e80cb26ec023fd59cf09bc26f1604" "/opt/rustwide/cargo-home/bin/cargo" "+1.55.0" "metadata" "--no-deps" "--format-version=1", kill_on_drop: false }`
[INFO] [stdout] 90b15bec5334bab0b5b810e910f7c7dca41970f829a2b376c669fc1de8503592
[INFO] [stderr] WARNING: Your kernel does not support swap limit capabilities or the cgroup is not mounted. Memory limited without swap.
[INFO] running `Command { std: "docker" "start" "-a" "90b15bec5334bab0b5b810e910f7c7dca41970f829a2b376c669fc1de8503592", kill_on_drop: false }`
[INFO] running `Command { std: "docker" "inspect" "90b15bec5334bab0b5b810e910f7c7dca41970f829a2b376c669fc1de8503592", kill_on_drop: false }`
[INFO] running `Command { std: "docker" "rm" "-f" "90b15bec5334bab0b5b810e910f7c7dca41970f829a2b376c669fc1de8503592", kill_on_drop: false }`
[INFO] [stdout] 90b15bec5334bab0b5b810e910f7c7dca41970f829a2b376c669fc1de8503592
[INFO] running `Command { std: "docker" "create" "-v" "/var/lib/crater-agent-workspace/builds/worker-5/target:/opt/rustwide/target:rw,Z" "-v" "/var/lib/crater-agent-workspace/builds/worker-5/source:/opt/rustwide/workdir:ro,Z" "-v" "/var/lib/crater-agent-workspace/cargo-home:/opt/rustwide/cargo-home:ro,Z" "-v" "/var/lib/crater-agent-workspace/rustup-home:/opt/rustwide/rustup-home:ro,Z" "-e" "SOURCE_DIR=/opt/rustwide/workdir" "-e" "CARGO_TARGET_DIR=/opt/rustwide/target" "-e" "CARGO_INCREMENTAL=0" "-e" "RUST_BACKTRACE=full" "-e" "RUSTFLAGS=--cap-lints=warn" "-e" "CARGO_HOME=/opt/rustwide/cargo-home" "-e" "RUSTUP_HOME=/opt/rustwide/rustup-home" "-w" "/opt/rustwide/workdir" "-m" "1610612736" "--user" "0:0" "--network" "none" "ghcr.io/rust-lang/crates-build-env/linux@sha256:a89201d6b5b9fd45c15d5952ece0a0129e7e80cb26ec023fd59cf09bc26f1604" "/opt/rustwide/cargo-home/bin/cargo" "+1.55.0" "check" "--frozen" "--all" "--all-targets" "--message-format=json", kill_on_drop: false }`
[INFO] [stdout] fa1608b5736b7307d7c8262931d0e76caec4f99f272d4b2995beb153b5b5edee
[INFO] [stderr] WARNING: Your kernel does not support swap limit capabilities or the cgroup is not mounted. Memory limited without swap.
[INFO] running `Command { std: "docker" "start" "-a" "fa1608b5736b7307d7c8262931d0e76caec4f99f272d4b2995beb153b5b5edee", kill_on_drop: false }`
[INFO] [stderr]    Compiling camino v1.0.5
[INFO] [stderr]    Compiling target-lexicon v0.12.2
[INFO] [stderr]    Compiling semver v1.0.4
[INFO] [stderr]    Compiling target-spec v0.9.0
[INFO] [stderr]     Checking fixedbitset v0.4.0
[INFO] [stderr]     Checking debug-ignore v1.0.1
[INFO] [stderr]     Checking nested v0.1.1
[INFO] [stderr]     Checking pathdiff v0.2.1
[INFO] [stderr]     Checking diffus v0.10.0
[INFO] [stderr]     Checking bstr v0.2.17
[INFO] [stderr]     Checking serde_json v1.0.68
[INFO] [stderr]     Checking toml v0.5.8
[INFO] [stderr]     Checking cargo-platform v0.1.2
[INFO] [stderr]     Checking petgraph v0.6.0
[INFO] [stderr]     Checking globset v0.4.8
[INFO] [stderr]     Checking guppy-summaries v0.5.1
[INFO] [stderr]     Checking cargo_metadata v0.14.0
[INFO] [stderr]     Checking cfg-expr v0.9.0
[INFO] [stderr]     Checking guppy v0.11.2
[INFO] [stderr]     Checking determinator v0.6.0 (/opt/rustwide/workdir)
[INFO] [stdout] error: couldn't read tests/../../../fixtures/determinator-paths/guppy-linux.json: No such file or directory (os error 2)
[INFO] [stdout]    --> tests/determinator_tests.rs:449:24
[INFO] [stdout]     |
[INFO] [stdout] 449 |             let json = include_str!("../../../fixtures/determinator-paths/guppy-linux.json");
[INFO] [stdout]     |                        ^^^^^^^^^^^^^^^^^^^^^^^^^^^^^^^^^^^^^^^^^^^^^^^^^^^^^^^^^^^^^^^^^^^^^
[INFO] [stdout]     |
[INFO] [stdout]     = note: this error originates in the macro `include_str` (in Nightly builds, run with -Z macro-backtrace for more info)
[INFO] [stdout] 
[INFO] [stdout] 
[INFO] [stdout] error: couldn't read tests/../../../fixtures/determinator-paths/git-diff.out: No such file or directory (os error 2)
[INFO] [stdout]    --> tests/determinator_tests.rs:452:20
[INFO] [stdout]     |
[INFO] [stdout] 452 |     let git_diff = include_str!("../../../fixtures/determinator-paths/git-diff.out");
[INFO] [stdout]     |                    ^^^^^^^^^^^^^^^^^^^^^^^^^^^^^^^^^^^^^^^^^^^^^^^^^^^^^^^^^^^^^^^^^
[INFO] [stdout]     |
[INFO] [stdout]     = note: this error originates in the macro `include_str` (in Nightly builds, run with -Z macro-backtrace for more info)
[INFO] [stdout] 
[INFO] [stdout] 
[INFO] [stdout] error[E0433]: failed to resolve: use of undeclared crate or module `fixtures`
[INFO] [stdout]   --> tests/determinator_tests.rs:11:5
[INFO] [stdout]    |
[INFO] [stdout] 11 | use fixtures::json::JsonFixture;
[INFO] [stdout]    |     ^^^^^^^^ use of undeclared crate or module `fixtures`
[INFO] [stdout] 
[INFO] [stdout] 
[INFO] [stdout] error[E0433]: failed to resolve: use of undeclared type `JsonFixture`
[INFO] [stdout]   --> tests/determinator_tests.rs:17:15
[INFO] [stdout]    |
[INFO] [stdout] 17 |     let old = JsonFixture::metadata_guppy_869476c();
[INFO] [stdout]    |               ^^^^^^^^^^^ use of undeclared type `JsonFixture`
[INFO] [stdout] 
[INFO] [stdout] 
[INFO] [stdout] error[E0433]: failed to resolve: use of undeclared type `JsonFixture`
[INFO] [stdout]   --> tests/determinator_tests.rs:18:15
[INFO] [stdout]    |
[INFO] [stdout] 18 |     let new = JsonFixture::metadata_guppy_c9b4f76();
[INFO] [stdout]    |               ^^^^^^^^^^^ use of undeclared type `JsonFixture`
[INFO] [stdout] 
[INFO] [stdout] 
[INFO] [stdout] error[E0433]: failed to resolve: use of undeclared type `JsonFixture`
[INFO] [stdout]   --> tests/determinator_tests.rs:51:15
[INFO] [stdout]    |
[INFO] [stdout] 51 |     let old = JsonFixture::metadata_guppy_869476c();
[INFO] [stdout]    |               ^^^^^^^^^^^ use of undeclared type `JsonFixture`
[INFO] [stdout] 
[INFO] [stdout] 
[INFO] [stdout] error[E0433]: failed to resolve: use of undeclared type `JsonFixture`
[INFO] [stdout]   --> tests/determinator_tests.rs:52:15
[INFO] [stdout]    |
[INFO] [stdout] 52 |     let new = JsonFixture::metadata_guppy_c9b4f76();
[INFO] [stdout]    |               ^^^^^^^^^^^ use of undeclared type `JsonFixture`
[INFO] [stdout] 
[INFO] [stdout] 
[INFO] [stdout] error[E0433]: failed to resolve: use of undeclared type `JsonFixture`
[INFO] [stdout]    --> tests/determinator_tests.rs:190:15
[INFO] [stdout]     |
[INFO] [stdout] 190 |     let old = JsonFixture::metadata_guppy_869476c();
[INFO] [stdout]     |               ^^^^^^^^^^^ use of undeclared type `JsonFixture`
[INFO] [stdout] 
[INFO] [stdout] 
[INFO] [stdout] error[E0433]: failed to resolve: use of undeclared type `JsonFixture`
[INFO] [stdout]    --> tests/determinator_tests.rs:191:15
[INFO] [stdout]     |
[INFO] [stdout] 191 |     let new = JsonFixture::metadata_guppy_c9b4f76();
[INFO] [stdout]     |               ^^^^^^^^^^^ use of undeclared type `JsonFixture`
[INFO] [stdout] 
[INFO] [stdout] 
[INFO] [stdout] error[E0433]: failed to resolve: use of undeclared type `JsonFixture`
[INFO] [stdout]    --> tests/determinator_tests.rs:287:15
[INFO] [stdout]     |
[INFO] [stdout] 287 |     let old = JsonFixture::metadata_guppy_869476c();
[INFO] [stdout]     |               ^^^^^^^^^^^ use of undeclared type `JsonFixture`
[INFO] [stdout] 
[INFO] [stdout] 
[INFO] [stdout] error[E0433]: failed to resolve: use of undeclared type `JsonFixture`
[INFO] [stdout]    --> tests/determinator_tests.rs:288:15
[INFO] [stdout]     |
[INFO] [stdout] 288 |     let new = JsonFixture::metadata_guppy_c9b4f76();
[INFO] [stdout]     |               ^^^^^^^^^^^ use of undeclared type `JsonFixture`
[INFO] [stdout] 
[INFO] [stdout] 
[INFO] [stdout] error[E0433]: failed to resolve: use of undeclared type `JsonFixture`
[INFO] [stdout]    --> tests/determinator_tests.rs:321:15
[INFO] [stdout]     |
[INFO] [stdout] 321 |     let old = JsonFixture::metadata_guppy_78cb7e8();
[INFO] [stdout]     |               ^^^^^^^^^^^ use of undeclared type `JsonFixture`
[INFO] [stdout] 
[INFO] [stdout] 
[INFO] [stdout] error[E0433]: failed to resolve: use of undeclared type `JsonFixture`
[INFO] [stdout]    --> tests/determinator_tests.rs:322:15
[INFO] [stdout]     |
[INFO] [stdout] 322 |     let new = JsonFixture::metadata_guppy_869476c();
[INFO] [stdout]     |               ^^^^^^^^^^^ use of undeclared type `JsonFixture`
[INFO] [stdout] 
[INFO] [stdout] 
[INFO] [stdout] error[E0433]: failed to resolve: use of undeclared type `JsonFixture`
[INFO] [stdout]    --> tests/determinator_tests.rs:391:15
[INFO] [stdout]     |
[INFO] [stdout] 391 |     let old = JsonFixture::metadata_guppy_869476c();
[INFO] [stdout]     |               ^^^^^^^^^^^ use of undeclared type `JsonFixture`
[INFO] [stdout] 
[INFO] [stdout] 
[INFO] [stdout] error[E0433]: failed to resolve: use of undeclared type `JsonFixture`
[INFO] [stdout]    --> tests/determinator_tests.rs:392:15
[INFO] [stdout]     |
[INFO] [stdout] 392 |     let new = JsonFixture::metadata_guppy_c9b4f76();
[INFO] [stdout]     |               ^^^^^^^^^^^ use of undeclared type `JsonFixture`
[INFO] [stdout] 
[INFO] [stdout] 
[INFO] [stdout] error[E0412]: cannot find type `JsonFixture` in this scope
[INFO] [stdout]    --> tests/determinator_tests.rs:502:27
[INFO] [stdout]     |
[INFO] [stdout] 502 | fn read_options(fixture: &JsonFixture, toml_name: &str) -> DeterminatorRules {
[INFO] [stdout]     |                           ^^^^^^^^^^^ not found in this scope
[INFO] [stdout] 
[INFO] [stdout] 
[INFO] [stdout] error: aborting due to 16 previous errors
[INFO] [stdout] 
[INFO] [stdout] 
[INFO] [stdout] Some errors have detailed explanations: E0412, E0433.
[INFO] [stdout] 
[INFO] [stdout] For more information about an error, try `rustc --explain E0412`.
[INFO] [stdout] 
[INFO] [stderr] error: could not compile `determinator` due to 17 previous errors
[INFO] running `Command { std: "docker" "inspect" "fa1608b5736b7307d7c8262931d0e76caec4f99f272d4b2995beb153b5b5edee", kill_on_drop: false }`
[INFO] running `Command { std: "docker" "rm" "-f" "fa1608b5736b7307d7c8262931d0e76caec4f99f272d4b2995beb153b5b5edee", kill_on_drop: false }`
[INFO] [stdout] fa1608b5736b7307d7c8262931d0e76caec4f99f272d4b2995beb153b5b5edee
