[INFO] fetching crate despatma 0.1.0...
[INFO] checking despatma-0.1.0 against 1.55.0 for beta-1.56-3
[INFO] extracting crate despatma 0.1.0 into /workspace/builds/worker-12/source
[INFO] validating manifest of crates.io crate despatma 0.1.0 on toolchain 1.55.0
[INFO] running `Command { std: "/workspace/cargo-home/bin/cargo" "+1.55.0" "metadata" "--manifest-path" "Cargo.toml" "--no-deps", kill_on_drop: false }`
[INFO] started tweaking crates.io crate despatma 0.1.0
[INFO] finished tweaking crates.io crate despatma 0.1.0
[INFO] tweaked toml for crates.io crate despatma 0.1.0 written to /workspace/builds/worker-12/source/Cargo.toml
[INFO] running `Command { std: "/workspace/cargo-home/bin/cargo" "+1.55.0" "generate-lockfile" "--manifest-path" "Cargo.toml" "-Zno-index-update", kill_on_drop: false }`
[INFO] running `Command { std: "/workspace/cargo-home/bin/cargo" "+1.55.0" "fetch" "--manifest-path" "Cargo.toml", kill_on_drop: false }`
[INFO] [stderr]     Blocking waiting for file lock on package cache
[INFO] running `Command { std: "docker" "create" "-v" "/var/lib/crater-agent-workspace/builds/worker-12/target:/opt/rustwide/target:rw,Z" "-v" "/var/lib/crater-agent-workspace/builds/worker-12/source:/opt/rustwide/workdir:ro,Z" "-v" "/var/lib/crater-agent-workspace/cargo-home:/opt/rustwide/cargo-home:ro,Z" "-v" "/var/lib/crater-agent-workspace/rustup-home:/opt/rustwide/rustup-home:ro,Z" "-e" "SOURCE_DIR=/opt/rustwide/workdir" "-e" "CARGO_TARGET_DIR=/opt/rustwide/target" "-e" "CARGO_HOME=/opt/rustwide/cargo-home" "-e" "RUSTUP_HOME=/opt/rustwide/rustup-home" "-w" "/opt/rustwide/workdir" "-m" "1610612736" "--user" "0:0" "--network" "none" "ghcr.io/rust-lang/crates-build-env/linux@sha256:a89201d6b5b9fd45c15d5952ece0a0129e7e80cb26ec023fd59cf09bc26f1604" "/opt/rustwide/cargo-home/bin/cargo" "+1.55.0" "metadata" "--no-deps" "--format-version=1", kill_on_drop: false }`
[INFO] [stdout] 1202189fbd85aa8e1d57ad906fb9616ef091f71b7f132bcc17d682b06931565e
[INFO] [stderr] WARNING: Your kernel does not support swap limit capabilities or the cgroup is not mounted. Memory limited without swap.
[INFO] running `Command { std: "docker" "start" "-a" "1202189fbd85aa8e1d57ad906fb9616ef091f71b7f132bcc17d682b06931565e", kill_on_drop: false }`
[INFO] running `Command { std: "docker" "inspect" "1202189fbd85aa8e1d57ad906fb9616ef091f71b7f132bcc17d682b06931565e", kill_on_drop: false }`
[INFO] running `Command { std: "docker" "rm" "-f" "1202189fbd85aa8e1d57ad906fb9616ef091f71b7f132bcc17d682b06931565e", kill_on_drop: false }`
[INFO] [stdout] 1202189fbd85aa8e1d57ad906fb9616ef091f71b7f132bcc17d682b06931565e
[INFO] running `Command { std: "docker" "create" "-v" "/var/lib/crater-agent-workspace/builds/worker-12/target:/opt/rustwide/target:rw,Z" "-v" "/var/lib/crater-agent-workspace/builds/worker-12/source:/opt/rustwide/workdir:ro,Z" "-v" "/var/lib/crater-agent-workspace/cargo-home:/opt/rustwide/cargo-home:ro,Z" "-v" "/var/lib/crater-agent-workspace/rustup-home:/opt/rustwide/rustup-home:ro,Z" "-e" "SOURCE_DIR=/opt/rustwide/workdir" "-e" "CARGO_TARGET_DIR=/opt/rustwide/target" "-e" "CARGO_INCREMENTAL=0" "-e" "RUST_BACKTRACE=full" "-e" "RUSTFLAGS=--cap-lints=warn" "-e" "CARGO_HOME=/opt/rustwide/cargo-home" "-e" "RUSTUP_HOME=/opt/rustwide/rustup-home" "-w" "/opt/rustwide/workdir" "-m" "1610612736" "--user" "0:0" "--network" "none" "ghcr.io/rust-lang/crates-build-env/linux@sha256:a89201d6b5b9fd45c15d5952ece0a0129e7e80cb26ec023fd59cf09bc26f1604" "/opt/rustwide/cargo-home/bin/cargo" "+1.55.0" "check" "--frozen" "--all" "--all-targets" "--message-format=json", kill_on_drop: false }`
[INFO] [stdout] 66041866b6fb71372ac1468e8f20a4dbcf38555d1a4677c3e4f5abf5d69aec92
[INFO] [stderr] WARNING: Your kernel does not support swap limit capabilities or the cgroup is not mounted. Memory limited without swap.
[INFO] running `Command { std: "docker" "start" "-a" "66041866b6fb71372ac1468e8f20a4dbcf38555d1a4677c3e4f5abf5d69aec92", kill_on_drop: false }`
[INFO] [stderr]    Compiling trybuild v1.0.50
[INFO] [stderr]     Checking tokenstream2-tmpl v0.1.1
[INFO] [stderr]     Checking toml v0.5.8
[INFO] [stderr]    Compiling despatma-lib v0.1.0
[INFO] [stderr]     Checking despatma v0.1.0 (/opt/rustwide/workdir)
[INFO] [stderr]     Checking macrotest v1.0.8
[INFO] [stdout] error[E0432]: unresolved import `despatma_test_helpers`
[INFO] [stdout]   --> src/abstract_factory.rs:62:9
[INFO] [stdout]    |
[INFO] [stdout] 62 |     use despatma_test_helpers::reformat;
[INFO] [stdout]    |         ^^^^^^^^^^^^^^^^^^^^^ use of undeclared crate or module `despatma_test_helpers`
[INFO] [stdout] 
[INFO] [stdout] 
[INFO] [stdout] error[E0432]: unresolved import `despatma_test_helpers`
[INFO] [stdout]    --> src/visitor.rs:167:9
[INFO] [stdout]     |
[INFO] [stdout] 167 |     use despatma_test_helpers::reformat;
[INFO] [stdout]     |         ^^^^^^^^^^^^^^^^^^^^^ use of undeclared crate or module `despatma_test_helpers`
[INFO] [stdout] 
[INFO] [stdout] 
[INFO] [stdout] error[E0277]: the trait bound `AnnotatedType<SimpleType>: std::cmp::Eq` is not satisfied
[INFO] [stdout]    --> src/visitor.rs:30:5
[INFO] [stdout]     |
[INFO] [stdout] 28  | #[cfg_attr(test, derive(Eq, PartialEq, Debug))]
[INFO] [stdout]     |                         -- in this derive macro expansion
[INFO] [stdout] 29  | pub struct VisitorFunction {
[INFO] [stdout] 30  |     types: Punctuated<AnnotatedType<SimpleType>, Token![,]>,
[INFO] [stdout]     |     ^^^^^^^^^^^^^^^^^^^^^^^^^^^^^^^^^^^^^^^^^^^^^^^^^^^^^^^ the trait `std::cmp::Eq` is not implemented for `AnnotatedType<SimpleType>`
[INFO] [stdout]     |
[INFO] [stdout]     = note: required because of the requirements on the impl of `std::cmp::Eq` for `syn::punctuated::Punctuated<AnnotatedType<SimpleType>, Comma>`
[INFO] [stdout]     = note: this error originates in the derive macro `Eq` (in Nightly builds, run with -Z macro-backtrace for more info)
[INFO] [stdout] 
[INFO] [stdout] 
[INFO] [stdout] error[E0369]: binary operation `==` cannot be applied to type `syn::punctuated::Punctuated<AnnotatedType<SimpleType>, Comma>`
[INFO] [stdout]   --> src/visitor.rs:30:5
[INFO] [stdout]    |
[INFO] [stdout] 28 | #[cfg_attr(test, derive(Eq, PartialEq, Debug))]
[INFO] [stdout]    |                             --------- in this derive macro expansion
[INFO] [stdout] 29 | pub struct VisitorFunction {
[INFO] [stdout] 30 |     types: Punctuated<AnnotatedType<SimpleType>, Token![,]>,
[INFO] [stdout]    |     ^^^^^^^^^^^^^^^^^^^^^^^^^^^^^^^^^^^^^^^^^^^^^^^^^^^^^^^
[INFO] [stdout]    |
[INFO] [stdout]    = note: this error originates in the derive macro `PartialEq` (in Nightly builds, run with -Z macro-backtrace for more info)
[INFO] [stdout] 
[INFO] [stdout] 
[INFO] [stdout] error[E0369]: binary operation `!=` cannot be applied to type `syn::punctuated::Punctuated<AnnotatedType<SimpleType>, Comma>`
[INFO] [stdout]   --> src/visitor.rs:30:5
[INFO] [stdout]    |
[INFO] [stdout] 28 | #[cfg_attr(test, derive(Eq, PartialEq, Debug))]
[INFO] [stdout]    |                             --------- in this derive macro expansion
[INFO] [stdout] 29 | pub struct VisitorFunction {
[INFO] [stdout] 30 |     types: Punctuated<AnnotatedType<SimpleType>, Token![,]>,
[INFO] [stdout]    |     ^^^^^^^^^^^^^^^^^^^^^^^^^^^^^^^^^^^^^^^^^^^^^^^^^^^^^^^
[INFO] [stdout]    |
[INFO] [stdout]    = note: this error originates in the derive macro `PartialEq` (in Nightly builds, run with -Z macro-backtrace for more info)
[INFO] [stdout] 
[INFO] [stdout] 
[INFO] [stdout] error[E0277]: `AnnotatedType<SimpleType>` doesn't implement `Debug`
[INFO] [stdout]   --> src/visitor.rs:30:5
[INFO] [stdout]    |
[INFO] [stdout] 28 | #[cfg_attr(test, derive(Eq, PartialEq, Debug))]
[INFO] [stdout]    |                                        ----- in this derive macro expansion
[INFO] [stdout] 29 | pub struct VisitorFunction {
[INFO] [stdout] 30 |     types: Punctuated<AnnotatedType<SimpleType>, Token![,]>,
[INFO] [stdout]    |     ^^^^^^^^^^^^^^^^^^^^^^^^^^^^^^^^^^^^^^^^^^^^^^^^^^^^^^^ `AnnotatedType<SimpleType>` cannot be formatted using `{:?}` because it doesn't implement `Debug`
[INFO] [stdout]    |
[INFO] [stdout]    = help: the trait `Debug` is not implemented for `AnnotatedType<SimpleType>`
[INFO] [stdout]    = note: this error originates in the derive macro `Debug` (in Nightly builds, run with -Z macro-backtrace for more info)
[INFO] [stdout] 
[INFO] [stdout] 
[INFO] [stdout] error: aborting due to 6 previous errors
[INFO] [stdout] 
[INFO] [stdout] 
[INFO] [stdout] Some errors have detailed explanations: E0277, E0369, E0432.
[INFO] [stdout] 
[INFO] [stdout] For more information about an error, try `rustc --explain E0277`.
[INFO] [stdout] 
[INFO] [stderr] error: could not compile `despatma` due to 7 previous errors
[INFO] [stderr] warning: build failed, waiting for other jobs to finish...
[INFO] [stderr] error: build failed
[INFO] running `Command { std: "docker" "inspect" "66041866b6fb71372ac1468e8f20a4dbcf38555d1a4677c3e4f5abf5d69aec92", kill_on_drop: false }`
[INFO] running `Command { std: "docker" "rm" "-f" "66041866b6fb71372ac1468e8f20a4dbcf38555d1a4677c3e4f5abf5d69aec92", kill_on_drop: false }`
[INFO] [stdout] 66041866b6fb71372ac1468e8f20a4dbcf38555d1a4677c3e4f5abf5d69aec92
