[INFO] fetching crate delay_timer 0.9.1...
[INFO] checking delay_timer-0.9.1 against beta-2021-10-15 for beta-1.56-3
[INFO] extracting crate delay_timer 0.9.1 into /workspace/builds/worker-8/source
[INFO] validating manifest of crates.io crate delay_timer 0.9.1 on toolchain beta-2021-10-15
[INFO] running `Command { std: "/workspace/cargo-home/bin/cargo" "+beta-2021-10-15" "metadata" "--manifest-path" "Cargo.toml" "--no-deps", kill_on_drop: false }`
[INFO] started tweaking crates.io crate delay_timer 0.9.1
[INFO] removed 0 missing examples
[INFO] finished tweaking crates.io crate delay_timer 0.9.1
[INFO] tweaked toml for crates.io crate delay_timer 0.9.1 written to /workspace/builds/worker-8/source/Cargo.toml
[INFO] crate crates.io crate delay_timer 0.9.1 already has a lockfile, it will not be regenerated
[INFO] running `Command { std: "/workspace/cargo-home/bin/cargo" "+beta-2021-10-15" "fetch" "--manifest-path" "Cargo.toml", kill_on_drop: false }`
[INFO] [stderr]     Blocking waiting for file lock on package cache
[INFO] running `Command { std: "docker" "create" "-v" "/var/lib/crater-agent-workspace/builds/worker-8/target:/opt/rustwide/target:rw,Z" "-v" "/var/lib/crater-agent-workspace/builds/worker-8/source:/opt/rustwide/workdir:ro,Z" "-v" "/var/lib/crater-agent-workspace/cargo-home:/opt/rustwide/cargo-home:ro,Z" "-v" "/var/lib/crater-agent-workspace/rustup-home:/opt/rustwide/rustup-home:ro,Z" "-e" "SOURCE_DIR=/opt/rustwide/workdir" "-e" "CARGO_TARGET_DIR=/opt/rustwide/target" "-e" "CARGO_HOME=/opt/rustwide/cargo-home" "-e" "RUSTUP_HOME=/opt/rustwide/rustup-home" "-w" "/opt/rustwide/workdir" "-m" "1610612736" "--user" "0:0" "--network" "none" "ghcr.io/rust-lang/crates-build-env/linux@sha256:a89201d6b5b9fd45c15d5952ece0a0129e7e80cb26ec023fd59cf09bc26f1604" "/opt/rustwide/cargo-home/bin/cargo" "+beta-2021-10-15" "metadata" "--no-deps" "--format-version=1", kill_on_drop: false }`
[INFO] [stdout] b96a515858f7c56060a1c404b955831ccd0ec92e0d77b06989759a15e86be15d
[INFO] [stderr] WARNING: Your kernel does not support swap limit capabilities or the cgroup is not mounted. Memory limited without swap.
[INFO] running `Command { std: "docker" "start" "-a" "b96a515858f7c56060a1c404b955831ccd0ec92e0d77b06989759a15e86be15d", kill_on_drop: false }`
[INFO] running `Command { std: "docker" "inspect" "b96a515858f7c56060a1c404b955831ccd0ec92e0d77b06989759a15e86be15d", kill_on_drop: false }`
[INFO] running `Command { std: "docker" "rm" "-f" "b96a515858f7c56060a1c404b955831ccd0ec92e0d77b06989759a15e86be15d", kill_on_drop: false }`
[INFO] [stdout] b96a515858f7c56060a1c404b955831ccd0ec92e0d77b06989759a15e86be15d
[INFO] running `Command { std: "docker" "create" "-v" "/var/lib/crater-agent-workspace/builds/worker-8/target:/opt/rustwide/target:rw,Z" "-v" "/var/lib/crater-agent-workspace/builds/worker-8/source:/opt/rustwide/workdir:ro,Z" "-v" "/var/lib/crater-agent-workspace/cargo-home:/opt/rustwide/cargo-home:ro,Z" "-v" "/var/lib/crater-agent-workspace/rustup-home:/opt/rustwide/rustup-home:ro,Z" "-e" "SOURCE_DIR=/opt/rustwide/workdir" "-e" "CARGO_TARGET_DIR=/opt/rustwide/target" "-e" "CARGO_INCREMENTAL=0" "-e" "RUST_BACKTRACE=full" "-e" "RUSTFLAGS=--cap-lints=warn" "-e" "CARGO_HOME=/opt/rustwide/cargo-home" "-e" "RUSTUP_HOME=/opt/rustwide/rustup-home" "-w" "/opt/rustwide/workdir" "-m" "1610612736" "--user" "0:0" "--network" "none" "ghcr.io/rust-lang/crates-build-env/linux@sha256:a89201d6b5b9fd45c15d5952ece0a0129e7e80cb26ec023fd59cf09bc26f1604" "/opt/rustwide/cargo-home/bin/cargo" "+beta-2021-10-15" "check" "--frozen" "--all" "--all-targets" "--message-format=json", kill_on_drop: false }`
[INFO] [stdout] 1488efc0a6ab8bb1eb7a7395e9f53a3b502f6209bab3f97ba1747af8300a0798
[INFO] [stderr] WARNING: Your kernel does not support swap limit capabilities or the cgroup is not mounted. Memory limited without swap.
[INFO] running `Command { std: "docker" "start" "-a" "1488efc0a6ab8bb1eb7a7395e9f53a3b502f6209bab3f97ba1747af8300a0798", kill_on_drop: false }`
[INFO] [stderr]    Compiling libc v0.2.97
[INFO] [stderr]    Compiling futures-channel v0.3.15
[INFO] [stderr]     Checking subtle v2.4.0
[INFO] [stderr]    Compiling signal-hook v0.3.9
[INFO] [stderr]     Checking cpufeatures v0.1.4
[INFO] [stderr]    Compiling isahc v0.9.14
[INFO] [stderr]    Compiling http-types v2.11.1
[INFO] [stderr]     Checking downcast v0.10.0
[INFO] [stderr]     Checking fragile v1.0.0
[INFO] [stderr]     Checking rs-snowflake v0.5.0
[INFO] [stderr]    Compiling libnghttp2-sys v0.1.6+1.43.0
[INFO] [stderr]    Compiling futures-util v0.3.15
[INFO] [stderr]    Compiling tokio v1.6.1
[INFO] [stderr]    Compiling libz-sys v1.1.3
[INFO] [stderr]    Compiling curl-sys v0.4.44+curl-7.77.0
[INFO] [stderr]     Checking predicates-tree v1.0.2
[INFO] [stderr]     Checking spinning_top v0.2.4
[INFO] [stderr]     Checking lru v0.6.5
[INFO] [stderr]     Checking nom v7.0.0
[INFO] [stderr]     Checking indexmap v1.6.2
[INFO] [stderr]    Compiling delay_timer v0.9.1 (/opt/rustwide/workdir)
[INFO] [stderr]     Checking async-executor v1.4.1
[INFO] [stderr]     Checking blocking v1.0.2
[INFO] [stderr]     Checking cipher v0.2.5
[INFO] [stderr]     Checking aead v0.3.2
[INFO] [stderr]     Checking float-cmp v0.8.0
[INFO] [stderr]     Checking universal-hash v0.4.0
[INFO] [stderr]     Checking crypto-mac v0.10.0
[INFO] [stderr]     Checking flume v0.9.2
[INFO] [stderr]    Compiling ctor v0.1.20
[INFO] [stderr]    Compiling time-macros-impl v0.1.2
[INFO] [stderr]    Compiling pin-project-internal v1.0.7
[INFO] [stderr]    Compiling async-attributes v1.1.2
[INFO] [stderr]    Compiling mockall_derive v0.8.3
[INFO] [stderr]    Compiling concat-idents v1.1.2
[INFO] [stderr]     Checking sha2 v0.9.5
[INFO] [stderr]     Checking predicates v1.0.8
[INFO] [stderr]     Checking aes-soft v0.6.4
[INFO] [stderr]     Checking ctr v0.6.0
[INFO] [stderr]     Checking async-fs v1.5.0
[INFO] [stderr]     Checking polyval v0.4.5
[INFO] [stderr]     Checking hmac v0.10.1
[INFO] [stderr]     Checking url v2.2.2
[INFO] [stderr]     Checking serde_urlencoded v0.7.0
[INFO] [stderr]     Checking serde_json v1.0.64
[INFO] [stderr]     Checking serde_qs v0.7.2
[INFO] [stderr]     Checking ghash v0.3.1
[INFO] [stderr]     Checking hkdf v0.10.0
[INFO] [stderr]     Checking aes v0.6.0
[INFO] [stderr]     Checking sluice v0.5.4
[INFO] [stderr]     Checking aes-gcm v0.8.0
[INFO] [stderr]     Checking socket2 v0.4.0
[INFO] [stderr]     Checking signal-hook-registry v1.4.0
[INFO] [stderr]     Checking num_cpus v1.13.0
[INFO] [stderr]     Checking getrandom v0.2.3
[INFO] [stderr]     Checking getrandom v0.1.16
[INFO] [stderr]     Checking parking_lot_core v0.8.3
[INFO] [stderr]     Checking openssl-sys v0.9.63
[INFO] [stderr]     Checking atty v0.2.14
[INFO] [stderr]     Checking time v0.1.43
[INFO] [stderr]     Checking rand_core v0.6.2
[INFO] [stderr]     Checking dashmap v4.0.2
[INFO] [stderr]     Checking rand_core v0.5.1
[INFO] [stderr]     Checking value-bag v1.0.0-alpha.7
[INFO] [stderr]     Checking time-macros v0.1.1
[INFO] [stderr]     Checking parking_lot v0.11.1
[INFO] [stderr]     Checking rand_chacha v0.3.1
[INFO] [stderr]     Checking time v0.2.27
[INFO] [stderr]     Checking chrono v0.4.19
[INFO] [stderr]     Checking rand_chacha v0.2.2
[INFO] [stderr]     Checking log v0.4.14
[INFO] [stderr]     Checking rand v0.8.4
[INFO] [stderr]     Checking rand v0.7.3
[INFO] [stderr]     Checking polling v2.0.3
[INFO] [stderr]     Checking tracing v0.1.26
[INFO] [stderr]     Checking mio v0.7.11
[INFO] [stderr]     Checking kv-log-macro v1.0.7
[INFO] [stderr]     Checking want v0.3.0
[INFO] [stderr]     Checking env_logger v0.7.1
[INFO] [stderr]     Checking env_logger v0.8.4
[INFO] [stderr]     Checking pin-project v1.0.7
[INFO] [stderr]     Checking async-io v1.4.1
[INFO] [stderr]     Checking tracing-futures v0.2.5
[INFO] [stderr]     Checking pretty_env_logger v0.4.0
[INFO] [stderr]     Checking async-process v1.1.0
[INFO] [stderr]     Checking async-global-executor v2.0.2
[INFO] [stderr]     Checking async-net v1.6.0
[INFO] [stderr]     Checking cron_clock v0.8.0
[INFO] [stderr]     Checking cookie v0.14.4
[INFO] [stderr]     Checking async-std v1.9.0
[INFO] [stderr]     Checking smol v1.2.5
[INFO] [stderr]     Checking futures-executor v0.3.15
[INFO] [stderr]     Checking futures v0.3.15
[INFO] [stderr]     Checking mockall v0.8.3
[INFO] [stderr]     Checking tokio-util v0.6.7
[INFO] [stderr]     Checking h2 v0.3.3
[INFO] [stderr]    Compiling curl v0.4.38
[INFO] [stderr]     Checking hyper v0.14.9
[INFO] [stderr]     Checking http-client v6.4.1
[INFO] [stderr]     Checking surf v2.2.0
[INFO] [stdout] error[E0554]: `#![feature]` may not be used on the beta release channel
[INFO] [stdout]  --> benches/body.rs:1:1
[INFO] [stdout]   |
[INFO] [stdout] 1 | #![feature(test)]
[INFO] [stdout]   | ^^^^^^^^^^^^^^^^^
[INFO] [stdout] 
[INFO] [stdout] 
[INFO] [stdout] warning: use of deprecated associated function `delay_timer::prelude::TaskBuilder::<'a>::set_frequency`
[INFO] [stdout]   --> benches/body.rs:20:10
[INFO] [stdout]    |
[INFO] [stdout] 20 |         .set_frequency(Frequency::CountDown(1, "@yearly"))
[INFO] [stdout]    |          ^^^^^^^^^^^^^
[INFO] [stdout]    |
[INFO] [stdout] note: the lint level is defined here
[INFO] [stdout]   --> benches/body.rs:2:9
[INFO] [stdout]    |
[INFO] [stdout] 2  | #![deny(warnings)]
[INFO] [stdout]    |         ^^^^^^^^
[INFO] [stdout]    = note: `#[warn(deprecated)]` implied by `#[warn(warnings)]`
[INFO] [stdout] 
[INFO] [stdout] 
[INFO] [stdout] warning: use of deprecated associated function `delay_timer::prelude::TaskBuilder::<'a>::set_frequency`
[INFO] [stdout]   --> benches/body.rs:39:10
[INFO] [stdout]    |
[INFO] [stdout] 39 |         .set_frequency(Frequency::CountDown(2, "@yearly"))
[INFO] [stdout]    |          ^^^^^^^^^^^^^
[INFO] [stdout] 
[INFO] [stdout] 
[INFO] [stdout] error: aborting due to previous error; 2 warnings emitted
[INFO] [stdout] 
[INFO] [stdout] 
[INFO] [stdout] For more information about this error, try `rustc --explain E0554`.
[INFO] [stdout] 
[INFO] [stderr] error: could not compile `delay_timer` due to 2 previous errors; 2 warnings emitted
[INFO] [stderr] warning: build failed, waiting for other jobs to finish...
[INFO] [stdout] error[E0425]: cannot find function `tokio_unblock_process_task_fn` in this scope
[INFO] [stdout]   --> examples/dynamic_cancel.rs:98:16
[INFO] [stdout]    |
[INFO] [stdout] 98 |       let body = tokio_unblock_process_task_fn("php /home/open/project/rust/repo/myself/delay_timer/examples/try_spawn.php >> ./try_spawn.t...
[INFO] [stdout]    |                  ^^^^^^^^^^^^^^^^^^^^^^^^^^^^^ help: a function with a similar name exists: `unblock_process_task_fn`
[INFO] [stdout]    |
[INFO] [stdout]   ::: /opt/rustwide/workdir/src/utils/convenience.rs:23:5
[INFO] [stdout]    |
[INFO] [stdout] 23 | /     pub fn unblock_process_task_fn(
[INFO] [stdout] 24 | |         shell_command: String,
[INFO] [stdout] 25 | |     ) -> impl Fn(TaskContext) -> Box<dyn DelayTaskHandler> + 'static + Send + Sync {
[INFO] [stdout]    | |__________________________________________________________________________________- similarly named function `unblock_process_task_fn` defined here
[INFO] [stdout] 
[INFO] [stdout] 
[INFO] [stdout] error[E0599]: no method named `enable_status_report` found for struct `delay_timer::entity::DelayTimerBuilder` in the current scope
[INFO] [stdout]   --> examples/generic.rs:14:52
[INFO] [stdout]    |
[INFO] [stdout] 14 |     let delay_timer = DelayTimerBuilder::default().enable_status_report().build();
[INFO] [stdout]    |                                                    ^^^^^^^^^^^^^^^^^^^^ method not found in `delay_timer::entity::DelayTimerBuilder`
[INFO] [stdout] 
[INFO] [stdout] 
[INFO] [stdout] error[E0599]: no method named `tokio_runtime_shared_by_custom` found for struct `delay_timer::entity::DelayTimerBuilder` in the current scope
[INFO] [stdout]   --> examples/dynamic_cancel.rs:42:10
[INFO] [stdout]    |
[INFO] [stdout] 42 |         .tokio_runtime_shared_by_custom(tokio_rt.clone())
[INFO] [stdout]    |          ^^^^^^^^^^^^^^^^^^^^^^^^^^^^^^ method not found in `delay_timer::entity::DelayTimerBuilder`
[INFO] [stdout] 
[INFO] [stdout] 
[INFO] [stdout] error: aborting due to previous error
[INFO] [stdout] 
[INFO] [stdout] 
[INFO] [stdout] For more information about this error, try `rustc --explain E0599`.
[INFO] [stdout] 
[INFO] [stdout] error: aborting due to 2 previous errors
[INFO] [stdout] 
[INFO] [stdout] 
[INFO] [stdout] Some errors have detailed explanations: E0425, E0599.
[INFO] [stdout] 
[INFO] [stdout] For more information about an error, try `rustc --explain E0425`.
[INFO] [stdout] 
[INFO] [stderr] error: build failed
[INFO] running `Command { std: "docker" "inspect" "1488efc0a6ab8bb1eb7a7395e9f53a3b502f6209bab3f97ba1747af8300a0798", kill_on_drop: false }`
[INFO] running `Command { std: "docker" "rm" "-f" "1488efc0a6ab8bb1eb7a7395e9f53a3b502f6209bab3f97ba1747af8300a0798", kill_on_drop: false }`
[INFO] [stdout] 1488efc0a6ab8bb1eb7a7395e9f53a3b502f6209bab3f97ba1747af8300a0798
