[INFO] fetching crate deepfrog 0.2.1...
[INFO] checking deepfrog-0.2.1 against beta-2021-10-15 for beta-1.56-3
[INFO] extracting crate deepfrog 0.2.1 into /workspace/builds/worker-5/source
[INFO] validating manifest of crates.io crate deepfrog 0.2.1 on toolchain beta-2021-10-15
[INFO] running `Command { std: "/workspace/cargo-home/bin/cargo" "+beta-2021-10-15" "metadata" "--manifest-path" "Cargo.toml" "--no-deps", kill_on_drop: false }`
[INFO] started tweaking crates.io crate deepfrog 0.2.1
[INFO] finished tweaking crates.io crate deepfrog 0.2.1
[INFO] tweaked toml for crates.io crate deepfrog 0.2.1 written to /workspace/builds/worker-5/source/Cargo.toml
[INFO] crate crates.io crate deepfrog 0.2.1 already has a lockfile, it will not be regenerated
[INFO] running `Command { std: "/workspace/cargo-home/bin/cargo" "+beta-2021-10-15" "fetch" "--manifest-path" "Cargo.toml", kill_on_drop: false }`
[INFO] [stderr]  Downloading crates ...
[INFO] [stderr]   Downloaded ordered-float v2.0.0
[INFO] [stderr]   Downloaded unicode-normalization-alignments v0.1.12
[INFO] [stderr]   Downloaded folia v0.0.5
[INFO] [stderr]   Downloaded rust_tokenizers v5.0.0
[INFO] [stderr]   Downloaded rust-bert v0.9.0
[INFO] running `Command { std: "docker" "create" "-v" "/var/lib/crater-agent-workspace/builds/worker-5/target:/opt/rustwide/target:rw,Z" "-v" "/var/lib/crater-agent-workspace/builds/worker-5/source:/opt/rustwide/workdir:ro,Z" "-v" "/var/lib/crater-agent-workspace/cargo-home:/opt/rustwide/cargo-home:ro,Z" "-v" "/var/lib/crater-agent-workspace/rustup-home:/opt/rustwide/rustup-home:ro,Z" "-e" "SOURCE_DIR=/opt/rustwide/workdir" "-e" "CARGO_TARGET_DIR=/opt/rustwide/target" "-e" "CARGO_HOME=/opt/rustwide/cargo-home" "-e" "RUSTUP_HOME=/opt/rustwide/rustup-home" "-w" "/opt/rustwide/workdir" "-m" "1610612736" "--user" "0:0" "--network" "none" "ghcr.io/rust-lang/crates-build-env/linux@sha256:a89201d6b5b9fd45c15d5952ece0a0129e7e80cb26ec023fd59cf09bc26f1604" "/opt/rustwide/cargo-home/bin/cargo" "+beta-2021-10-15" "metadata" "--no-deps" "--format-version=1", kill_on_drop: false }`
[INFO] [stdout] 4720cc1d6fc399fa96f553eabcc6e6c0200eb2b34c76a3a2ead7033bfdc8f128
[INFO] [stderr] WARNING: Your kernel does not support swap limit capabilities or the cgroup is not mounted. Memory limited without swap.
[INFO] running `Command { std: "docker" "start" "-a" "4720cc1d6fc399fa96f553eabcc6e6c0200eb2b34c76a3a2ead7033bfdc8f128", kill_on_drop: false }`
[INFO] running `Command { std: "docker" "inspect" "4720cc1d6fc399fa96f553eabcc6e6c0200eb2b34c76a3a2ead7033bfdc8f128", kill_on_drop: false }`
[INFO] running `Command { std: "docker" "rm" "-f" "4720cc1d6fc399fa96f553eabcc6e6c0200eb2b34c76a3a2ead7033bfdc8f128", kill_on_drop: false }`
[INFO] [stdout] 4720cc1d6fc399fa96f553eabcc6e6c0200eb2b34c76a3a2ead7033bfdc8f128
[INFO] running `Command { std: "docker" "create" "-v" "/var/lib/crater-agent-workspace/builds/worker-5/target:/opt/rustwide/target:rw,Z" "-v" "/var/lib/crater-agent-workspace/builds/worker-5/source:/opt/rustwide/workdir:ro,Z" "-v" "/var/lib/crater-agent-workspace/cargo-home:/opt/rustwide/cargo-home:ro,Z" "-v" "/var/lib/crater-agent-workspace/rustup-home:/opt/rustwide/rustup-home:ro,Z" "-e" "SOURCE_DIR=/opt/rustwide/workdir" "-e" "CARGO_TARGET_DIR=/opt/rustwide/target" "-e" "CARGO_INCREMENTAL=0" "-e" "RUST_BACKTRACE=full" "-e" "RUSTFLAGS=--cap-lints=warn" "-e" "CARGO_HOME=/opt/rustwide/cargo-home" "-e" "RUSTUP_HOME=/opt/rustwide/rustup-home" "-w" "/opt/rustwide/workdir" "-m" "1610612736" "--user" "0:0" "--network" "none" "ghcr.io/rust-lang/crates-build-env/linux@sha256:a89201d6b5b9fd45c15d5952ece0a0129e7e80cb26ec023fd59cf09bc26f1604" "/opt/rustwide/cargo-home/bin/cargo" "+beta-2021-10-15" "check" "--frozen" "--all" "--all-targets" "--message-format=json", kill_on_drop: false }`
[INFO] [stdout] 109039b287ad380478b9e54212cc681c79c277732e363a1daade0efbc32626b1
[INFO] [stderr] WARNING: Your kernel does not support swap limit capabilities or the cgroup is not mounted. Memory limited without swap.
[INFO] running `Command { std: "docker" "start" "-a" "109039b287ad380478b9e54212cc681c79c277732e363a1daade0efbc32626b1", kill_on_drop: false }`
[INFO] [stderr]    Compiling libc v0.2.77
[INFO] [stderr]    Compiling syn v1.0.41
[INFO] [stderr]    Compiling cc v1.0.60
[INFO] [stderr]    Compiling pkg-config v0.3.18
[INFO] [stderr]     Checking itoa v0.4.6
[INFO] [stderr]     Checking arc-swap v0.4.7
[INFO] [stderr]    Compiling adler v0.2.3
[INFO] [stderr]    Compiling gimli v0.22.0
[INFO] [stderr]    Compiling adler32 v1.2.0
[INFO] [stderr]    Compiling object v0.20.0
[INFO] [stderr]    Compiling curl v0.4.33
[INFO] [stderr]    Compiling rustc-demangle v0.1.16
[INFO] [stderr]    Compiling openssl-probe v0.1.2
[INFO] [stderr]     Checking futures-task v0.3.5
[INFO] [stderr]    Compiling rayon-core v1.8.1
[INFO] [stderr]     Checking rawpointer v0.2.1
[INFO] [stderr]    Compiling ndarray v0.13.1
[INFO] [stderr]    Compiling protobuf v2.14.0
[INFO] [stderr]    Compiling encoding_rs v0.8.24
[INFO] [stderr]     Checking dtoa v0.4.6
[INFO] [stderr]     Checking ahash v0.3.8
[INFO] [stderr]    Compiling rust_tokenizers v5.0.0
[INFO] [stderr]     Checking regex-syntax v0.6.18
[INFO] [stderr]     Checking strum v0.16.0
[INFO] [stderr]    Compiling num-traits v0.2.12
[INFO] [stderr]    Compiling miniz_oxide v0.4.2
[INFO] [stderr]    Compiling num-integer v0.1.43
[INFO] [stderr]    Compiling num-complex v0.2.4
[INFO] [stderr]    Compiling hashbrown v0.7.2
[INFO] [stderr]    Compiling rayon v1.4.0
[INFO] [stderr]     Checking tracing-core v0.1.16
[INFO] [stderr]     Checking futures-channel v0.3.5
[INFO] [stderr]     Checking unicode-normalization v0.1.13
[INFO] [stderr]     Checking matrixmultiply v0.2.3
[INFO] [stderr]    Compiling miniz_oxide v0.3.7
[INFO] [stderr]     Checking http v0.2.1
[INFO] [stderr]     Checking unicode-normalization-alignments v0.1.12
[INFO] [stderr]    Compiling byteorder v1.3.4
[INFO] [stderr]    Compiling crc32fast v1.2.0
[INFO] [stderr]    Compiling cmake v0.1.44
[INFO] [stderr]     Checking csv-core v0.1.10
[INFO] [stderr]     Checking aho-corasick v0.7.13
[INFO] [stderr]     Checking quick-xml v0.18.1
[INFO] [stderr]     Checking want v0.3.0
[INFO] [stderr]     Checking regex-automata v0.1.9
[INFO] [stderr]     Checking tracing v0.1.19
[INFO] [stderr]     Checking crossbeam-channel v0.4.4
[INFO] [stderr]     Checking idna v0.2.0
[INFO] [stderr]     Checking crossbeam-deque v0.7.3
[INFO] [stderr]    Compiling openssl-sys v0.9.58
[INFO] [stderr]    Compiling bzip2-sys v0.1.9+1.0.8
[INFO] [stderr]    Compiling libz-sys v1.1.2
[INFO] [stderr]    Compiling curl-sys v0.4.36+curl-7.71.1
[INFO] [stderr]    Compiling time v0.1.44
[INFO] [stderr]    Compiling flate2 v1.0.14
[INFO] [stderr]    Compiling socket2 v0.3.15
[INFO] [stderr]     Checking num_cpus v1.13.0
[INFO] [stderr]     Checking iovec v0.1.4
[INFO] [stderr]     Checking net2 v0.2.35
[INFO] [stderr]     Checking signal-hook-registry v1.2.1
[INFO] [stderr]     Checking getrandom v0.1.15
[INFO] [stderr]     Checking atty v0.2.14
[INFO] [stderr]     Checking dirs-sys v0.3.5
[INFO] [stderr]     Checking regex v1.3.9
[INFO] [stderr]     Checking url v2.1.1
[INFO] [stderr]     Checking ordered-float v2.0.0
[INFO] [stderr]    Compiling addr2line v0.13.0
[INFO] [stderr]     Checking http-body v0.3.1
[INFO] [stderr]     Checking mio v0.6.22
[INFO] [stderr]     Checking rand_core v0.5.1
[INFO] [stderr]     Checking clap v2.33.3
[INFO] [stderr]     Checking dirs v3.0.1
[INFO] [stderr]    Compiling backtrace v0.3.50
[INFO] [stderr]     Checking rand_chacha v0.2.2
[INFO] [stderr]     Checking chrono v0.4.15
[INFO] [stderr]    Compiling openssl v0.10.30
[INFO] [stderr]    Compiling native-tls v0.2.4
[INFO] [stderr]     Checking rand v0.7.3
[INFO] [stderr]    Compiling bzip2 v0.3.3
[INFO] [stderr]     Checking mio-uds v0.6.8
[INFO] [stderr]     Checking uuid v0.8.1
[INFO] [stderr]    Compiling synstructure v0.12.4
[INFO] [stderr]    Compiling serde_derive v1.0.116
[INFO] [stderr]    Compiling thiserror-impl v1.0.20
[INFO] [stderr]    Compiling tokio-macros v0.2.5
[INFO] [stderr]    Compiling pin-project-internal v0.4.23
[INFO] [stderr]    Compiling failure_derive v0.1.8
[INFO] [stderr]    Compiling strum_macros v0.16.0
[INFO] [stderr]     Checking tokio v0.2.22
[INFO] [stderr]    Compiling failure v0.1.8
[INFO] [stderr]    Compiling thiserror v1.0.20
[INFO] [stderr]     Checking zip v0.5.8
[INFO] [stderr]     Checking pin-project v0.4.23
[INFO] [stderr]     Checking futures-util v0.3.5
[INFO] [stderr]    Compiling torch-sys v0.2.0
[INFO] [stderr]     Checking tokio-util v0.3.1
[INFO] [stderr]     Checking tokio-tls v0.3.1
[INFO] [stderr]     Checking serde v1.0.116
[INFO] [stderr] error: failed to run custom build command for `torch-sys v0.2.0`
[INFO] [stderr] 
[INFO] [stderr] Caused by:
[INFO] [stderr]   process didn't exit successfully: `/opt/rustwide/target/debug/build/torch-sys-e62cacd33d340404/build-script-build` (exit status: 101)
[INFO] [stderr]   --- stdout
[INFO] [stderr]   cargo:rerun-if-env-changed=TORCH_CUDA_VERSION
[INFO] [stderr]   cargo:rerun-if-env-changed=LIBTORCH
[INFO] [stderr] 
[INFO] [stderr]   --- stderr
[INFO] [stderr]   thread 'main' panicked at 'called `Result::unwrap()` on an `Err` value: Error { description: "Couldn't resolve host name", code: 6, extra: None }
[INFO] [stderr] 
[INFO] [stderr]      0: failure::backtrace::internal::InternalBacktrace::new
[INFO] [stderr]                at /opt/rustwide/cargo-home/registry/src/github.com-1ecc6299db9ec823/failure-0.1.8/src/backtrace/internal.rs:46
[INFO] [stderr]      1: failure::backtrace::Backtrace::new
[INFO] [stderr]                at /opt/rustwide/cargo-home/registry/src/github.com-1ecc6299db9ec823/failure-0.1.8/src/backtrace/mod.rs:121
[INFO] [stderr]      2: <failure::error::error_impl::ErrorImpl as core::convert::From<F>>::from
[INFO] [stderr]                at /opt/rustwide/cargo-home/registry/src/github.com-1ecc6299db9ec823/failure-0.1.8/src/error/error_impl.rs:19
[INFO] [stderr]      3: <failure::error::Error as core::convert::From<F>>::from
[INFO] [stderr]                at /opt/rustwide/cargo-home/registry/src/github.com-1ecc6299db9ec823/failure-0.1.8/src/error/mod.rs:36
[INFO] [stderr]      4: <core::result::Result<T,F> as core::ops::try_trait::FromResidual<core::result::Result<core::convert::Infallible,E>>>::from_residual
[INFO] [stderr]                at /rustc/58268ff091703ace98c3c2a8c5f2fb2c3aecace2/library/core/src/result.rs:1915
[INFO] [stderr]      5: build_script_build::download
[INFO] [stderr]                at build.rs:30
[INFO] [stderr]      6: build_script_build::prepare_libtorch_dir
[INFO] [stderr]                at build.rs:122
[INFO] [stderr]      7: build_script_build::main
[INFO] [stderr]                at build.rs:194
[INFO] [stderr]      8: core::ops::function::FnOnce::call_once
[INFO] [stderr]                at /rustc/58268ff091703ace98c3c2a8c5f2fb2c3aecace2/library/core/src/ops/function.rs:227
[INFO] [stderr]      9: std::sys_common::backtrace::__rust_begin_short_backtrace
[INFO] [stderr]                at /rustc/58268ff091703ace98c3c2a8c5f2fb2c3aecace2/library/std/src/sys_common/backtrace.rs:125
[INFO] [stderr]     10: std::rt::lang_start::{{closure}}
[INFO] [stderr]                at /rustc/58268ff091703ace98c3c2a8c5f2fb2c3aecace2/library/std/src/rt.rs:63
[INFO] [stderr]     11: core::ops::function::impls::<impl core::ops::function::FnOnce<A> for &F>::call_once
[INFO] [stderr]                at /rustc/58268ff091703ace98c3c2a8c5f2fb2c3aecace2/library/core/src/ops/function.rs:259
[INFO] [stderr]         std::panicking::try::do_call
[INFO] [stderr]                at /rustc/58268ff091703ace98c3c2a8c5f2fb2c3aecace2/library/std/src/panicking.rs:403
[INFO] [stderr]         std::panicking::try
[INFO] [stderr]                at /rustc/58268ff091703ace98c3c2a8c5f2fb2c3aecace2/library/std/src/panicking.rs:367
[INFO] [stderr]         std::panic::catch_unwind
[INFO] [stderr]                at /rustc/58268ff091703ace98c3c2a8c5f2fb2c3aecace2/library/std/src/panic.rs:129
[INFO] [stderr]         std::rt::lang_start_internal::{{closure}}
[INFO] [stderr]                at /rustc/58268ff091703ace98c3c2a8c5f2fb2c3aecace2/library/std/src/rt.rs:45
[INFO] [stderr]         std::panicking::try::do_call
[INFO] [stderr]                at /rustc/58268ff091703ace98c3c2a8c5f2fb2c3aecace2/library/std/src/panicking.rs:403
[INFO] [stderr]         std::panicking::try
[INFO] [stderr]                at /rustc/58268ff091703ace98c3c2a8c5f2fb2c3aecace2/library/std/src/panicking.rs:367
[INFO] [stderr]         std::panic::catch_unwind
[INFO] [stderr]                at /rustc/58268ff091703ace98c3c2a8c5f2fb2c3aecace2/library/std/src/panic.rs:129
[INFO] [stderr]         std::rt::lang_start_internal
[INFO] [stderr]                at /rustc/58268ff091703ace98c3c2a8c5f2fb2c3aecace2/library/std/src/rt.rs:45
[INFO] [stderr]     12: std::rt::lang_start
[INFO] [stderr]                at /rustc/58268ff091703ace98c3c2a8c5f2fb2c3aecace2/library/std/src/rt.rs:62
[INFO] [stderr]     13: main
[INFO] [stderr]     14: __libc_start_main
[INFO] [stderr]     15: _start
[INFO] [stderr]   ', /opt/rustwide/cargo-home/registry/src/github.com-1ecc6299db9ec823/torch-sys-0.2.0/build.rs:122:48
[INFO] [stderr]   stack backtrace:
[INFO] [stderr]      0:     0x561c1bd0b2ac - std::backtrace_rs::backtrace::libunwind::trace::h51faa62df48810e4
[INFO] [stderr]                                  at /rustc/58268ff091703ace98c3c2a8c5f2fb2c3aecace2/library/std/src/../../backtrace/src/backtrace/libunwind.rs:90:5
[INFO] [stderr]      1:     0x561c1bd0b2ac - std::backtrace_rs::backtrace::trace_unsynchronized::h91de4d8e16d607e4
[INFO] [stderr]                                  at /rustc/58268ff091703ace98c3c2a8c5f2fb2c3aecace2/library/std/src/../../backtrace/src/backtrace/mod.rs:66:5
[INFO] [stderr]      2:     0x561c1bd0b2ac - std::sys_common::backtrace::_print_fmt::h71b0935f97e4322c
[INFO] [stderr]                                  at /rustc/58268ff091703ace98c3c2a8c5f2fb2c3aecace2/library/std/src/sys_common/backtrace.rs:67:5
[INFO] [stderr]      3:     0x561c1bd0b2ac - <std::sys_common::backtrace::_print::DisplayBacktrace as core::fmt::Display>::fmt::h9a78218788c14e18
[INFO] [stderr]                                  at /rustc/58268ff091703ace98c3c2a8c5f2fb2c3aecace2/library/std/src/sys_common/backtrace.rs:46:22
[INFO] [stderr]      4:     0x561c1bd2d08c - core::fmt::write::h3381b3176fe2b3d3
[INFO] [stderr]                                  at /rustc/58268ff091703ace98c3c2a8c5f2fb2c3aecace2/library/core/src/fmt/mod.rs:1150:17
[INFO] [stderr]      5:     0x561c1bd075f5 - std::io::Write::write_fmt::h1d5220480c7a2437
[INFO] [stderr]                                  at /rustc/58268ff091703ace98c3c2a8c5f2fb2c3aecace2/library/std/src/io/mod.rs:1667:15
[INFO] [stderr]      6:     0x561c1bd0d380 - std::sys_common::backtrace::_print::h4b77abc4d907ed0e
[INFO] [stderr]                                  at /rustc/58268ff091703ace98c3c2a8c5f2fb2c3aecace2/library/std/src/sys_common/backtrace.rs:49:5
[INFO] [stderr]      7:     0x561c1bd0d380 - std::sys_common::backtrace::print::hb170c60b542377ad
[INFO] [stderr]                                  at /rustc/58268ff091703ace98c3c2a8c5f2fb2c3aecace2/library/std/src/sys_common/backtrace.rs:36:9
[INFO] [stderr]      8:     0x561c1bd0d380 - std::panicking::default_hook::{{closure}}::h12bbda9af8901ee3
[INFO] [stderr]                                  at /rustc/58268ff091703ace98c3c2a8c5f2fb2c3aecace2/library/std/src/panicking.rs:210:50
[INFO] [stderr]      9:     0x561c1bd0cf37 - std::panicking::default_hook::h8c6c66d3f3ba6768
[INFO] [stderr]                                  at /rustc/58268ff091703ace98c3c2a8c5f2fb2c3aecace2/library/std/src/panicking.rs:227:9
[INFO] [stderr]     10:     0x561c1bd0da34 - std::panicking::rust_panic_with_hook::h36f2fa0bb09f4069
[INFO] [stderr]                                  at /rustc/58268ff091703ace98c3c2a8c5f2fb2c3aecace2/library/std/src/panicking.rs:624:17
[INFO] [stderr]     11:     0x561c1bd0d510 - std::panicking::begin_panic_handler::{{closure}}::h9c42b65a42d06a7a
[INFO] [stderr]                                  at /rustc/58268ff091703ace98c3c2a8c5f2fb2c3aecace2/library/std/src/panicking.rs:521:13
[INFO] [stderr]     12:     0x561c1bd0b774 - std::sys_common::backtrace::__rust_end_short_backtrace::hc791bddfe31e532c
[INFO] [stderr]                                  at /rustc/58268ff091703ace98c3c2a8c5f2fb2c3aecace2/library/std/src/sys_common/backtrace.rs:141:18
[INFO] [stderr]     13:     0x561c1bd0d479 - rust_begin_unwind
[INFO] [stderr]                                  at /rustc/58268ff091703ace98c3c2a8c5f2fb2c3aecace2/library/std/src/panicking.rs:517:5
[INFO] [stderr]     14:     0x561c1bafc871 - core::panicking::panic_fmt::hf9de31d4acbce4db
[INFO] [stderr]                                  at /rustc/58268ff091703ace98c3c2a8c5f2fb2c3aecace2/library/core/src/panicking.rs:101:14
[INFO] [stderr]     15:     0x561c1bafc903 - core::result::unwrap_failed::ha0c84e81219e5878
[INFO] [stderr]                                  at /rustc/58268ff091703ace98c3c2a8c5f2fb2c3aecace2/library/core/src/result.rs:1617:5
[INFO] [stderr]     16:     0x561c1bb0edf8 - core::result::Result<T,E>::unwrap::hfcbac4be28c9eafc
[INFO] [stderr]                                  at /rustc/58268ff091703ace98c3c2a8c5f2fb2c3aecace2/library/core/src/result.rs:1299:23
[INFO] [stderr]     17:     0x561c1bb0135f - build_script_build::prepare_libtorch_dir::hfb678493216264de
[INFO] [stderr]                                  at /opt/rustwide/cargo-home/registry/src/github.com-1ecc6299db9ec823/torch-sys-0.2.0/build.rs:122:13
[INFO] [stderr]     18:     0x561c1bb02524 - build_script_build::main::h940a1f96d4144c65
[INFO] [stderr]                                  at /opt/rustwide/cargo-home/registry/src/github.com-1ecc6299db9ec823/torch-sys-0.2.0/build.rs:194:24
[INFO] [stderr]     19:     0x561c1bb030bb - core::ops::function::FnOnce::call_once::hc982240eab37ce7b
[INFO] [stderr]                                  at /rustc/58268ff091703ace98c3c2a8c5f2fb2c3aecace2/library/core/src/ops/function.rs:227:5
[INFO] [stderr]     20:     0x561c1bb06c3e - std::sys_common::backtrace::__rust_begin_short_backtrace::h042c9928edcbfc53
[INFO] [stderr]                                  at /rustc/58268ff091703ace98c3c2a8c5f2fb2c3aecace2/library/std/src/sys_common/backtrace.rs:125:18
[INFO] [stderr]     21:     0x561c1bb04771 - std::rt::lang_start::{{closure}}::h7222aefa2229fcd5
[INFO] [stderr]                                  at /rustc/58268ff091703ace98c3c2a8c5f2fb2c3aecace2/library/std/src/rt.rs:63:18
[INFO] [stderr]     22:     0x561c1bd0e03a - core::ops::function::impls::<impl core::ops::function::FnOnce<A> for &F>::call_once::hc590b210ed55e22f
[INFO] [stderr]                                  at /rustc/58268ff091703ace98c3c2a8c5f2fb2c3aecace2/library/core/src/ops/function.rs:259:13
[INFO] [stderr]     23:     0x561c1bd0e03a - std::panicking::try::do_call::h5f0600b7a33ea1af
[INFO] [stderr]                                  at /rustc/58268ff091703ace98c3c2a8c5f2fb2c3aecace2/library/std/src/panicking.rs:403:40
[INFO] [stderr]     24:     0x561c1bd0e03a - std::panicking::try::he15826df0f376a33
[INFO] [stderr]                                  at /rustc/58268ff091703ace98c3c2a8c5f2fb2c3aecace2/library/std/src/panicking.rs:367:19
[INFO] [stderr]     25:     0x561c1bd0e03a - std::panic::catch_unwind::hd8af3a578b6b4c86
[INFO] [stderr]                                  at /rustc/58268ff091703ace98c3c2a8c5f2fb2c3aecace2/library/std/src/panic.rs:129:14
[INFO] [stderr]     26:     0x561c1bd0e03a - std::rt::lang_start_internal::{{closure}}::h301d1329324ae1f0
[INFO] [stderr]                                  at /rustc/58268ff091703ace98c3c2a8c5f2fb2c3aecace2/library/std/src/rt.rs:45:48
[INFO] [stderr]     27:     0x561c1bd0e03a - std::panicking::try::do_call::h941e8fdb0bd03655
[INFO] [stderr]                                  at /rustc/58268ff091703ace98c3c2a8c5f2fb2c3aecace2/library/std/src/panicking.rs:403:40
[INFO] [stderr]     28:     0x561c1bd0e03a - std::panicking::try::ha20a77bf65530f63
[INFO] [stderr]                                  at /rustc/58268ff091703ace98c3c2a8c5f2fb2c3aecace2/library/std/src/panicking.rs:367:19
[INFO] [stderr]     29:     0x561c1bd0e03a - std::panic::catch_unwind::h33afc061cc69ef90
[INFO] [stderr]                                  at /rustc/58268ff091703ace98c3c2a8c5f2fb2c3aecace2/library/std/src/panic.rs:129:14
[INFO] [stderr]     30:     0x561c1bd0e03a - std::rt::lang_start_internal::hc05c244593147106
[INFO] [stderr]                                  at /rustc/58268ff091703ace98c3c2a8c5f2fb2c3aecace2/library/std/src/rt.rs:45:20
[INFO] [stderr]     31:     0x561c1bb04740 - std::rt::lang_start::h21e3da0108a861c9
[INFO] [stderr]                                  at /rustc/58268ff091703ace98c3c2a8c5f2fb2c3aecace2/library/std/src/rt.rs:62:5
[INFO] [stderr]     32:     0x561c1bb02d1c - main
[INFO] [stderr]     33:     0x7f8eee12d0b3 - __libc_start_main
[INFO] [stderr]     34:     0x561c1bafcffe - _start
[INFO] [stderr]     35:                0x0 - <unknown>
[INFO] [stderr] warning: build failed, waiting for other jobs to finish...
[INFO] [stderr] error: build failed
[INFO] running `Command { std: "docker" "inspect" "109039b287ad380478b9e54212cc681c79c277732e363a1daade0efbc32626b1", kill_on_drop: false }`
[INFO] running `Command { std: "docker" "rm" "-f" "109039b287ad380478b9e54212cc681c79c277732e363a1daade0efbc32626b1", kill_on_drop: false }`
[INFO] [stdout] 109039b287ad380478b9e54212cc681c79c277732e363a1daade0efbc32626b1
