[INFO] fetching crate datafusion 5.0.0...
[INFO] checking datafusion-5.0.0 against 1.55.0 for beta-1.56-3
[INFO] extracting crate datafusion 5.0.0 into /workspace/builds/worker-71/source
[INFO] validating manifest of crates.io crate datafusion 5.0.0 on toolchain 1.55.0
[INFO] running `Command { std: "/workspace/cargo-home/bin/cargo" "+1.55.0" "metadata" "--manifest-path" "Cargo.toml" "--no-deps", kill_on_drop: false }`
[INFO] started tweaking crates.io crate datafusion 5.0.0
[INFO] finished tweaking crates.io crate datafusion 5.0.0
[INFO] tweaked toml for crates.io crate datafusion 5.0.0 written to /workspace/builds/worker-71/source/Cargo.toml
[INFO] running `Command { std: "/workspace/cargo-home/bin/cargo" "+1.55.0" "generate-lockfile" "--manifest-path" "Cargo.toml" "-Zno-index-update", kill_on_drop: false }`
[INFO] running `Command { std: "/workspace/cargo-home/bin/cargo" "+1.55.0" "fetch" "--manifest-path" "Cargo.toml", kill_on_drop: false }`
[INFO] [stderr]     Blocking waiting for file lock on package cache
[INFO] [stderr]     Blocking waiting for file lock on package cache
[INFO] running `Command { std: "docker" "create" "-v" "/var/lib/crater-agent-workspace/builds/worker-71/target:/opt/rustwide/target:rw,Z" "-v" "/var/lib/crater-agent-workspace/builds/worker-71/source:/opt/rustwide/workdir:ro,Z" "-v" "/var/lib/crater-agent-workspace/cargo-home:/opt/rustwide/cargo-home:ro,Z" "-v" "/var/lib/crater-agent-workspace/rustup-home:/opt/rustwide/rustup-home:ro,Z" "-e" "SOURCE_DIR=/opt/rustwide/workdir" "-e" "CARGO_TARGET_DIR=/opt/rustwide/target" "-e" "CARGO_HOME=/opt/rustwide/cargo-home" "-e" "RUSTUP_HOME=/opt/rustwide/rustup-home" "-w" "/opt/rustwide/workdir" "-m" "1610612736" "--user" "0:0" "--network" "none" "ghcr.io/rust-lang/crates-build-env/linux@sha256:a89201d6b5b9fd45c15d5952ece0a0129e7e80cb26ec023fd59cf09bc26f1604" "/opt/rustwide/cargo-home/bin/cargo" "+1.55.0" "metadata" "--no-deps" "--format-version=1", kill_on_drop: false }`
[INFO] [stdout] 1ee98ec0ea541ecdfe142fecbbf5c8874f34f121aa4cf9dd67064e8292f46a76
[INFO] running `Command { std: "docker" "start" "-a" "1ee98ec0ea541ecdfe142fecbbf5c8874f34f121aa4cf9dd67064e8292f46a76", kill_on_drop: false }`
[INFO] running `Command { std: "docker" "inspect" "1ee98ec0ea541ecdfe142fecbbf5c8874f34f121aa4cf9dd67064e8292f46a76", kill_on_drop: false }`
[INFO] running `Command { std: "docker" "rm" "-f" "1ee98ec0ea541ecdfe142fecbbf5c8874f34f121aa4cf9dd67064e8292f46a76", kill_on_drop: false }`
[INFO] [stdout] 1ee98ec0ea541ecdfe142fecbbf5c8874f34f121aa4cf9dd67064e8292f46a76
[INFO] running `Command { std: "docker" "create" "-v" "/var/lib/crater-agent-workspace/builds/worker-71/target:/opt/rustwide/target:rw,Z" "-v" "/var/lib/crater-agent-workspace/builds/worker-71/source:/opt/rustwide/workdir:ro,Z" "-v" "/var/lib/crater-agent-workspace/cargo-home:/opt/rustwide/cargo-home:ro,Z" "-v" "/var/lib/crater-agent-workspace/rustup-home:/opt/rustwide/rustup-home:ro,Z" "-e" "SOURCE_DIR=/opt/rustwide/workdir" "-e" "CARGO_TARGET_DIR=/opt/rustwide/target" "-e" "CARGO_INCREMENTAL=0" "-e" "RUST_BACKTRACE=full" "-e" "RUSTFLAGS=--cap-lints=warn" "-e" "CARGO_HOME=/opt/rustwide/cargo-home" "-e" "RUSTUP_HOME=/opt/rustwide/rustup-home" "-w" "/opt/rustwide/workdir" "-m" "1610612736" "--user" "0:0" "--network" "none" "ghcr.io/rust-lang/crates-build-env/linux@sha256:a89201d6b5b9fd45c15d5952ece0a0129e7e80cb26ec023fd59cf09bc26f1604" "/opt/rustwide/cargo-home/bin/cargo" "+1.55.0" "check" "--frozen" "--all" "--all-targets" "--message-format=json", kill_on_drop: false }`
[INFO] [stdout] 678a5591b200f39091d5c926b863851213e5407433d5a102c2625bde3a153c65
[INFO] running `Command { std: "docker" "start" "-a" "678a5591b200f39091d5c926b863851213e5407433d5a102c2625bde3a153c65", kill_on_drop: false }`
[INFO] [stderr]     Blocking waiting for file lock on package cache
[INFO] [stderr]    Compiling autocfg v1.0.1
[INFO] [stderr]    Compiling syn v1.0.80
[INFO] [stderr]     Checking lazy_static v1.4.0
[INFO] [stderr]    Compiling serde v1.0.130
[INFO] [stderr]     Checking once_cell v1.8.0
[INFO] [stderr]    Compiling crossbeam-utils v0.8.5
[INFO] [stderr]    Compiling futures-core v0.3.17
[INFO] [stderr]    Compiling typenum v1.14.0
[INFO] [stderr]    Compiling semver v1.0.4
[INFO] [stderr]     Checking itoa v0.4.8
[INFO] [stderr]     Checking regex-automata v0.1.10
[INFO] [stderr]    Compiling serde_json v1.0.68
[INFO] [stderr]    Compiling proc-macro-hack v0.5.19
[INFO] [stderr]    Compiling log v0.4.14
[INFO] [stderr]     Checking byteorder v1.4.3
[INFO] [stderr]    Compiling futures-channel v0.3.17
[INFO] [stderr]     Checking pin-project-lite v0.2.7
[INFO] [stderr]    Compiling futures-task v0.3.17
[INFO] [stderr]    Compiling crossbeam-epoch v0.9.5
[INFO] [stderr]    Compiling proc-macro-nested v0.1.7
[INFO] [stderr]    Compiling zstd-safe v4.1.1+zstd.1.5.0
[INFO] [stderr]     Checking alloc-no-stdlib v2.0.3
[INFO] [stderr]     Checking regex-syntax v0.6.25
[INFO] [stderr]     Checking futures-sink v0.3.17
[INFO] [stderr]    Compiling rayon-core v1.9.1
[INFO] [stderr]     Checking scopeguard v1.1.0
[INFO] [stderr]    Compiling crc32fast v1.2.1
[INFO] [stderr]    Compiling lexical-core v0.7.6
[INFO] [stderr]     Checking arrayvec v0.5.2
[INFO] [stderr]     Checking encode_unicode v0.3.6
[INFO] [stderr]     Checking integer-encoding v1.1.7
[INFO] [stderr]     Checking adler v1.0.2
[INFO] [stderr]     Checking static_assertions v1.1.0
[INFO] [stderr]     Checking slab v0.4.5
[INFO] [stderr]    Compiling snap v1.0.5
[INFO] [stderr]     Checking futures-io v0.3.17
[INFO] [stderr]     Checking pin-utils v0.1.0
[INFO] [stderr]     Checking smallvec v1.7.0
[INFO] [stderr]     Checking either v1.6.1
[INFO] [stderr]    Compiling parquet v5.5.0
[INFO] [stderr]     Checking hex v0.4.3
[INFO] [stderr]    Compiling async-trait v0.1.51
[INFO] [stderr]     Checking opaque-debug v0.3.0
[INFO] [stderr]     Checking plotters-backend v0.3.2
[INFO] [stderr]     Checking cpufeatures v0.2.1
[INFO] [stderr]     Checking base64 v0.13.0
[INFO] [stderr]     Checking half v1.8.0
[INFO] [stderr]    Compiling doc-comment v0.3.3
[INFO] [stderr]     Checking unicode-segmentation v1.8.0
[INFO] [stderr]     Checking oorandom v11.1.3
[INFO] [stderr]    Compiling paste v1.0.5
[INFO] [stderr]    Compiling ahash v0.7.6
[INFO] [stderr]    Compiling generic-array v0.14.4
[INFO] [stderr]    Compiling libc v0.2.103
[INFO] [stderr]     Checking clap v2.33.3
[INFO] [stderr]     Checking num_cpus v1.13.0
[INFO] [stderr]     Checking csv-core v0.1.10
[INFO] [stderr]     Checking aho-corasick v0.7.18
[INFO] [stderr]     Checking dirs v1.0.5
[INFO] [stderr]     Checking atty v0.2.14
[INFO] [stderr]     Checking time v0.1.43
[INFO] [stderr]     Checking itertools v0.10.1
[INFO] [stderr]     Checking alloc-stdlib v0.2.1
[INFO] [stderr]     Checking threadpool v1.8.1
[INFO] [stderr]     Checking term v0.5.2
[INFO] [stderr]    Compiling num-traits v0.2.14
[INFO] [stderr]    Compiling num-integer v0.1.44
[INFO] [stderr]    Compiling indexmap v1.7.0
[INFO] [stderr]    Compiling memoffset v0.6.4
[INFO] [stderr]    Compiling num-bigint v0.4.2
[INFO] [stderr]    Compiling num-iter v0.1.42
[INFO] [stderr]    Compiling futures-macro v0.3.17
[INFO] [stderr]    Compiling num-rational v0.4.0
[INFO] [stderr]    Compiling miniz_oxide v0.4.4
[INFO] [stderr]    Compiling futures-util v0.3.17
[INFO] [stderr]    Compiling tokio v1.12.0
[INFO] [stderr]    Compiling rayon v1.5.1
[INFO] [stderr]     Checking plotters-svg v0.3.1
[INFO] [stderr]    Compiling jobserver v0.1.24
[INFO] [stderr]     Checking brotli-decompressor v2.3.2
[INFO] [stderr]    Compiling cc v1.0.71
[INFO] [stderr]     Checking sqlparser v0.9.0
[INFO] [stderr]     Checking hashbrown v0.11.2
[INFO] [stderr]     Checking regex v1.5.4
[INFO] [stderr]     Checking crossbeam-channel v0.5.1
[INFO] [stderr]    Compiling rustc_version v0.4.0
[INFO] [stderr]     Checking crossbeam-deque v0.8.1
[INFO] [stderr]    Compiling cast v0.2.7
[INFO] [stderr]     Checking brotli v3.3.2
[INFO] [stderr]     Checking flate2 v1.0.22
[INFO] [stderr]    Compiling zstd-sys v1.6.1+zstd.1.5.0
[INFO] [stderr]    Compiling lz4-sys v1.9.2
[INFO] [stderr]     Checking num-complex v0.4.0
[INFO] [stderr]     Checking ordered-float v1.1.1
[INFO] [stderr]     Checking plotters v0.3.1
[INFO] [stderr]     Checking ordered-float v2.8.0
[INFO] [stderr]     Checking digest v0.9.0
[INFO] [stderr]     Checking block-buffer v0.9.0
[INFO] [stderr]     Checking thrift v0.13.0
[INFO] [stderr]     Checking sha2 v0.9.8
[INFO] [stderr]     Checking md-5 v0.9.1
[INFO] [stderr]     Checking criterion-plot v0.4.4
[INFO] [stderr]     Checking chrono v0.4.19
[INFO] [stderr]     Checking bstr v0.2.17
[INFO] [stderr]     Checking serde_cbor v0.11.2
[INFO] [stderr]     Checking parquet-format v2.6.1
[INFO] [stderr]     Checking num v0.4.0
[INFO] [stderr]     Checking csv v1.1.6
[INFO] [stderr]     Checking tinytemplate v1.2.1
[INFO] [stderr]     Checking prettytable-rs v0.8.0
[INFO] [stderr]    Compiling thiserror-impl v1.0.30
[INFO] [stderr]    Compiling multiversion-macros v0.6.1
[INFO] [stderr]    Compiling serde_derive v1.0.130
[INFO] [stderr]    Compiling tokio-macros v1.5.0
[INFO] [stderr]     Checking lz4 v1.23.2
[INFO] [stderr]     Checking multiversion v0.6.1
[INFO] [stderr]     Checking thiserror v1.0.30
[INFO] [stderr]     Checking flatbuffers v2.0.0
[INFO] [stderr]     Checking tokio-stream v0.1.7
[INFO] [stderr]     Checking futures-executor v0.3.17
[INFO] [stderr]     Checking futures v0.3.17
[INFO] [stderr]     Checking arrow v5.5.0
[INFO] [stderr]     Checking criterion v0.3.5
[INFO] [stderr]     Checking zstd v0.9.0+zstd.1.5.0
[INFO] [stderr]     Checking datafusion v5.0.0 (/opt/rustwide/workdir)
[INFO] [stdout] error[E0583]: file not found for module `data_utils`
[INFO] [stdout]   --> benches/window_query_sql.rs:23:1
[INFO] [stdout]    |
[INFO] [stdout] 23 | mod data_utils;
[INFO] [stdout]    | ^^^^^^^^^^^^^^^
[INFO] [stdout]    |
[INFO] [stdout]    = help: to create the module `data_utils`, create file "benches/data_utils.rs" or "benches/data_utils/mod.rs"
[INFO] [stdout] 
[INFO] [stdout] 
[INFO] [stdout] error[E0583]: file not found for module `data_utils`
[INFO] [stdout]   --> benches/aggregate_query_sql.rs:23:1
[INFO] [stdout]    |
[INFO] [stdout] 23 | mod data_utils;
[INFO] [stdout]    | ^^^^^^^^^^^^^^^
[INFO] [stdout]    |
[INFO] [stdout]    = help: to create the module `data_utils`, create file "benches/data_utils.rs" or "benches/data_utils/mod.rs"
[INFO] [stdout] 
[INFO] [stdout] 
[INFO] [stdout] error[E0432]: unresolved import `data_utils::create_table_provider`
[INFO] [stdout]   --> benches/window_query_sql.rs:25:5
[INFO] [stdout]    |
[INFO] [stdout] 25 | use data_utils::create_table_provider;
[INFO] [stdout]    |     ^^^^^^^^^^^^^^^^^^^^^^^^^^^^^^^^^ no `create_table_provider` in `data_utils`
[INFO] [stdout] 
[INFO] [stdout] 
[INFO] [stdout] error[E0432]: unresolved import `data_utils::create_table_provider`
[INFO] [stdout]   --> benches/aggregate_query_sql.rs:25:5
[INFO] [stdout]    |
[INFO] [stdout] 25 | use data_utils::create_table_provider;
[INFO] [stdout]    |     ^^^^^^^^^^^^^^^^^^^^^^^^^^^^^^^^^ no `create_table_provider` in `data_utils`
[INFO] [stdout] 
[INFO] [stdout] 
[INFO] [stdout] error: aborting due to 2 previous errors
[INFO] [stdout] 
[INFO] [stdout] 
[INFO] [stdout] Some errors have detailed explanations: E0432, E0583.
[INFO] [stdout] 
[INFO] [stderr] error: could not compile `datafusion` due to 3 previous errors
[INFO] [stdout] For more information about an error, try `rustc --explain E0432`.
[INFO] [stdout] 
[INFO] [stderr] warning: build failed, waiting for other jobs to finish...
[INFO] [stdout] error: aborting due to 2 previous errors
[INFO] [stdout] 
[INFO] [stdout] 
[INFO] [stdout] Some errors have detailed explanations: E0432, E0583.
[INFO] [stdout] 
[INFO] [stdout] For more information about an error, try `rustc --explain E0432`.
[INFO] [stdout] 
[INFO] [stderr] error: build failed
[INFO] running `Command { std: "docker" "inspect" "678a5591b200f39091d5c926b863851213e5407433d5a102c2625bde3a153c65", kill_on_drop: false }`
[INFO] running `Command { std: "docker" "rm" "-f" "678a5591b200f39091d5c926b863851213e5407433d5a102c2625bde3a153c65", kill_on_drop: false }`
[INFO] [stdout] 678a5591b200f39091d5c926b863851213e5407433d5a102c2625bde3a153c65
