[INFO] fetching crate dashmap-shard 0.1.1...
[INFO] checking dashmap-shard-0.1.1 against beta-2021-10-15 for beta-1.56-3
[INFO] extracting crate dashmap-shard 0.1.1 into /workspace/builds/worker-18/source
[INFO] validating manifest of crates.io crate dashmap-shard 0.1.1 on toolchain beta-2021-10-15
[INFO] running `Command { std: "/workspace/cargo-home/bin/cargo" "+beta-2021-10-15" "metadata" "--manifest-path" "Cargo.toml" "--no-deps", kill_on_drop: false }`
[INFO] started tweaking crates.io crate dashmap-shard 0.1.1
[INFO] finished tweaking crates.io crate dashmap-shard 0.1.1
[INFO] tweaked toml for crates.io crate dashmap-shard 0.1.1 written to /workspace/builds/worker-18/source/Cargo.toml
[INFO] running `Command { std: "/workspace/cargo-home/bin/cargo" "+beta-2021-10-15" "generate-lockfile" "--manifest-path" "Cargo.toml" "-Zno-index-update", kill_on_drop: false }`
[INFO] running `Command { std: "/workspace/cargo-home/bin/cargo" "+beta-2021-10-15" "fetch" "--manifest-path" "Cargo.toml", kill_on_drop: false }`
[INFO] [stderr]     Blocking waiting for file lock on package cache
[INFO] running `Command { std: "docker" "create" "-v" "/var/lib/crater-agent-workspace/builds/worker-18/target:/opt/rustwide/target:rw,Z" "-v" "/var/lib/crater-agent-workspace/builds/worker-18/source:/opt/rustwide/workdir:ro,Z" "-v" "/var/lib/crater-agent-workspace/cargo-home:/opt/rustwide/cargo-home:ro,Z" "-v" "/var/lib/crater-agent-workspace/rustup-home:/opt/rustwide/rustup-home:ro,Z" "-e" "SOURCE_DIR=/opt/rustwide/workdir" "-e" "CARGO_TARGET_DIR=/opt/rustwide/target" "-e" "CARGO_HOME=/opt/rustwide/cargo-home" "-e" "RUSTUP_HOME=/opt/rustwide/rustup-home" "-w" "/opt/rustwide/workdir" "-m" "1610612736" "--user" "0:0" "--network" "none" "ghcr.io/rust-lang/crates-build-env/linux@sha256:a89201d6b5b9fd45c15d5952ece0a0129e7e80cb26ec023fd59cf09bc26f1604" "/opt/rustwide/cargo-home/bin/cargo" "+beta-2021-10-15" "metadata" "--no-deps" "--format-version=1", kill_on_drop: false }`
[INFO] [stdout] ac8c92a70c8bcf7fe83a499db47f6c617242ef936bce762ed18f2287a7a4b757
[INFO] running `Command { std: "docker" "start" "-a" "ac8c92a70c8bcf7fe83a499db47f6c617242ef936bce762ed18f2287a7a4b757", kill_on_drop: false }`
[INFO] running `Command { std: "docker" "inspect" "ac8c92a70c8bcf7fe83a499db47f6c617242ef936bce762ed18f2287a7a4b757", kill_on_drop: false }`
[INFO] running `Command { std: "docker" "rm" "-f" "ac8c92a70c8bcf7fe83a499db47f6c617242ef936bce762ed18f2287a7a4b757", kill_on_drop: false }`
[INFO] [stdout] ac8c92a70c8bcf7fe83a499db47f6c617242ef936bce762ed18f2287a7a4b757
[INFO] running `Command { std: "docker" "create" "-v" "/var/lib/crater-agent-workspace/builds/worker-18/target:/opt/rustwide/target:rw,Z" "-v" "/var/lib/crater-agent-workspace/builds/worker-18/source:/opt/rustwide/workdir:ro,Z" "-v" "/var/lib/crater-agent-workspace/cargo-home:/opt/rustwide/cargo-home:ro,Z" "-v" "/var/lib/crater-agent-workspace/rustup-home:/opt/rustwide/rustup-home:ro,Z" "-e" "SOURCE_DIR=/opt/rustwide/workdir" "-e" "CARGO_TARGET_DIR=/opt/rustwide/target" "-e" "CARGO_INCREMENTAL=0" "-e" "RUST_BACKTRACE=full" "-e" "RUSTFLAGS=--cap-lints=warn" "-e" "CARGO_HOME=/opt/rustwide/cargo-home" "-e" "RUSTUP_HOME=/opt/rustwide/rustup-home" "-w" "/opt/rustwide/workdir" "-m" "1610612736" "--user" "0:0" "--network" "none" "ghcr.io/rust-lang/crates-build-env/linux@sha256:a89201d6b5b9fd45c15d5952ece0a0129e7e80cb26ec023fd59cf09bc26f1604" "/opt/rustwide/cargo-home/bin/cargo" "+beta-2021-10-15" "check" "--frozen" "--all" "--all-targets" "--message-format=json", kill_on_drop: false }`
[INFO] [stdout] 4f1ce5469f2be44b4b8401e21b8a73fb0a736bacde7f47365eb182cbfa0d4f15
[INFO] running `Command { std: "docker" "start" "-a" "4f1ce5469f2be44b4b8401e21b8a73fb0a736bacde7f47365eb182cbfa0d4f15", kill_on_drop: false }`
[INFO] [stderr]     Blocking waiting for file lock on package cache
[INFO] [stderr]    Compiling crunchy v0.2.2
[INFO] [stderr]    Compiling crossbeam-utils v0.8.5
[INFO] [stderr]    Compiling tiny-keccak v2.0.2
[INFO] [stderr]    Compiling crossbeam-epoch v0.9.5
[INFO] [stderr]    Compiling rayon-core v1.9.1
[INFO] [stderr]    Compiling lazy_static v1.4.0
[INFO] [stderr]    Compiling autocfg v0.1.7
[INFO] [stderr]    Compiling doc-comment v0.3.3
[INFO] [stderr]     Checking rustc-hash v1.1.0
[INFO] [stderr]    Compiling memoffset v0.6.4
[INFO] [stderr]    Compiling libc v0.2.103
[INFO] [stderr]    Compiling rayon v1.5.1
[INFO] [stderr]     Checking serde_test v1.0.130
[INFO] [stderr]    Compiling dashmap-shard v0.1.1 (/opt/rustwide/workdir)
[INFO] [stderr]    Compiling getrandom v0.2.3
[INFO] [stderr]     Checking crossbeam-channel v0.5.1
[INFO] [stderr]    Compiling const-random-macro v0.1.13
[INFO] [stderr]     Checking crossbeam-deque v0.8.1
[INFO] [stderr]     Checking const-random v0.1.13
[INFO] [stderr]     Checking ahash v0.2.19
[INFO] [stdout] warning: unnecessary trailing semicolon
[INFO] [stdout]   --> src/raw/sse2.rs:36:10
[INFO] [stdout]    |
[INFO] [stdout] 36 |         };
[INFO] [stdout]    |          ^ help: remove this semicolon
[INFO] [stdout]    |
[INFO] [stdout]    = note: `#[warn(redundant_semicolons)]` on by default
[INFO] [stdout] 
[INFO] [stdout] 
[INFO] [stdout] warning: unnecessary parentheses around type
[INFO] [stdout]     --> src/map.rs:1953:34
[INFO] [stdout]      |
[INFO] [stdout] 1953 |     fn next(&mut self) -> Option<(&'a K)> {
[INFO] [stdout]      |                                  ^^^^^^^ help: remove these parentheses
[INFO] [stdout]      |
[INFO] [stdout]      = note: `#[warn(unused_parens)]` on by default
[INFO] [stdout] 
[INFO] [stdout] 
[INFO] [stdout] warning: unnecessary parentheses around type
[INFO] [stdout]     --> src/map.rs:1973:34
[INFO] [stdout]      |
[INFO] [stdout] 1973 |     fn next(&mut self) -> Option<(&'a V)> {
[INFO] [stdout]      |                                  ^^^^^^^ help: remove these parentheses
[INFO] [stdout] 
[INFO] [stdout] 
[INFO] [stdout] warning: unnecessary parentheses around type
[INFO] [stdout]     --> src/map.rs:1993:34
[INFO] [stdout]      |
[INFO] [stdout] 1993 |     fn next(&mut self) -> Option<(&'a mut V)> {
[INFO] [stdout]      |                                  ^^^^^^^^^^^ help: remove these parentheses
[INFO] [stdout] 
[INFO] [stdout] 
[INFO] [stdout] warning: missing documentation for an associated function
[INFO] [stdout]    --> src/map.rs:762:5
[INFO] [stdout]     |
[INFO] [stdout] 762 | /     pub fn get_hash_nocheck_key_value<Q: ?Sized>(&self, hash: u64, k: &Q) -> Option<(&K, &V)>
[INFO] [stdout] 763 | |     where
[INFO] [stdout] 764 | |         K: Borrow<Q>,
[INFO] [stdout] 765 | |         Q: Hash + Eq,
[INFO] [stdout] ...   |
[INFO] [stdout] 772 | |             })
[INFO] [stdout] 773 | |     }
[INFO] [stdout]     | |_____^
[INFO] [stdout]     |
[INFO] [stdout] note: the lint level is defined here
[INFO] [stdout]    --> src/lib.rs:25:9
[INFO] [stdout]     |
[INFO] [stdout] 25  | #![warn(missing_docs)]
[INFO] [stdout]     |         ^^^^^^^^^^^^
[INFO] [stdout] 
[INFO] [stdout] 
[INFO] [stdout] warning: 5 warnings emitted
[INFO] [stdout] 
[INFO] [stdout] 
[INFO] [stdout] error[E0432]: unresolved import `hashbrown`
[INFO] [stdout]  --> tests/set.rs:3:5
[INFO] [stdout]   |
[INFO] [stdout] 3 | use hashbrown::HashSet;
[INFO] [stdout]   |     ^^^^^^^^^ use of undeclared crate or module `hashbrown`
[INFO] [stdout] 
[INFO] [stdout] 
[INFO] [stdout] error: aborting due to previous error
[INFO] [stdout] 
[INFO] [stdout] 
[INFO] [stdout] For more information about this error, try `rustc --explain E0432`.
[INFO] [stdout] 
[INFO] [stdout] error[E0432]: unresolved import `hashbrown`
[INFO] [stdout]  --> tests/hasher.rs:5:5
[INFO] [stdout]   |
[INFO] [stdout] 5 | use hashbrown::HashSet;
[INFO] [stdout]   |     ^^^^^^^^^ use of undeclared crate or module `hashbrown`
[INFO] [stdout] 
[INFO] [stdout] 
[INFO] [stdout] error[E0433]: failed to resolve: use of undeclared crate or module `hashbrown`
[INFO] [stdout]   --> tests/hasher.rs:26:13
[INFO] [stdout]    |
[INFO] [stdout] 26 |     check::<hashbrown::hash_map::DefaultHashBuilder>();
[INFO] [stdout]    |             ^^^^^^^^^ use of undeclared crate or module `hashbrown`
[INFO] [stdout] 
[INFO] [stdout] 
[INFO] [stdout] error[E0433]: failed to resolve: use of undeclared crate or module `hashbrown`
[INFO] [stdout]   --> benches/bench.rs:11:5
[INFO] [stdout]    |
[INFO] [stdout] 11 | use hashbrown::hash_map::DefaultHashBuilder;
[INFO] [stdout]    |     ^^^^^^^^^ use of undeclared crate or module `hashbrown`
[INFO] [stdout] 
[INFO] [stdout] 
[INFO] [stderr] error: could not compile `dashmap-shard` due to 2 previous errors
[INFO] [stderr] warning: build failed, waiting for other jobs to finish...
[INFO] [stdout] error[E0432]: unresolved import `hashbrown`
[INFO] [stdout]   --> benches/bench.rs:12:5
[INFO] [stdout]    |
[INFO] [stdout] 12 | use hashbrown::HashMap;
[INFO] [stdout]    |     ^^^^^^^^^ use of undeclared crate or module `hashbrown`
[INFO] [stdout] 
[INFO] [stdout] 
[INFO] [stdout] error[E0412]: cannot find type `DefaultHashBuilder` in this scope
[INFO] [stdout]   --> benches/bench.rs:18:37
[INFO] [stdout]    |
[INFO] [stdout] 18 | type AHashMap<K, V> = HashMap<K, V, DefaultHashBuilder>;
[INFO] [stdout]    |                                     ^^^^^^^^^^^^^^^^^^ not found in this scope
[INFO] [stdout]    |
[INFO] [stdout] help: consider importing this type alias
[INFO] [stdout]    |
[INFO] [stdout] 9  | use dashmap_shard::hash_map::DefaultHashBuilder;
[INFO] [stdout]    |
[INFO] [stdout] 
[INFO] [stdout] 
[INFO] [stdout] error[E0554]: `#![feature]` may not be used on the beta release channel
[INFO] [stdout]  --> benches/bench.rs:5:1
[INFO] [stdout]   |
[INFO] [stdout] 5 | #![feature(test)]
[INFO] [stdout]   | ^^^^^^^^^^^^^^^^^
[INFO] [stdout] 
[INFO] [stdout] 
[INFO] [stdout] error: aborting due to 2 previous errors
[INFO] [stdout] 
[INFO] [stdout] 
[INFO] [stdout] Some errors have detailed explanations: E0432, E0433.
[INFO] [stdout] 
[INFO] [stdout] For more information about an error, try `rustc --explain E0432`.
[INFO] [stdout] 
[INFO] [stdout] warning: unnecessary trailing semicolon
[INFO] [stdout]   --> src/raw/sse2.rs:36:10
[INFO] [stdout]    |
[INFO] [stdout] 36 |         };
[INFO] [stdout]    |          ^ help: remove this semicolon
[INFO] [stdout]    |
[INFO] [stdout]    = note: `#[warn(redundant_semicolons)]` on by default
[INFO] [stdout] 
[INFO] [stdout] 
[INFO] [stdout] warning: unnecessary parentheses around type
[INFO] [stdout]     --> src/map.rs:1953:34
[INFO] [stdout]      |
[INFO] [stdout] 1953 |     fn next(&mut self) -> Option<(&'a K)> {
[INFO] [stdout]      |                                  ^^^^^^^ help: remove these parentheses
[INFO] [stdout]      |
[INFO] [stdout]      = note: `#[warn(unused_parens)]` on by default
[INFO] [stdout] 
[INFO] [stdout] 
[INFO] [stdout] warning: unnecessary parentheses around type
[INFO] [stdout]     --> src/map.rs:1973:34
[INFO] [stdout]      |
[INFO] [stdout] 1973 |     fn next(&mut self) -> Option<(&'a V)> {
[INFO] [stdout]      |                                  ^^^^^^^ help: remove these parentheses
[INFO] [stdout] 
[INFO] [stdout] 
[INFO] [stdout] warning: unnecessary parentheses around type
[INFO] [stdout]     --> src/map.rs:1993:34
[INFO] [stdout]      |
[INFO] [stdout] 1993 |     fn next(&mut self) -> Option<(&'a mut V)> {
[INFO] [stdout]      |                                  ^^^^^^^^^^^ help: remove these parentheses
[INFO] [stdout] 
[INFO] [stdout] 
[INFO] [stdout] error: aborting due to 4 previous errors
[INFO] [stdout] 
[INFO] [stdout] 
[INFO] [stdout] Some errors have detailed explanations: E0412, E0432, E0433, E0554.
[INFO] [stdout] 
[INFO] [stdout] For more information about an error, try `rustc --explain E0412`.
[INFO] [stdout] 
[INFO] [stdout] warning: 4 warnings emitted
[INFO] [stdout] 
[INFO] [stdout] 
[INFO] [stderr] error: build failed
[INFO] running `Command { std: "docker" "inspect" "4f1ce5469f2be44b4b8401e21b8a73fb0a736bacde7f47365eb182cbfa0d4f15", kill_on_drop: false }`
[INFO] running `Command { std: "docker" "rm" "-f" "4f1ce5469f2be44b4b8401e21b8a73fb0a736bacde7f47365eb182cbfa0d4f15", kill_on_drop: false }`
[INFO] [stdout] 4f1ce5469f2be44b4b8401e21b8a73fb0a736bacde7f47365eb182cbfa0d4f15
