[INFO] fetching crate dark 0.1.0...
[INFO] checking dark-0.1.0 against 1.55.0 for beta-1.56-3
[INFO] extracting crate dark 0.1.0 into /workspace/builds/worker-69/source
[INFO] validating manifest of crates.io crate dark 0.1.0 on toolchain 1.55.0
[INFO] running `Command { std: "/workspace/cargo-home/bin/cargo" "+1.55.0" "metadata" "--manifest-path" "Cargo.toml" "--no-deps", kill_on_drop: false }`
[INFO] started tweaking crates.io crate dark 0.1.0
[INFO] finished tweaking crates.io crate dark 0.1.0
[INFO] tweaked toml for crates.io crate dark 0.1.0 written to /workspace/builds/worker-69/source/Cargo.toml
[INFO] running `Command { std: "/workspace/cargo-home/bin/cargo" "+1.55.0" "generate-lockfile" "--manifest-path" "Cargo.toml" "-Zno-index-update", kill_on_drop: false }`
[INFO] [stderr]     Blocking waiting for file lock on package cache
[INFO] running `Command { std: "/workspace/cargo-home/bin/cargo" "+1.55.0" "fetch" "--manifest-path" "Cargo.toml", kill_on_drop: false }`
[INFO] [stderr]     Blocking waiting for file lock on package cache
[INFO] [stderr]     Blocking waiting for file lock on package cache
[INFO] running `Command { std: "docker" "create" "-v" "/var/lib/crater-agent-workspace/builds/worker-69/target:/opt/rustwide/target:rw,Z" "-v" "/var/lib/crater-agent-workspace/builds/worker-69/source:/opt/rustwide/workdir:ro,Z" "-v" "/var/lib/crater-agent-workspace/cargo-home:/opt/rustwide/cargo-home:ro,Z" "-v" "/var/lib/crater-agent-workspace/rustup-home:/opt/rustwide/rustup-home:ro,Z" "-e" "SOURCE_DIR=/opt/rustwide/workdir" "-e" "CARGO_TARGET_DIR=/opt/rustwide/target" "-e" "CARGO_HOME=/opt/rustwide/cargo-home" "-e" "RUSTUP_HOME=/opt/rustwide/rustup-home" "-w" "/opt/rustwide/workdir" "-m" "1610612736" "--user" "0:0" "--network" "none" "ghcr.io/rust-lang/crates-build-env/linux@sha256:a89201d6b5b9fd45c15d5952ece0a0129e7e80cb26ec023fd59cf09bc26f1604" "/opt/rustwide/cargo-home/bin/cargo" "+1.55.0" "metadata" "--no-deps" "--format-version=1", kill_on_drop: false }`
[INFO] [stdout] 8673bda4bf360990ac072ee941a69848839eb97aa788ac68652d18a1ed0f0f71
[INFO] running `Command { std: "docker" "start" "-a" "8673bda4bf360990ac072ee941a69848839eb97aa788ac68652d18a1ed0f0f71", kill_on_drop: false }`
[INFO] running `Command { std: "docker" "inspect" "8673bda4bf360990ac072ee941a69848839eb97aa788ac68652d18a1ed0f0f71", kill_on_drop: false }`
[INFO] running `Command { std: "docker" "rm" "-f" "8673bda4bf360990ac072ee941a69848839eb97aa788ac68652d18a1ed0f0f71", kill_on_drop: false }`
[INFO] [stdout] 8673bda4bf360990ac072ee941a69848839eb97aa788ac68652d18a1ed0f0f71
[INFO] running `Command { std: "docker" "create" "-v" "/var/lib/crater-agent-workspace/builds/worker-69/target:/opt/rustwide/target:rw,Z" "-v" "/var/lib/crater-agent-workspace/builds/worker-69/source:/opt/rustwide/workdir:ro,Z" "-v" "/var/lib/crater-agent-workspace/cargo-home:/opt/rustwide/cargo-home:ro,Z" "-v" "/var/lib/crater-agent-workspace/rustup-home:/opt/rustwide/rustup-home:ro,Z" "-e" "SOURCE_DIR=/opt/rustwide/workdir" "-e" "CARGO_TARGET_DIR=/opt/rustwide/target" "-e" "CARGO_INCREMENTAL=0" "-e" "RUST_BACKTRACE=full" "-e" "RUSTFLAGS=--cap-lints=warn" "-e" "CARGO_HOME=/opt/rustwide/cargo-home" "-e" "RUSTUP_HOME=/opt/rustwide/rustup-home" "-w" "/opt/rustwide/workdir" "-m" "1610612736" "--user" "0:0" "--network" "none" "ghcr.io/rust-lang/crates-build-env/linux@sha256:a89201d6b5b9fd45c15d5952ece0a0129e7e80cb26ec023fd59cf09bc26f1604" "/opt/rustwide/cargo-home/bin/cargo" "+1.55.0" "check" "--frozen" "--all" "--all-targets" "--message-format=json", kill_on_drop: false }`
[INFO] [stdout] 482c4988e792410375e628b58486d9e5593f35d6942580035de8d17bfeb39807
[INFO] running `Command { std: "docker" "start" "-a" "482c4988e792410375e628b58486d9e5593f35d6942580035de8d17bfeb39807", kill_on_drop: false }`
[INFO] [stderr]    Compiling autocfg v1.0.1
[INFO] [stderr]     Checking cfg-if v1.0.0
[INFO] [stderr]    Compiling log v0.4.14
[INFO] [stderr]    Compiling memchr v2.4.1
[INFO] [stderr]     Checking regex-syntax v0.6.25
[INFO] [stderr]     Checking termcolor v1.1.2
[INFO] [stderr]     Checking unicode-width v0.1.9
[INFO] [stderr]     Checking ppv-lite86 v0.2.14
[INFO] [stderr]     Checking byteorder v0.4.2
[INFO] [stderr]     Checking humantime v2.1.0
[INFO] [stderr]     Checking byteorder v1.4.3
[INFO] [stderr]     Checking atty v0.2.14
[INFO] [stderr]     Checking rand v0.3.23
[INFO] [stderr]     Checking getrandom v0.2.3
[INFO] [stderr]     Checking getopts v0.2.21
[INFO] [stderr]     Checking rand_core v0.6.3
[INFO] [stderr]    Compiling num-traits v0.2.14
[INFO] [stderr]    Compiling num-integer v0.1.44
[INFO] [stderr]    Compiling num-iter v0.1.42
[INFO] [stderr]    Compiling num-bigint v0.4.2
[INFO] [stderr]    Compiling num-rational v0.4.0
[INFO] [stderr]     Checking rand_chacha v0.3.1
[INFO] [stderr]     Checking log v0.3.9
[INFO] [stderr]     Checking aho-corasick v0.7.18
[INFO] [stderr]     Checking rand v0.8.4
[INFO] [stderr]     Checking regex v1.5.4
[INFO] [stderr]     Checking num-complex v0.1.43
[INFO] [stderr]     Checking num-complex v0.4.0
[INFO] [stderr]     Checking num-bigint v0.1.44
[INFO] [stderr]     Checking env_logger v0.9.0
[INFO] [stderr]     Checking num-rational v0.1.42
[INFO] [stderr]     Checking num v0.1.42
[INFO] [stderr]     Checking compress v0.1.2
[INFO] [stderr]     Checking num v0.4.0
[INFO] [stderr]     Checking dark v0.1.0 (/opt/rustwide/workdir)
[INFO] [stdout] error[E0432]: unresolved import `log::LogLevel`
[INFO] [stdout]   --> src/saca.rs:14:5
[INFO] [stdout]    |
[INFO] [stdout] 14 | use log::LogLevel;
[INFO] [stdout]    |     ^^^^^^^^^^^^^ no `LogLevel` in the root
[INFO] [stdout] 
[INFO] [stdout] 
[INFO] [stdout] warning: `...` range patterns are deprecated
[INFO] [stdout]   --> src/model/exp.rs:35:14
[INFO] [stdout]    |
[INFO] [stdout] 35 |             0...2   => du << FIXED_BASE,
[INFO] [stdout]    |              ^^^ help: use `..=` for an inclusive range
[INFO] [stdout]    |
[INFO] [stdout]    = note: `#[warn(ellipsis_inclusive_range_patterns)]` on by default
[INFO] [stdout]    = warning: this is accepted in the current edition (Rust 2015) but is a hard error in Rust 2021!
[INFO] [stdout]    = note: for more information, see issue #80165 <https://github.com/rust-lang/rust/issues/80165>
[INFO] [stdout] 
[INFO] [stdout] 
[INFO] [stdout] warning: `...` range patterns are deprecated
[INFO] [stdout]   --> src/model/exp.rs:36:14
[INFO] [stdout]    |
[INFO] [stdout] 36 |             3...4   => (3 << FIXED_BASE) + (du&1)*(FIXED_BASE>>1),
[INFO] [stdout]    |              ^^^ help: use `..=` for an inclusive range
[INFO] [stdout]    |
[INFO] [stdout]    = warning: this is accepted in the current edition (Rust 2015) but is a hard error in Rust 2021!
[INFO] [stdout]    = note: for more information, see issue #80165 <https://github.com/rust-lang/rust/issues/80165>
[INFO] [stdout] 
[INFO] [stdout] 
[INFO] [stdout] warning: `...` range patterns are deprecated
[INFO] [stdout]   --> src/model/exp.rs:37:14
[INFO] [stdout]    |
[INFO] [stdout] 37 |             5...7   => (4 << FIXED_BASE) + ((du-5)%3)*(FIXED_BASE/3),
[INFO] [stdout]    |              ^^^ help: use `..=` for an inclusive range
[INFO] [stdout]    |
[INFO] [stdout]    = warning: this is accepted in the current edition (Rust 2015) but is a hard error in Rust 2021!
[INFO] [stdout]    = note: for more information, see issue #80165 <https://github.com/rust-lang/rust/issues/80165>
[INFO] [stdout] 
[INFO] [stdout] 
[INFO] [stdout] warning: `...` range patterns are deprecated
[INFO] [stdout]   --> src/model/exp.rs:38:14
[INFO] [stdout]    |
[INFO] [stdout] 38 |             8...12  => (5 << FIXED_BASE) + (du&3)*(FIXED_BASE>>2),
[INFO] [stdout]    |              ^^^ help: use `..=` for an inclusive range
[INFO] [stdout]    |
[INFO] [stdout]    = warning: this is accepted in the current edition (Rust 2015) but is a hard error in Rust 2021!
[INFO] [stdout]    = note: for more information, see issue #80165 <https://github.com/rust-lang/rust/issues/80165>
[INFO] [stdout] 
[INFO] [stdout] 
[INFO] [stdout] warning: anonymous parameters are deprecated and will be removed in the next edition.
[INFO] [stdout]   --> src/model/mod.rs:36:40
[INFO] [stdout]    |
[INFO] [stdout] 36 |     fn encode<W: io::Write>(&mut self, Distance, &Context, &mut ari::Encoder<W>);
[INFO] [stdout]    |                                        ^^^^^^^^ help: try naming the parameter or explicitly ignoring it: `_: Distance`
[INFO] [stdout]    |
[INFO] [stdout]    = note: `#[warn(anonymous_parameters)]` on by default
[INFO] [stdout]    = warning: this is accepted in the current edition (Rust 2015) but is a hard error in Rust 2018!
[INFO] [stdout]    = note: for more information, see issue #41686 <https://github.com/rust-lang/rust/issues/41686>
[INFO] [stdout] 
[INFO] [stdout] 
[INFO] [stdout] warning: anonymous parameters are deprecated and will be removed in the next edition.
[INFO] [stdout]   --> src/model/mod.rs:36:50
[INFO] [stdout]    |
[INFO] [stdout] 36 |     fn encode<W: io::Write>(&mut self, Distance, &Context, &mut ari::Encoder<W>);
[INFO] [stdout]    |                                                  ^^^^^^^^ help: try naming the parameter or explicitly ignoring it: `_: &Context`
[INFO] [stdout]    |
[INFO] [stdout]    = warning: this is accepted in the current edition (Rust 2015) but is a hard error in Rust 2018!
[INFO] [stdout]    = note: for more information, see issue #41686 <https://github.com/rust-lang/rust/issues/41686>
[INFO] [stdout] 
[INFO] [stdout] 
[INFO] [stdout] warning: anonymous parameters are deprecated and will be removed in the next edition.
[INFO] [stdout]   --> src/model/mod.rs:36:60
[INFO] [stdout]    |
[INFO] [stdout] 36 |     fn encode<W: io::Write>(&mut self, Distance, &Context, &mut ari::Encoder<W>);
[INFO] [stdout]    |                                                            ^^^^^^^^^^^^^^^^^^^^ help: try naming the parameter or explicitly ignoring it: `_: &mut ari::Encoder<W>`
[INFO] [stdout]    |
[INFO] [stdout]    = warning: this is accepted in the current edition (Rust 2015) but is a hard error in Rust 2018!
[INFO] [stdout]    = note: for more information, see issue #41686 <https://github.com/rust-lang/rust/issues/41686>
[INFO] [stdout] 
[INFO] [stdout] 
[INFO] [stdout] warning: anonymous parameters are deprecated and will be removed in the next edition.
[INFO] [stdout]   --> src/model/mod.rs:39:39
[INFO] [stdout]    |
[INFO] [stdout] 39 |     fn decode<R: io::Read>(&mut self, &Context, &mut ari::Decoder<R>) -> Distance;
[INFO] [stdout]    |                                       ^^^^^^^^ help: try naming the parameter or explicitly ignoring it: `_: &Context`
[INFO] [stdout]    |
[INFO] [stdout]    = warning: this is accepted in the current edition (Rust 2015) but is a hard error in Rust 2018!
[INFO] [stdout]    = note: for more information, see issue #41686 <https://github.com/rust-lang/rust/issues/41686>
[INFO] [stdout] 
[INFO] [stdout] 
[INFO] [stdout] warning: anonymous parameters are deprecated and will be removed in the next edition.
[INFO] [stdout]   --> src/model/mod.rs:39:49
[INFO] [stdout]    |
[INFO] [stdout] 39 |     fn decode<R: io::Read>(&mut self, &Context, &mut ari::Decoder<R>) -> Distance;
[INFO] [stdout]    |                                                 ^^^^^^^^^^^^^^^^^^^^ help: try naming the parameter or explicitly ignoring it: `_: &mut ari::Decoder<R>`
[INFO] [stdout]    |
[INFO] [stdout]    = warning: this is accepted in the current edition (Rust 2015) but is a hard error in Rust 2018!
[INFO] [stdout]    = note: for more information, see issue #41686 <https://github.com/rust-lang/rust/issues/41686>
[INFO] [stdout] 
[INFO] [stdout] 
[INFO] [stdout] error[E0432]: unresolved import `rand::StdRng`
[INFO] [stdout]   --> src/model/mod.rs:74:21
[INFO] [stdout]    |
[INFO] [stdout] 74 |     use rand::{Rng, StdRng};
[INFO] [stdout]    |                     ^^^^^^ no `StdRng` in the root
[INFO] [stdout] 
[INFO] [stdout] 
[INFO] [stdout] error[E0432]: unresolved import `log::LogLevel`
[INFO] [stdout]   --> src/saca.rs:14:5
[INFO] [stdout]    |
[INFO] [stdout] 14 | use log::LogLevel;
[INFO] [stdout]    |     ^^^^^^^^^^^^^ no `LogLevel` in the root
[INFO] [stdout] 
[INFO] [stdout] 
[INFO] [stdout] warning: `...` range patterns are deprecated
[INFO] [stdout]   --> src/model/exp.rs:35:14
[INFO] [stdout]    |
[INFO] [stdout] 35 |             0...2   => du << FIXED_BASE,
[INFO] [stdout]    |              ^^^ help: use `..=` for an inclusive range
[INFO] [stdout]    |
[INFO] [stdout]    = note: `#[warn(ellipsis_inclusive_range_patterns)]` on by default
[INFO] [stdout]    = warning: this is accepted in the current edition (Rust 2015) but is a hard error in Rust 2021!
[INFO] [stdout]    = note: for more information, see issue #80165 <https://github.com/rust-lang/rust/issues/80165>
[INFO] [stdout] 
[INFO] [stdout] 
[INFO] [stdout] warning: `...` range patterns are deprecated
[INFO] [stdout]   --> src/model/exp.rs:36:14
[INFO] [stdout]    |
[INFO] [stdout] 36 |             3...4   => (3 << FIXED_BASE) + (du&1)*(FIXED_BASE>>1),
[INFO] [stdout]    |              ^^^ help: use `..=` for an inclusive range
[INFO] [stdout]    |
[INFO] [stdout]    = warning: this is accepted in the current edition (Rust 2015) but is a hard error in Rust 2021!
[INFO] [stdout]    = note: for more information, see issue #80165 <https://github.com/rust-lang/rust/issues/80165>
[INFO] [stdout] 
[INFO] [stdout] 
[INFO] [stdout] warning: `...` range patterns are deprecated
[INFO] [stdout]   --> src/model/exp.rs:37:14
[INFO] [stdout]    |
[INFO] [stdout] 37 |             5...7   => (4 << FIXED_BASE) + ((du-5)%3)*(FIXED_BASE/3),
[INFO] [stdout]    |              ^^^ help: use `..=` for an inclusive range
[INFO] [stdout]    |
[INFO] [stdout]    = warning: this is accepted in the current edition (Rust 2015) but is a hard error in Rust 2021!
[INFO] [stdout]    = note: for more information, see issue #80165 <https://github.com/rust-lang/rust/issues/80165>
[INFO] [stdout] 
[INFO] [stdout] 
[INFO] [stdout] warning: `...` range patterns are deprecated
[INFO] [stdout]   --> src/model/exp.rs:38:14
[INFO] [stdout]    |
[INFO] [stdout] 38 |             8...12  => (5 << FIXED_BASE) + (du&3)*(FIXED_BASE>>2),
[INFO] [stdout]    |              ^^^ help: use `..=` for an inclusive range
[INFO] [stdout]    |
[INFO] [stdout]    = warning: this is accepted in the current edition (Rust 2015) but is a hard error in Rust 2021!
[INFO] [stdout]    = note: for more information, see issue #80165 <https://github.com/rust-lang/rust/issues/80165>
[INFO] [stdout] 
[INFO] [stdout] 
[INFO] [stdout] warning: anonymous parameters are deprecated and will be removed in the next edition.
[INFO] [stdout]   --> src/model/mod.rs:36:40
[INFO] [stdout]    |
[INFO] [stdout] 36 |     fn encode<W: io::Write>(&mut self, Distance, &Context, &mut ari::Encoder<W>);
[INFO] [stdout]    |                                        ^^^^^^^^ help: try naming the parameter or explicitly ignoring it: `_: Distance`
[INFO] [stdout]    |
[INFO] [stdout]    = note: `#[warn(anonymous_parameters)]` on by default
[INFO] [stdout]    = warning: this is accepted in the current edition (Rust 2015) but is a hard error in Rust 2018!
[INFO] [stdout]    = note: for more information, see issue #41686 <https://github.com/rust-lang/rust/issues/41686>
[INFO] [stdout] 
[INFO] [stdout] 
[INFO] [stdout] warning: anonymous parameters are deprecated and will be removed in the next edition.
[INFO] [stdout]   --> src/model/mod.rs:36:50
[INFO] [stdout]    |
[INFO] [stdout] 36 |     fn encode<W: io::Write>(&mut self, Distance, &Context, &mut ari::Encoder<W>);
[INFO] [stdout]    |                                                  ^^^^^^^^ help: try naming the parameter or explicitly ignoring it: `_: &Context`
[INFO] [stdout]    |
[INFO] [stdout]    = warning: this is accepted in the current edition (Rust 2015) but is a hard error in Rust 2018!
[INFO] [stdout]    = note: for more information, see issue #41686 <https://github.com/rust-lang/rust/issues/41686>
[INFO] [stdout] 
[INFO] [stdout] 
[INFO] [stdout] warning: anonymous parameters are deprecated and will be removed in the next edition.
[INFO] [stdout]   --> src/model/mod.rs:36:60
[INFO] [stdout]    |
[INFO] [stdout] 36 |     fn encode<W: io::Write>(&mut self, Distance, &Context, &mut ari::Encoder<W>);
[INFO] [stdout]    |                                                            ^^^^^^^^^^^^^^^^^^^^ help: try naming the parameter or explicitly ignoring it: `_: &mut ari::Encoder<W>`
[INFO] [stdout]    |
[INFO] [stdout]    = warning: this is accepted in the current edition (Rust 2015) but is a hard error in Rust 2018!
[INFO] [stdout]    = note: for more information, see issue #41686 <https://github.com/rust-lang/rust/issues/41686>
[INFO] [stdout] 
[INFO] [stdout] 
[INFO] [stdout] warning: anonymous parameters are deprecated and will be removed in the next edition.
[INFO] [stdout]   --> src/model/mod.rs:39:39
[INFO] [stdout]    |
[INFO] [stdout] 39 |     fn decode<R: io::Read>(&mut self, &Context, &mut ari::Decoder<R>) -> Distance;
[INFO] [stdout]    |                                       ^^^^^^^^ help: try naming the parameter or explicitly ignoring it: `_: &Context`
[INFO] [stdout]    |
[INFO] [stdout]    = warning: this is accepted in the current edition (Rust 2015) but is a hard error in Rust 2018!
[INFO] [stdout]    = note: for more information, see issue #41686 <https://github.com/rust-lang/rust/issues/41686>
[INFO] [stdout] 
[INFO] [stdout] 
[INFO] [stdout] warning: anonymous parameters are deprecated and will be removed in the next edition.
[INFO] [stdout]   --> src/model/mod.rs:39:49
[INFO] [stdout]    |
[INFO] [stdout] 39 |     fn decode<R: io::Read>(&mut self, &Context, &mut ari::Decoder<R>) -> Distance;
[INFO] [stdout]    |                                                 ^^^^^^^^^^^^^^^^^^^^ help: try naming the parameter or explicitly ignoring it: `_: &mut ari::Decoder<R>`
[INFO] [stdout]    |
[INFO] [stdout]    = warning: this is accepted in the current edition (Rust 2015) but is a hard error in Rust 2018!
[INFO] [stdout]    = note: for more information, see issue #41686 <https://github.com/rust-lang/rust/issues/41686>
[INFO] [stdout] 
[INFO] [stdout] 
[INFO] [stdout] error[E0599]: no method named `unwrap` found for unit type `()` in the current scope
[INFO] [stdout]   --> src/main.rs:33:24
[INFO] [stdout]    |
[INFO] [stdout] 33 |     env_logger::init().unwrap();
[INFO] [stdout]    |                        ^^^^^^ method not found in `()`
[INFO] [stdout] 
[INFO] [stdout] 
[INFO] [stdout] error[E0599]: no method named `unwrap` found for unit type `()` in the current scope
[INFO] [stdout]   --> src/main.rs:33:24
[INFO] [stdout]    |
[INFO] [stdout] 33 |     env_logger::init().unwrap();
[INFO] [stdout]    |                        ^^^^^^ method not found in `()`
[INFO] [stdout] 
[INFO] [stdout] 
[INFO] [stdout] warning: unused import: `model::DistanceModel`
[INFO] [stdout]   --> src/main.rs:19:5
[INFO] [stdout]    |
[INFO] [stdout] 19 | use model::DistanceModel;
[INFO] [stdout]    |     ^^^^^^^^^^^^^^^^^^^^
[INFO] [stdout]    |
[INFO] [stdout]    = note: `#[warn(unused_imports)]` on by default
[INFO] [stdout] 
[INFO] [stdout] 
[INFO] [stdout] error: aborting due to 2 previous errors; 10 warnings emitted
[INFO] [stdout] 
[INFO] [stdout] 
[INFO] [stdout] Some errors have detailed explanations: E0432, E0599.
[INFO] [stdout] 
[INFO] [stdout] For more information about an error, try `rustc --explain E0432`.
[INFO] [stdout] 
[INFO] [stderr] error: could not compile `dark` due to 3 previous errors; 10 warnings emitted
[INFO] [stderr] warning: build failed, waiting for other jobs to finish...
[INFO] [stdout] warning: unused import: `model::DistanceModel`
[INFO] [stdout]   --> src/main.rs:19:5
[INFO] [stdout]    |
[INFO] [stdout] 19 | use model::DistanceModel;
[INFO] [stdout]    |     ^^^^^^^^^^^^^^^^^^^^
[INFO] [stdout]    |
[INFO] [stdout]    = note: `#[warn(unused_imports)]` on by default
[INFO] [stdout] 
[INFO] [stdout] 
[INFO] [stdout] warning: unused import: `Rng`
[INFO] [stdout]   --> src/model/mod.rs:74:16
[INFO] [stdout]    |
[INFO] [stdout] 74 |     use rand::{Rng, StdRng};
[INFO] [stdout]    |                ^^^
[INFO] [stdout] 
[INFO] [stdout] 
[INFO] [stdout] error: aborting due to 3 previous errors; 11 warnings emitted
[INFO] [stdout] 
[INFO] [stdout] 
[INFO] [stdout] Some errors have detailed explanations: E0432, E0599.
[INFO] [stdout] 
[INFO] [stdout] For more information about an error, try `rustc --explain E0432`.
[INFO] [stdout] 
[INFO] [stderr] error: build failed
[INFO] running `Command { std: "docker" "inspect" "482c4988e792410375e628b58486d9e5593f35d6942580035de8d17bfeb39807", kill_on_drop: false }`
[INFO] running `Command { std: "docker" "rm" "-f" "482c4988e792410375e628b58486d9e5593f35d6942580035de8d17bfeb39807", kill_on_drop: false }`
[INFO] [stdout] 482c4988e792410375e628b58486d9e5593f35d6942580035de8d17bfeb39807
