[INFO] fetching crate cxmr-tectonic 0.0.1...
[INFO] checking cxmr-tectonic-0.0.1 against beta-2021-10-15 for beta-1.56-3
[INFO] extracting crate cxmr-tectonic 0.0.1 into /workspace/builds/worker-9/source
[INFO] validating manifest of crates.io crate cxmr-tectonic 0.0.1 on toolchain beta-2021-10-15
[INFO] running `Command { std: "/workspace/cargo-home/bin/cargo" "+beta-2021-10-15" "metadata" "--manifest-path" "Cargo.toml" "--no-deps", kill_on_drop: false }`
[INFO] started tweaking crates.io crate cxmr-tectonic 0.0.1
[INFO] finished tweaking crates.io crate cxmr-tectonic 0.0.1
[INFO] tweaked toml for crates.io crate cxmr-tectonic 0.0.1 written to /workspace/builds/worker-9/source/Cargo.toml
[INFO] running `Command { std: "/workspace/cargo-home/bin/cargo" "+beta-2021-10-15" "generate-lockfile" "--manifest-path" "Cargo.toml" "-Zno-index-update", kill_on_drop: false }`
[INFO] [stderr]     Blocking waiting for file lock on package cache
[INFO] running `Command { std: "/workspace/cargo-home/bin/cargo" "+beta-2021-10-15" "fetch" "--manifest-path" "Cargo.toml", kill_on_drop: false }`
[INFO] [stderr]     Blocking waiting for file lock on package cache
[INFO] [stderr]     Blocking waiting for file lock on package cache
[INFO] running `Command { std: "docker" "create" "-v" "/var/lib/crater-agent-workspace/builds/worker-9/target:/opt/rustwide/target:rw,Z" "-v" "/var/lib/crater-agent-workspace/builds/worker-9/source:/opt/rustwide/workdir:ro,Z" "-v" "/var/lib/crater-agent-workspace/cargo-home:/opt/rustwide/cargo-home:ro,Z" "-v" "/var/lib/crater-agent-workspace/rustup-home:/opt/rustwide/rustup-home:ro,Z" "-e" "SOURCE_DIR=/opt/rustwide/workdir" "-e" "CARGO_TARGET_DIR=/opt/rustwide/target" "-e" "CARGO_HOME=/opt/rustwide/cargo-home" "-e" "RUSTUP_HOME=/opt/rustwide/rustup-home" "-w" "/opt/rustwide/workdir" "-m" "1610612736" "--user" "0:0" "--network" "none" "ghcr.io/rust-lang/crates-build-env/linux@sha256:a89201d6b5b9fd45c15d5952ece0a0129e7e80cb26ec023fd59cf09bc26f1604" "/opt/rustwide/cargo-home/bin/cargo" "+beta-2021-10-15" "metadata" "--no-deps" "--format-version=1", kill_on_drop: false }`
[INFO] [stdout] 2cfe978017d4aab8ae4dda769a2911914aa2c3e7d213abac49e7f7698702b1ef
[INFO] running `Command { std: "docker" "start" "-a" "2cfe978017d4aab8ae4dda769a2911914aa2c3e7d213abac49e7f7698702b1ef", kill_on_drop: false }`
[INFO] running `Command { std: "docker" "inspect" "2cfe978017d4aab8ae4dda769a2911914aa2c3e7d213abac49e7f7698702b1ef", kill_on_drop: false }`
[INFO] running `Command { std: "docker" "rm" "-f" "2cfe978017d4aab8ae4dda769a2911914aa2c3e7d213abac49e7f7698702b1ef", kill_on_drop: false }`
[INFO] [stdout] 2cfe978017d4aab8ae4dda769a2911914aa2c3e7d213abac49e7f7698702b1ef
[INFO] running `Command { std: "docker" "create" "-v" "/var/lib/crater-agent-workspace/builds/worker-9/target:/opt/rustwide/target:rw,Z" "-v" "/var/lib/crater-agent-workspace/builds/worker-9/source:/opt/rustwide/workdir:ro,Z" "-v" "/var/lib/crater-agent-workspace/cargo-home:/opt/rustwide/cargo-home:ro,Z" "-v" "/var/lib/crater-agent-workspace/rustup-home:/opt/rustwide/rustup-home:ro,Z" "-e" "SOURCE_DIR=/opt/rustwide/workdir" "-e" "CARGO_TARGET_DIR=/opt/rustwide/target" "-e" "CARGO_INCREMENTAL=0" "-e" "RUST_BACKTRACE=full" "-e" "RUSTFLAGS=--cap-lints=warn" "-e" "CARGO_HOME=/opt/rustwide/cargo-home" "-e" "RUSTUP_HOME=/opt/rustwide/rustup-home" "-w" "/opt/rustwide/workdir" "-m" "1610612736" "--user" "0:0" "--network" "none" "ghcr.io/rust-lang/crates-build-env/linux@sha256:a89201d6b5b9fd45c15d5952ece0a0129e7e80cb26ec023fd59cf09bc26f1604" "/opt/rustwide/cargo-home/bin/cargo" "+beta-2021-10-15" "check" "--frozen" "--all" "--all-targets" "--message-format=json", kill_on_drop: false }`
[INFO] [stdout] 7e2682248957982c394fcaa2803bc9f5fb46636d9e51c3eec5c049686058ada3
[INFO] running `Command { std: "docker" "start" "-a" "7e2682248957982c394fcaa2803bc9f5fb46636d9e51c3eec5c049686058ada3", kill_on_drop: false }`
[INFO] [stderr]     Blocking waiting for file lock on package cache
[INFO] [stderr]    Compiling syn v1.0.80
[INFO] [stderr]    Compiling memchr v2.4.1
[INFO] [stderr]    Compiling serde v1.0.130
[INFO] [stderr]    Compiling failure_derive v0.1.8
[INFO] [stderr]     Checking gimli v0.25.0
[INFO] [stderr]     Checking rustc-demangle v0.1.21
[INFO] [stderr]     Checking scopeguard v0.3.3
[INFO] [stderr]     Checking err-convert-macro v0.0.1
[INFO] [stderr]     Checking glob v0.3.0
[INFO] [stderr]    Compiling backtrace v0.3.61
[INFO] [stderr]     Checking object v0.26.2
[INFO] [stderr]     Checking addr2line v0.16.0
[INFO] [stderr]    Compiling synstructure v0.12.6
[INFO] [stderr]     Checking hashbrown v0.1.8
[INFO] [stderr]     Checking serde_json v1.0.68
[INFO] [stderr]    Compiling serde_derive v1.0.130
[INFO] [stderr]     Checking failure v0.1.8
[INFO] [stderr]     Checking cxmr-balances v0.0.1
[INFO] [stderr]     Checking cxmr-currency v0.0.1
[INFO] [stderr]     Checking cxmr-exchanges v0.0.1
[INFO] [stderr]     Checking cxmr-feeds v0.0.1
[INFO] [stderr]     Checking cxmr-tectonic v0.0.1 (/opt/rustwide/workdir)
[INFO] [stdout] error[E0412]: cannot find type `NoneError` in module `std::option`
[INFO] [stdout]   --> src/lib.rs:76:49
[INFO] [stdout]    |
[INFO] [stdout] 76 | err_converter_no_args!(OptionNone, std::option::NoneError);
[INFO] [stdout]    |                                                 ^^^^^^^^^ not found in `std::option`
[INFO] [stdout] 
[INFO] [stdout] 
[INFO] [stdout] error[E0554]: `#![feature]` may not be used on the beta release channel
[INFO] [stdout]  --> src/lib.rs:2:1
[INFO] [stdout]   |
[INFO] [stdout] 2 | #![feature(test, try_trait)]
[INFO] [stdout]   | ^^^^^^^^^^^^^^^^^^^^^^^^^^^^
[INFO] [stdout] 
[INFO] [stdout] 
[INFO] [stdout] error[E0412]: cannot find type `NoneError` in module `std::option`
[INFO] [stdout]   --> src/lib.rs:76:49
[INFO] [stdout]    |
[INFO] [stdout] 76 | err_converter_no_args!(OptionNone, std::option::NoneError);
[INFO] [stdout]    |                                                 ^^^^^^^^^ not found in `std::option`
[INFO] [stdout] 
[INFO] [stdout] 
[INFO] [stdout] error[E0554]: `#![feature]` may not be used on the beta release channel
[INFO] [stdout]  --> src/lib.rs:2:1
[INFO] [stdout]   |
[INFO] [stdout] 2 | #![feature(test, try_trait)]
[INFO] [stdout]   | ^^^^^^^^^^^^^^^^^^^^^^^^^^^^
[INFO] [stdout] 
[INFO] [stdout] 
[INFO] [stdout] error[E0277]: the `?` operator can only be used on `Result`s, not `Option`s, in a function that returns `Result`
[INFO] [stdout]    --> src/dirs.rs:37:34
[INFO] [stdout]     |
[INFO] [stdout] 36  | / fn is_not_default(path: &Path) -> Result<bool, Error> {
[INFO] [stdout] 37  | |     let symbol = path.file_name()?.to_str()?.split('.').next()?;
[INFO] [stdout]     | |                                  ^ use `.ok_or(...)?` to provide an error compatible with `Result<bool, Error>`
[INFO] [stdout] 38  | |     Ok(symbol != "default")
[INFO] [stdout] 39  | | }
[INFO] [stdout]     | |_- this function returns a `Result`
[INFO] [stdout]     |
[INFO] [stdout]     = help: the trait `FromResidual<std::option::Option<Infallible>>` is not implemented for `Result<bool, Error>`
[INFO] [stdout] note: required by `from_residual`
[INFO] [stdout] 
[INFO] [stdout] 
[INFO] [stdout] error[E0277]: the `?` operator can only be used on `Result`s, not `Option`s, in a function that returns `Result`
[INFO] [stdout]    --> src/dirs.rs:37:44
[INFO] [stdout]     |
[INFO] [stdout] 36  | / fn is_not_default(path: &Path) -> Result<bool, Error> {
[INFO] [stdout] 37  | |     let symbol = path.file_name()?.to_str()?.split('.').next()?;
[INFO] [stdout]     | |                                            ^ use `.ok_or(...)?` to provide an error compatible with `Result<bool, Error>`
[INFO] [stdout] 38  | |     Ok(symbol != "default")
[INFO] [stdout] 39  | | }
[INFO] [stdout]     | |_- this function returns a `Result`
[INFO] [stdout]     |
[INFO] [stdout]     = help: the trait `FromResidual<std::option::Option<Infallible>>` is not implemented for `Result<bool, Error>`
[INFO] [stdout] note: required by `from_residual`
[INFO] [stdout] 
[INFO] [stdout] 
[INFO] [stdout] error[E0277]: the `?` operator can only be used on `Result`s, not `Option`s, in a function that returns `Result`
[INFO] [stdout]    --> src/dirs.rs:37:63
[INFO] [stdout]     |
[INFO] [stdout] 36  | / fn is_not_default(path: &Path) -> Result<bool, Error> {
[INFO] [stdout] 37  | |     let symbol = path.file_name()?.to_str()?.split('.').next()?;
[INFO] [stdout]     | |                                                               ^ use `.ok_or(...)?` to provide an error compatible with `Result<bool, Error>`
[INFO] [stdout] 38  | |     Ok(symbol != "default")
[INFO] [stdout] 39  | | }
[INFO] [stdout]     | |_- this function returns a `Result`
[INFO] [stdout]     |
[INFO] [stdout]     = help: the trait `FromResidual<std::option::Option<Infallible>>` is not implemented for `Result<bool, Error>`
[INFO] [stdout] note: required by `from_residual`
[INFO] [stdout] 
[INFO] [stdout] 
[INFO] [stdout] error[E0277]: the `?` operator can only be used on `Result`s, not `Option`s, in a function that returns `Result`
[INFO] [stdout]    --> src/dirs.rs:37:34
[INFO] [stdout]     |
[INFO] [stdout] 36  | / fn is_not_default(path: &Path) -> Result<bool, Error> {
[INFO] [stdout] 37  | |     let symbol = path.file_name()?.to_str()?.split('.').next()?;
[INFO] [stdout]     | |                                  ^ use `.ok_or(...)?` to provide an error compatible with `Result<bool, Error>`
[INFO] [stdout] 38  | |     Ok(symbol != "default")
[INFO] [stdout] 39  | | }
[INFO] [stdout]     | |_- this function returns a `Result`
[INFO] [stdout]     |
[INFO] [stdout]     = help: the trait `FromResidual<std::option::Option<Infallible>>` is not implemented for `Result<bool, Error>`
[INFO] [stdout] note: required by `from_residual`
[INFO] [stdout] 
[INFO] [stdout] 
[INFO] [stdout] error[E0277]: the `?` operator can only be used on `Result`s, not `Option`s, in a function that returns `Result`
[INFO] [stdout]    --> src/dirs.rs:37:44
[INFO] [stdout]     |
[INFO] [stdout] 36  | / fn is_not_default(path: &Path) -> Result<bool, Error> {
[INFO] [stdout] 37  | |     let symbol = path.file_name()?.to_str()?.split('.').next()?;
[INFO] [stdout]     | |                                            ^ use `.ok_or(...)?` to provide an error compatible with `Result<bool, Error>`
[INFO] [stdout] 38  | |     Ok(symbol != "default")
[INFO] [stdout] 39  | | }
[INFO] [stdout]     | |_- this function returns a `Result`
[INFO] [stdout]     |
[INFO] [stdout]     = help: the trait `FromResidual<std::option::Option<Infallible>>` is not implemented for `Result<bool, Error>`
[INFO] [stdout] note: required by `from_residual`
[INFO] [stdout] 
[INFO] [stdout] 
[INFO] [stdout] error[E0277]: the `?` operator can only be used on `Result`s, not `Option`s, in a function that returns `Result`
[INFO] [stdout]    --> src/dirs.rs:37:63
[INFO] [stdout]     |
[INFO] [stdout] 36  | / fn is_not_default(path: &Path) -> Result<bool, Error> {
[INFO] [stdout] 37  | |     let symbol = path.file_name()?.to_str()?.split('.').next()?;
[INFO] [stdout]     | |                                                               ^ use `.ok_or(...)?` to provide an error compatible with `Result<bool, Error>`
[INFO] [stdout] 38  | |     Ok(symbol != "default")
[INFO] [stdout] 39  | | }
[INFO] [stdout]     | |_- this function returns a `Result`
[INFO] [stdout]     |
[INFO] [stdout]     = help: the trait `FromResidual<std::option::Option<Infallible>>` is not implemented for `Result<bool, Error>`
[INFO] [stdout] note: required by `from_residual`
[INFO] [stdout] 
[INFO] [stdout] 
[INFO] [stdout] error[E0277]: the `?` operator can only be used on `Result`s, not `Option`s, in a function that returns `Result`
[INFO] [stdout]    --> src/dtf.rs:635:42
[INFO] [stdout]     |
[INFO] [stdout] 634 | / fn split_symbol(symbol: &str) -> Result<Market, Error> {
[INFO] [stdout] 635 | |     let symbol = symbol.split('.').next()?;
[INFO] [stdout]     | |                                          ^ use `.ok_or(...)?` to provide an error compatible with `Result<cxmr_exchanges::Market, Error>`
[INFO] [stdout] 636 | |     let index = symbol.find('_')?;
[INFO] [stdout] 637 | |     let exchange = Exchange::from_str(&symbol[..index])?;
[INFO] [stdout] 638 | |     let pair = CurrencyPair::from_str(&symbol[index + 1..])?;
[INFO] [stdout] 639 | |     Ok(Market::new(exchange, pair))
[INFO] [stdout] 640 | | }
[INFO] [stdout]     | |_- this function returns a `Result`
[INFO] [stdout]     |
[INFO] [stdout]     = help: the trait `FromResidual<std::option::Option<Infallible>>` is not implemented for `Result<cxmr_exchanges::Market, Error>`
[INFO] [stdout] note: required by `from_residual`
[INFO] [stdout] 
[INFO] [stdout] 
[INFO] [stdout] error[E0277]: the `?` operator can only be used on `Result`s, not `Option`s, in a function that returns `Result`
[INFO] [stdout]    --> src/dtf.rs:636:33
[INFO] [stdout]     |
[INFO] [stdout] 634 | / fn split_symbol(symbol: &str) -> Result<Market, Error> {
[INFO] [stdout] 635 | |     let symbol = symbol.split('.').next()?;
[INFO] [stdout] 636 | |     let index = symbol.find('_')?;
[INFO] [stdout]     | |                                 ^ use `.ok_or(...)?` to provide an error compatible with `Result<cxmr_exchanges::Market, Error>`
[INFO] [stdout] 637 | |     let exchange = Exchange::from_str(&symbol[..index])?;
[INFO] [stdout] 638 | |     let pair = CurrencyPair::from_str(&symbol[index + 1..])?;
[INFO] [stdout] 639 | |     Ok(Market::new(exchange, pair))
[INFO] [stdout] 640 | | }
[INFO] [stdout]     | |_- this function returns a `Result`
[INFO] [stdout]     |
[INFO] [stdout]     = help: the trait `FromResidual<std::option::Option<Infallible>>` is not implemented for `Result<cxmr_exchanges::Market, Error>`
[INFO] [stdout] note: required by `from_residual`
[INFO] [stdout] 
[INFO] [stdout] 
[INFO] [stdout] error[E0277]: the `?` operator can only be used on `Result`s, not `Option`s, in a function that returns `Result`
[INFO] [stdout]    --> src/dtf.rs:635:42
[INFO] [stdout]     |
[INFO] [stdout] 634 | / fn split_symbol(symbol: &str) -> Result<Market, Error> {
[INFO] [stdout] 635 | |     let symbol = symbol.split('.').next()?;
[INFO] [stdout]     | |                                          ^ use `.ok_or(...)?` to provide an error compatible with `Result<cxmr_exchanges::Market, Error>`
[INFO] [stdout] 636 | |     let index = symbol.find('_')?;
[INFO] [stdout] 637 | |     let exchange = Exchange::from_str(&symbol[..index])?;
[INFO] [stdout] 638 | |     let pair = CurrencyPair::from_str(&symbol[index + 1..])?;
[INFO] [stdout] 639 | |     Ok(Market::new(exchange, pair))
[INFO] [stdout] 640 | | }
[INFO] [stdout]     | |_- this function returns a `Result`
[INFO] [stdout]     |
[INFO] [stdout]     = help: the trait `FromResidual<std::option::Option<Infallible>>` is not implemented for `Result<cxmr_exchanges::Market, Error>`
[INFO] [stdout] note: required by `from_residual`
[INFO] [stdout] 
[INFO] [stdout] 
[INFO] [stdout] error[E0277]: the `?` operator can only be used on `Result`s, not `Option`s, in a function that returns `Result`
[INFO] [stdout]    --> src/dtf.rs:636:33
[INFO] [stdout]     |
[INFO] [stdout] 634 | / fn split_symbol(symbol: &str) -> Result<Market, Error> {
[INFO] [stdout] 635 | |     let symbol = symbol.split('.').next()?;
[INFO] [stdout] 636 | |     let index = symbol.find('_')?;
[INFO] [stdout]     | |                                 ^ use `.ok_or(...)?` to provide an error compatible with `Result<cxmr_exchanges::Market, Error>`
[INFO] [stdout] 637 | |     let exchange = Exchange::from_str(&symbol[..index])?;
[INFO] [stdout] 638 | |     let pair = CurrencyPair::from_str(&symbol[index + 1..])?;
[INFO] [stdout] 639 | |     Ok(Market::new(exchange, pair))
[INFO] [stdout] 640 | | }
[INFO] [stdout]     | |_- this function returns a `Result`
[INFO] [stdout]     |
[INFO] [stdout]     = help: the trait `FromResidual<std::option::Option<Infallible>>` is not implemented for `Result<cxmr_exchanges::Market, Error>`
[INFO] [stdout] note: required by `from_residual`
[INFO] [stdout] 
[INFO] [stdout] 
[INFO] [stdout] error: aborting due to 7 previous errors
[INFO] [stdout] 
[INFO] [stdout] 
[INFO] [stdout] Some errors have detailed explanations: E0277, E0412, E0554.
[INFO] [stdout] 
[INFO] [stdout] For more information about an error, try `rustc --explain E0277`.
[INFO] [stdout] 
[INFO] [stderr] error: could not compile `cxmr-tectonic` due to 8 previous errors
[INFO] [stderr] warning: build failed, waiting for other jobs to finish...
[INFO] [stdout] error: aborting due to 7 previous errors
[INFO] [stdout] 
[INFO] [stdout] 
[INFO] [stdout] Some errors have detailed explanations: E0277, E0412, E0554.
[INFO] [stdout] 
[INFO] [stdout] For more information about an error, try `rustc --explain E0277`.
[INFO] [stdout] 
[INFO] [stderr] error: build failed
[INFO] running `Command { std: "docker" "inspect" "7e2682248957982c394fcaa2803bc9f5fb46636d9e51c3eec5c049686058ada3", kill_on_drop: false }`
[INFO] running `Command { std: "docker" "rm" "-f" "7e2682248957982c394fcaa2803bc9f5fb46636d9e51c3eec5c049686058ada3", kill_on_drop: false }`
[INFO] [stdout] 7e2682248957982c394fcaa2803bc9f5fb46636d9e51c3eec5c049686058ada3
