[INFO] fetching crate cuml_map 0.1.0...
[INFO] checking cuml_map-0.1.0 against beta-2021-10-15 for beta-1.56-3
[INFO] extracting crate cuml_map 0.1.0 into /workspace/builds/worker-79/source
[INFO] validating manifest of crates.io crate cuml_map 0.1.0 on toolchain beta-2021-10-15
[INFO] running `Command { std: "/workspace/cargo-home/bin/cargo" "+beta-2021-10-15" "metadata" "--manifest-path" "Cargo.toml" "--no-deps", kill_on_drop: false }`
[INFO] started tweaking crates.io crate cuml_map 0.1.0
[INFO] finished tweaking crates.io crate cuml_map 0.1.0
[INFO] tweaked toml for crates.io crate cuml_map 0.1.0 written to /workspace/builds/worker-79/source/Cargo.toml
[INFO] running `Command { std: "/workspace/cargo-home/bin/cargo" "+beta-2021-10-15" "generate-lockfile" "--manifest-path" "Cargo.toml" "-Zno-index-update", kill_on_drop: false }`
[INFO] [stderr]     Blocking waiting for file lock on package cache
[INFO] running `Command { std: "/workspace/cargo-home/bin/cargo" "+beta-2021-10-15" "fetch" "--manifest-path" "Cargo.toml", kill_on_drop: false }`
[INFO] [stderr] warning: only one of `license` or `license-file` is necessary
[INFO] [stderr]     Blocking waiting for file lock on package cache
[INFO] [stderr]     Blocking waiting for file lock on package cache
[INFO] running `Command { std: "docker" "create" "-v" "/var/lib/crater-agent-workspace/builds/worker-79/target:/opt/rustwide/target:rw,Z" "-v" "/var/lib/crater-agent-workspace/builds/worker-79/source:/opt/rustwide/workdir:ro,Z" "-v" "/var/lib/crater-agent-workspace/cargo-home:/opt/rustwide/cargo-home:ro,Z" "-v" "/var/lib/crater-agent-workspace/rustup-home:/opt/rustwide/rustup-home:ro,Z" "-e" "SOURCE_DIR=/opt/rustwide/workdir" "-e" "CARGO_TARGET_DIR=/opt/rustwide/target" "-e" "CARGO_HOME=/opt/rustwide/cargo-home" "-e" "RUSTUP_HOME=/opt/rustwide/rustup-home" "-w" "/opt/rustwide/workdir" "-m" "1610612736" "--user" "0:0" "--network" "none" "ghcr.io/rust-lang/crates-build-env/linux@sha256:a89201d6b5b9fd45c15d5952ece0a0129e7e80cb26ec023fd59cf09bc26f1604" "/opt/rustwide/cargo-home/bin/cargo" "+beta-2021-10-15" "metadata" "--no-deps" "--format-version=1", kill_on_drop: false }`
[INFO] [stdout] 975ef4fcfdef147c57bac6efb5940f94159440bd28fa140c3789728fe32aad31
[INFO] running `Command { std: "docker" "start" "-a" "975ef4fcfdef147c57bac6efb5940f94159440bd28fa140c3789728fe32aad31", kill_on_drop: false }`
[INFO] running `Command { std: "docker" "inspect" "975ef4fcfdef147c57bac6efb5940f94159440bd28fa140c3789728fe32aad31", kill_on_drop: false }`
[INFO] running `Command { std: "docker" "rm" "-f" "975ef4fcfdef147c57bac6efb5940f94159440bd28fa140c3789728fe32aad31", kill_on_drop: false }`
[INFO] [stdout] 975ef4fcfdef147c57bac6efb5940f94159440bd28fa140c3789728fe32aad31
[INFO] running `Command { std: "docker" "create" "-v" "/var/lib/crater-agent-workspace/builds/worker-79/target:/opt/rustwide/target:rw,Z" "-v" "/var/lib/crater-agent-workspace/builds/worker-79/source:/opt/rustwide/workdir:ro,Z" "-v" "/var/lib/crater-agent-workspace/cargo-home:/opt/rustwide/cargo-home:ro,Z" "-v" "/var/lib/crater-agent-workspace/rustup-home:/opt/rustwide/rustup-home:ro,Z" "-e" "SOURCE_DIR=/opt/rustwide/workdir" "-e" "CARGO_TARGET_DIR=/opt/rustwide/target" "-e" "CARGO_INCREMENTAL=0" "-e" "RUST_BACKTRACE=full" "-e" "RUSTFLAGS=--cap-lints=warn" "-e" "CARGO_HOME=/opt/rustwide/cargo-home" "-e" "RUSTUP_HOME=/opt/rustwide/rustup-home" "-w" "/opt/rustwide/workdir" "-m" "1610612736" "--user" "0:0" "--network" "none" "ghcr.io/rust-lang/crates-build-env/linux@sha256:a89201d6b5b9fd45c15d5952ece0a0129e7e80cb26ec023fd59cf09bc26f1604" "/opt/rustwide/cargo-home/bin/cargo" "+beta-2021-10-15" "check" "--frozen" "--all" "--all-targets" "--message-format=json", kill_on_drop: false }`
[INFO] [stdout] 7fbc84c6a52d1666e68f79bc9464d001ff090d7771e627a9d434fabc95defbcb
[INFO] running `Command { std: "docker" "start" "-a" "7fbc84c6a52d1666e68f79bc9464d001ff090d7771e627a9d434fabc95defbcb", kill_on_drop: false }`
[INFO] [stderr] warning: only one of `license` or `license-file` is necessary
[INFO] [stderr]     Blocking waiting for file lock on package cache
[INFO] [stderr]     Checking cuml_map v0.1.0 (/opt/rustwide/workdir)
[INFO] [stdout] error[E0554]: `#![feature]` may not be used on the beta release channel
[INFO] [stdout]  --> src/lib.rs:1:1
[INFO] [stdout]   |
[INFO] [stdout] 1 | #![feature(test)]
[INFO] [stdout]   | ^^^^^^^^^^^^^^^^^
[INFO] [stdout] 
[INFO] [stdout] 
[INFO] [stdout] error[E0554]: `#![feature]` may not be used on the beta release channel
[INFO] [stdout]  --> src/lib.rs:2:1
[INFO] [stdout]   |
[INFO] [stdout] 2 | #![feature(nll)]
[INFO] [stdout]   | ^^^^^^^^^^^^^^^^
[INFO] [stdout] 
[INFO] [stdout] 
[INFO] [stdout] warning: anonymous parameters are deprecated and will be removed in the next edition.
[INFO] [stdout]   --> src/cmap.rs:11:26
[INFO] [stdout]    |
[INFO] [stdout] 11 |     fn insert(&mut self, Self::Key, Self::Value);
[INFO] [stdout]    |                          ^^^^^^^^^ help: try naming the parameter or explicitly ignoring it: `_: Self::Key`
[INFO] [stdout]    |
[INFO] [stdout]    = note: `#[warn(anonymous_parameters)]` on by default
[INFO] [stdout]    = warning: this is accepted in the current edition (Rust 2015) but is a hard error in Rust 2018!
[INFO] [stdout]    = note: for more information, see issue #41686 <https://github.com/rust-lang/rust/issues/41686>
[INFO] [stdout] 
[INFO] [stdout] 
[INFO] [stdout] warning: anonymous parameters are deprecated and will be removed in the next edition.
[INFO] [stdout]   --> src/cmap.rs:11:37
[INFO] [stdout]    |
[INFO] [stdout] 11 |     fn insert(&mut self, Self::Key, Self::Value);
[INFO] [stdout]    |                                     ^^^^^^^^^^^ help: try naming the parameter or explicitly ignoring it: `_: Self::Value`
[INFO] [stdout]    |
[INFO] [stdout]    = warning: this is accepted in the current edition (Rust 2015) but is a hard error in Rust 2018!
[INFO] [stdout]    = note: for more information, see issue #41686 <https://github.com/rust-lang/rust/issues/41686>
[INFO] [stdout] 
[INFO] [stdout] 
[INFO] [stdout] warning: anonymous parameters are deprecated and will be removed in the next edition.
[INFO] [stdout]   --> src/cmap.rs:15:24
[INFO] [stdout]    |
[INFO] [stdout] 15 |     fn get_cuml(&self, Self::Key) -> Self::Value;
[INFO] [stdout]    |                        ^^^^^^^^^ help: try naming the parameter or explicitly ignoring it: `_: Self::Key`
[INFO] [stdout]    |
[INFO] [stdout]    = warning: this is accepted in the current edition (Rust 2015) but is a hard error in Rust 2018!
[INFO] [stdout]    = note: for more information, see issue #41686 <https://github.com/rust-lang/rust/issues/41686>
[INFO] [stdout] 
[INFO] [stdout] 
[INFO] [stdout] warning: anonymous parameters are deprecated and will be removed in the next edition.
[INFO] [stdout]   --> src/cmap.rs:18:26
[INFO] [stdout]    |
[INFO] [stdout] 18 |     fn get_single(&self, Self::Key) -> Self::Value;
[INFO] [stdout]    |                          ^^^^^^^^^ help: try naming the parameter or explicitly ignoring it: `_: Self::Key`
[INFO] [stdout]    |
[INFO] [stdout]    = warning: this is accepted in the current edition (Rust 2015) but is a hard error in Rust 2018!
[INFO] [stdout]    = note: for more information, see issue #41686 <https://github.com/rust-lang/rust/issues/41686>
[INFO] [stdout] 
[INFO] [stdout] 
[INFO] [stdout] warning: anonymous parameters are deprecated and will be removed in the next edition.
[INFO] [stdout]   --> src/cmap.rs:26:28
[INFO] [stdout]    |
[INFO] [stdout] 26 |     fn get_quantile(&self, Self::Value) -> Option<Self::Key>;
[INFO] [stdout]    |                            ^^^^^^^^^^^ help: try naming the parameter or explicitly ignoring it: `_: Self::Value`
[INFO] [stdout]    |
[INFO] [stdout]    = warning: this is accepted in the current edition (Rust 2015) but is a hard error in Rust 2018!
[INFO] [stdout]    = note: for more information, see issue #41686 <https://github.com/rust-lang/rust/issues/41686>
[INFO] [stdout] 
[INFO] [stdout] 
[INFO] [stdout] error[E0554]: `#![feature]` may not be used on the beta release channel
[INFO] [stdout]  --> src/lib.rs:1:1
[INFO] [stdout]   |
[INFO] [stdout] 1 | #![feature(test)]
[INFO] [stdout]   | ^^^^^^^^^^^^^^^^^
[INFO] [stdout] 
[INFO] [stdout] 
[INFO] [stdout] error[E0554]: `#![feature]` may not be used on the beta release channel
[INFO] [stdout]  --> src/lib.rs:2:1
[INFO] [stdout]   |
[INFO] [stdout] 2 | #![feature(nll)]
[INFO] [stdout]   | ^^^^^^^^^^^^^^^^
[INFO] [stdout] 
[INFO] [stdout] 
[INFO] [stdout] warning: anonymous parameters are deprecated and will be removed in the next edition.
[INFO] [stdout]   --> src/cmap.rs:11:26
[INFO] [stdout]    |
[INFO] [stdout] 11 |     fn insert(&mut self, Self::Key, Self::Value);
[INFO] [stdout]    |                          ^^^^^^^^^ help: try naming the parameter or explicitly ignoring it: `_: Self::Key`
[INFO] [stdout]    |
[INFO] [stdout]    = note: `#[warn(anonymous_parameters)]` on by default
[INFO] [stdout]    = warning: this is accepted in the current edition (Rust 2015) but is a hard error in Rust 2018!
[INFO] [stdout]    = note: for more information, see issue #41686 <https://github.com/rust-lang/rust/issues/41686>
[INFO] [stdout] 
[INFO] [stdout] 
[INFO] [stdout] warning: anonymous parameters are deprecated and will be removed in the next edition.
[INFO] [stdout]   --> src/cmap.rs:11:37
[INFO] [stdout]    |
[INFO] [stdout] 11 |     fn insert(&mut self, Self::Key, Self::Value);
[INFO] [stdout]    |                                     ^^^^^^^^^^^ help: try naming the parameter or explicitly ignoring it: `_: Self::Value`
[INFO] [stdout]    |
[INFO] [stdout]    = warning: this is accepted in the current edition (Rust 2015) but is a hard error in Rust 2018!
[INFO] [stdout]    = note: for more information, see issue #41686 <https://github.com/rust-lang/rust/issues/41686>
[INFO] [stdout] 
[INFO] [stdout] 
[INFO] [stdout] warning: anonymous parameters are deprecated and will be removed in the next edition.
[INFO] [stdout]   --> src/cmap.rs:15:24
[INFO] [stdout]    |
[INFO] [stdout] 15 |     fn get_cuml(&self, Self::Key) -> Self::Value;
[INFO] [stdout]    |                        ^^^^^^^^^ help: try naming the parameter or explicitly ignoring it: `_: Self::Key`
[INFO] [stdout]    |
[INFO] [stdout]    = warning: this is accepted in the current edition (Rust 2015) but is a hard error in Rust 2018!
[INFO] [stdout]    = note: for more information, see issue #41686 <https://github.com/rust-lang/rust/issues/41686>
[INFO] [stdout] 
[INFO] [stdout] 
[INFO] [stdout] warning: anonymous parameters are deprecated and will be removed in the next edition.
[INFO] [stdout]   --> src/cmap.rs:18:26
[INFO] [stdout]    |
[INFO] [stdout] 18 |     fn get_single(&self, Self::Key) -> Self::Value;
[INFO] [stdout]    |                          ^^^^^^^^^ help: try naming the parameter or explicitly ignoring it: `_: Self::Key`
[INFO] [stdout]    |
[INFO] [stdout]    = warning: this is accepted in the current edition (Rust 2015) but is a hard error in Rust 2018!
[INFO] [stdout]    = note: for more information, see issue #41686 <https://github.com/rust-lang/rust/issues/41686>
[INFO] [stdout] 
[INFO] [stdout] 
[INFO] [stdout] warning: anonymous parameters are deprecated and will be removed in the next edition.
[INFO] [stdout]   --> src/cmap.rs:26:28
[INFO] [stdout]    |
[INFO] [stdout] 26 |     fn get_quantile(&self, Self::Value) -> Option<Self::Key>;
[INFO] [stdout]    |                            ^^^^^^^^^^^ help: try naming the parameter or explicitly ignoring it: `_: Self::Value`
[INFO] [stdout]    |
[INFO] [stdout]    = warning: this is accepted in the current edition (Rust 2015) but is a hard error in Rust 2018!
[INFO] [stdout]    = note: for more information, see issue #41686 <https://github.com/rust-lang/rust/issues/41686>
[INFO] [stdout] 
[INFO] [stdout] 
[INFO] [stdout] error: aborting due to 2 previous errors; 5 warnings emitted
[INFO] [stdout] 
[INFO] [stdout] 
[INFO] [stdout] For more information about this error, try `rustc --explain E0554`.
[INFO] [stdout] 
[INFO] [stderr] error: could not compile `cuml_map` due to 3 previous errors; 5 warnings emitted
[INFO] [stderr] warning: build failed, waiting for other jobs to finish...
[INFO] [stdout] error: aborting due to 2 previous errors; 5 warnings emitted
[INFO] [stdout] 
[INFO] [stdout] 
[INFO] [stdout] For more information about this error, try `rustc --explain E0554`.
[INFO] [stdout] 
[INFO] [stderr] error: build failed
[INFO] running `Command { std: "docker" "inspect" "7fbc84c6a52d1666e68f79bc9464d001ff090d7771e627a9d434fabc95defbcb", kill_on_drop: false }`
[INFO] running `Command { std: "docker" "rm" "-f" "7fbc84c6a52d1666e68f79bc9464d001ff090d7771e627a9d434fabc95defbcb", kill_on_drop: false }`
[INFO] [stdout] 7fbc84c6a52d1666e68f79bc9464d001ff090d7771e627a9d434fabc95defbcb
