[INFO] fetching crate crystalorb-bevy-networking-turbulence 0.2.1...
[INFO] checking crystalorb-bevy-networking-turbulence-0.2.1 against 1.55.0 for beta-1.56-3
[INFO] extracting crate crystalorb-bevy-networking-turbulence 0.2.1 into /workspace/builds/worker-58/source
[INFO] validating manifest of crates.io crate crystalorb-bevy-networking-turbulence 0.2.1 on toolchain 1.55.0
[INFO] running `Command { std: "/workspace/cargo-home/bin/cargo" "+1.55.0" "metadata" "--manifest-path" "Cargo.toml" "--no-deps", kill_on_drop: false }`
[INFO] started tweaking crates.io crate crystalorb-bevy-networking-turbulence 0.2.1
[INFO] finished tweaking crates.io crate crystalorb-bevy-networking-turbulence 0.2.1
[INFO] tweaked toml for crates.io crate crystalorb-bevy-networking-turbulence 0.2.1 written to /workspace/builds/worker-58/source/Cargo.toml
[INFO] running `Command { std: "/workspace/cargo-home/bin/cargo" "+1.55.0" "generate-lockfile" "--manifest-path" "Cargo.toml" "-Zno-index-update", kill_on_drop: false }`
[INFO] [stderr]     Blocking waiting for file lock on package cache
[INFO] running `Command { std: "/workspace/cargo-home/bin/cargo" "+1.55.0" "fetch" "--manifest-path" "Cargo.toml", kill_on_drop: false }`
[INFO] [stderr]     Blocking waiting for file lock on package cache
[INFO] [stderr]     Blocking waiting for file lock on package cache
[INFO] running `Command { std: "docker" "create" "-v" "/var/lib/crater-agent-workspace/builds/worker-58/target:/opt/rustwide/target:rw,Z" "-v" "/var/lib/crater-agent-workspace/builds/worker-58/source:/opt/rustwide/workdir:ro,Z" "-v" "/var/lib/crater-agent-workspace/cargo-home:/opt/rustwide/cargo-home:ro,Z" "-v" "/var/lib/crater-agent-workspace/rustup-home:/opt/rustwide/rustup-home:ro,Z" "-e" "SOURCE_DIR=/opt/rustwide/workdir" "-e" "CARGO_TARGET_DIR=/opt/rustwide/target" "-e" "CARGO_HOME=/opt/rustwide/cargo-home" "-e" "RUSTUP_HOME=/opt/rustwide/rustup-home" "-w" "/opt/rustwide/workdir" "-m" "1610612736" "--user" "0:0" "--network" "none" "ghcr.io/rust-lang/crates-build-env/linux@sha256:a89201d6b5b9fd45c15d5952ece0a0129e7e80cb26ec023fd59cf09bc26f1604" "/opt/rustwide/cargo-home/bin/cargo" "+1.55.0" "metadata" "--no-deps" "--format-version=1", kill_on_drop: false }`
[INFO] [stdout] baff6cb67e565996e65f6525f19d10f9724b1f1a591b651e133e453c8f56e575
[INFO] running `Command { std: "docker" "start" "-a" "baff6cb67e565996e65f6525f19d10f9724b1f1a591b651e133e453c8f56e575", kill_on_drop: false }`
[INFO] running `Command { std: "docker" "inspect" "baff6cb67e565996e65f6525f19d10f9724b1f1a591b651e133e453c8f56e575", kill_on_drop: false }`
[INFO] running `Command { std: "docker" "rm" "-f" "baff6cb67e565996e65f6525f19d10f9724b1f1a591b651e133e453c8f56e575", kill_on_drop: false }`
[INFO] [stdout] baff6cb67e565996e65f6525f19d10f9724b1f1a591b651e133e453c8f56e575
[INFO] running `Command { std: "docker" "create" "-v" "/var/lib/crater-agent-workspace/builds/worker-58/target:/opt/rustwide/target:rw,Z" "-v" "/var/lib/crater-agent-workspace/builds/worker-58/source:/opt/rustwide/workdir:ro,Z" "-v" "/var/lib/crater-agent-workspace/cargo-home:/opt/rustwide/cargo-home:ro,Z" "-v" "/var/lib/crater-agent-workspace/rustup-home:/opt/rustwide/rustup-home:ro,Z" "-e" "SOURCE_DIR=/opt/rustwide/workdir" "-e" "CARGO_TARGET_DIR=/opt/rustwide/target" "-e" "CARGO_INCREMENTAL=0" "-e" "RUST_BACKTRACE=full" "-e" "RUSTFLAGS=--cap-lints=warn" "-e" "CARGO_HOME=/opt/rustwide/cargo-home" "-e" "RUSTUP_HOME=/opt/rustwide/rustup-home" "-w" "/opt/rustwide/workdir" "-m" "1610612736" "--user" "0:0" "--network" "none" "ghcr.io/rust-lang/crates-build-env/linux@sha256:a89201d6b5b9fd45c15d5952ece0a0129e7e80cb26ec023fd59cf09bc26f1604" "/opt/rustwide/cargo-home/bin/cargo" "+1.55.0" "check" "--frozen" "--all" "--all-targets" "--message-format=json", kill_on_drop: false }`
[INFO] [stdout] 710a952bf33902da5fd7514bdc9f09d58722cd2863df7b509ac751d8f2032cf3
[INFO] running `Command { std: "docker" "start" "-a" "710a952bf33902da5fd7514bdc9f09d58722cd2863df7b509ac751d8f2032cf3", kill_on_drop: false }`
[INFO] [stderr]     Blocking waiting for file lock on package cache
[INFO] [stderr]    Compiling syn v1.0.65
[INFO] [stderr]     Checking futures-io v0.3.17
[INFO] [stderr]     Checking cache-padded v1.1.1
[INFO] [stderr]     Checking fastrand v1.5.0
[INFO] [stderr]     Checking parking v2.0.0
[INFO] [stderr]     Checking waker-fn v1.1.0
[INFO] [stderr]    Compiling parking_lot_core v0.8.5
[INFO] [stderr]    Compiling erased-serde v0.3.16
[INFO] [stderr]     Checking downcast-rs v1.2.0
[INFO] [stderr]     Checking async-task v4.0.3
[INFO] [stderr]     Checking event-listener v2.5.1
[INFO] [stderr]     Checking fixedbitset v0.4.0
[INFO] [stderr]    Compiling libm v0.2.1
[INFO] [stderr]    Compiling Inflector v0.11.4
[INFO] [stderr]    Compiling futures-channel v0.3.17
[INFO] [stderr]    Compiling proc-macro-nested v0.1.7
[INFO] [stderr]     Checking ansi_term v0.12.1
[INFO] [stderr]     Checking same-file v1.0.6
[INFO] [stderr]     Checking futures-sink v0.3.17
[INFO] [stderr]    Compiling async-trait v0.1.51
[INFO] [stderr]    Compiling snap v1.0.5
[INFO] [stderr]     Checking local_ipaddress v0.1.3
[INFO] [stderr]     Checking futures-timer v3.0.2
[INFO] [stderr]     Checking take_mut v0.2.2
[INFO] [stderr]     Checking tracing-core v0.1.21
[INFO] [stderr]     Checking instant v0.1.11
[INFO] [stderr]    Compiling ahash v0.7.6
[INFO] [stderr]     Checking lock_api v0.4.5
[INFO] [stderr]     Checking fxhash v0.2.1
[INFO] [stderr]    Compiling num-traits v0.2.14
[INFO] [stderr]     Checking regex-automata v0.1.10
[INFO] [stderr]    Compiling futures-macro v0.3.17
[INFO] [stderr]     Checking thread_local v1.1.3
[INFO] [stderr]     Checking sharded-slab v0.1.4
[INFO] [stderr]    Compiling futures-util v0.3.17
[INFO] [stderr]     Checking getrandom v0.2.3
[INFO] [stderr]     Checking num_cpus v1.13.0
[INFO] [stderr]     Checking inotify-sys v0.1.5
[INFO] [stderr]     Checking filetime v0.2.15
[INFO] [stderr]     Checking mio v0.7.13
[INFO] [stderr]     Checking socket2 v0.4.2
[INFO] [stderr]     Checking polling v2.1.0
[INFO] [stderr]     Checking rand v0.7.3
[INFO] [stderr]     Checking concurrent-queue v1.2.2
[INFO] [stderr]     Checking inotify v0.9.5
[INFO] [stderr]     Checking walkdir v2.3.2
[INFO] [stderr]     Checking futures-lite v1.12.0
[INFO] [stderr]     Checking rand_core v0.6.3
[INFO] [stderr]     Checking naia-socket-shared v0.4.2
[INFO] [stderr]     Checking async-channel v1.6.1
[INFO] [stderr]     Checking notify v5.0.0-pre.10
[INFO] [stderr]     Checking naia-client-socket v0.6.1
[INFO] [stderr]     Checking rand_chacha v0.3.1
[INFO] [stderr]     Checking matchers v0.0.1
[INFO] [stderr]     Checking tracing-log v0.1.2
[INFO] [stderr]     Checking rand v0.8.4
[INFO] [stderr]     Checking async-executor v1.4.1
[INFO] [stderr]     Checking async-io v1.6.0
[INFO] [stderr]     Checking bevy_tasks v0.5.0
[INFO] [stderr]     Checking num-integer v0.1.44
[INFO] [stderr]     Checking chrono v0.4.19
[INFO] [stderr]    Compiling serde_derive v1.0.130
[INFO] [stderr]    Compiling tracing-attributes v0.1.18
[INFO] [stderr]    Compiling thiserror-impl v1.0.30
[INFO] [stderr]     Checking tracing v0.1.29
[INFO] [stderr]     Checking thiserror v1.0.30
[INFO] [stderr]     Checking serde v1.0.130
[INFO] [stderr]     Checking futures-executor v0.3.17
[INFO] [stderr]     Checking naia-server-socket v0.5.0
[INFO] [stderr]     Checking futures v0.3.17
[INFO] [stderr]     Checking smallvec v1.7.0
[INFO] [stderr]     Checking uuid v0.8.2
[INFO] [stderr]     Checking glam v0.13.1
[INFO] [stderr]     Checking tracing-serde v0.1.2
[INFO] [stderr]     Checking serde_json v1.0.68
[INFO] [stderr]     Checking ron v0.6.5
[INFO] [stderr]     Checking bincode v1.3.3
[INFO] [stderr]     Checking crystalorb v0.2.1
[INFO] [stdout] error[E0554]: `#![feature]` may not be used on the stable release channel
[INFO] [stdout]  --> /opt/rustwide/cargo-home/registry/src/github.com-1ecc6299db9ec823/crystalorb-0.2.1/src/lib.rs:1:1
[INFO] [stdout]   |
[INFO] [stdout] 1 | #![feature(extended_key_value_attributes)]
[INFO] [stdout]   | ^^^^^^^^^^^^^^^^^^^^^^^^^^^^^^^^^^^^^^^^^^ help: remove the attribute
[INFO] [stdout]   |
[INFO] [stdout]   = help: the feature `extended_key_value_attributes` has been stable since 1.54.0 and no longer requires an attribute to enable
[INFO] [stdout] 
[INFO] [stdout] 
[INFO] [stdout] error[E0554]: `#![feature]` may not be used on the stable release channel
[INFO] [stdout]  --> /opt/rustwide/cargo-home/registry/src/github.com-1ecc6299db9ec823/crystalorb-0.2.1/src/lib.rs:2:1
[INFO] [stdout]   |
[INFO] [stdout] 2 | #![feature(const_fn_floating_point_arithmetic)]
[INFO] [stdout]   | ^^^^^^^^^^^^^^^^^^^^^^^^^^^^^^^^^^^^^^^^^^^^^^^
[INFO] [stdout] 
[INFO] [stdout] 
[INFO] [stdout] error[E0554]: `#![feature]` may not be used on the stable release channel
[INFO] [stdout]  --> /opt/rustwide/cargo-home/registry/src/github.com-1ecc6299db9ec823/crystalorb-0.2.1/src/lib.rs:3:1
[INFO] [stdout]   |
[INFO] [stdout] 3 | #![feature(map_first_last)]
[INFO] [stdout]   | ^^^^^^^^^^^^^^^^^^^^^^^^^^^
[INFO] [stdout] 
[INFO] [stdout] 
[INFO] [stdout] error[E0554]: `#![feature]` may not be used on the stable release channel
[INFO] [stdout]  --> /opt/rustwide/cargo-home/registry/src/github.com-1ecc6299db9ec823/crystalorb-0.2.1/src/lib.rs:4:1
[INFO] [stdout]   |
[INFO] [stdout] 4 | #![feature(const_generics)]
[INFO] [stdout]   | ^^^^^^^^^^^^^^^^^^^^^^^^^^^
[INFO] [stdout] 
[INFO] [stdout] 
[INFO] [stdout] error[E0554]: `#![feature]` may not be used on the stable release channel
[INFO] [stdout]  --> /opt/rustwide/cargo-home/registry/src/github.com-1ecc6299db9ec823/crystalorb-0.2.1/src/lib.rs:5:1
[INFO] [stdout]   |
[INFO] [stdout] 5 | #![feature(generic_associated_types)]
[INFO] [stdout]   | ^^^^^^^^^^^^^^^^^^^^^^^^^^^^^^^^^^^^^
[INFO] [stdout] 
[INFO] [stdout] 
[INFO] [stderr]    Compiling toml v0.5.8
[INFO] [stderr]     Checking bevy_utils v0.5.0
[INFO] [stdout] error: aborting due to 5 previous errors
[INFO] [stdout] 
[INFO] [stdout] 
[INFO] [stdout] For more information about this error, try `rustc --explain E0554`.
[INFO] [stdout] 
[INFO] [stderr] error: could not compile `crystalorb` due to 6 previous errors
[INFO] [stderr] warning: build failed, waiting for other jobs to finish...
[INFO] [stderr] error: build failed
[INFO] running `Command { std: "docker" "inspect" "710a952bf33902da5fd7514bdc9f09d58722cd2863df7b509ac751d8f2032cf3", kill_on_drop: false }`
[INFO] running `Command { std: "docker" "rm" "-f" "710a952bf33902da5fd7514bdc9f09d58722cd2863df7b509ac751d8f2032cf3", kill_on_drop: false }`
[INFO] [stdout] 710a952bf33902da5fd7514bdc9f09d58722cd2863df7b509ac751d8f2032cf3
