[INFO] fetching crate cryptonote-wallet 0.2.0...
[INFO] checking cryptonote-wallet-0.2.0 against beta-2021-10-15 for beta-1.56-3
[INFO] extracting crate cryptonote-wallet 0.2.0 into /workspace/builds/worker-109/source
[INFO] validating manifest of crates.io crate cryptonote-wallet 0.2.0 on toolchain beta-2021-10-15
[INFO] running `Command { std: "/workspace/cargo-home/bin/cargo" "+beta-2021-10-15" "metadata" "--manifest-path" "Cargo.toml" "--no-deps", kill_on_drop: false }`
[INFO] started tweaking crates.io crate cryptonote-wallet 0.2.0
[INFO] finished tweaking crates.io crate cryptonote-wallet 0.2.0
[INFO] tweaked toml for crates.io crate cryptonote-wallet 0.2.0 written to /workspace/builds/worker-109/source/Cargo.toml
[INFO] running `Command { std: "/workspace/cargo-home/bin/cargo" "+beta-2021-10-15" "generate-lockfile" "--manifest-path" "Cargo.toml" "-Zno-index-update", kill_on_drop: false }`
[INFO] [stderr]     Blocking waiting for file lock on package cache
[INFO] running `Command { std: "/workspace/cargo-home/bin/cargo" "+beta-2021-10-15" "fetch" "--manifest-path" "Cargo.toml", kill_on_drop: false }`
[INFO] [stderr]     Blocking waiting for file lock on package cache
[INFO] [stderr]     Blocking waiting for file lock on package cache
[INFO] running `Command { std: "docker" "create" "-v" "/var/lib/crater-agent-workspace/builds/worker-109/target:/opt/rustwide/target:rw,Z" "-v" "/var/lib/crater-agent-workspace/builds/worker-109/source:/opt/rustwide/workdir:ro,Z" "-v" "/var/lib/crater-agent-workspace/cargo-home:/opt/rustwide/cargo-home:ro,Z" "-v" "/var/lib/crater-agent-workspace/rustup-home:/opt/rustwide/rustup-home:ro,Z" "-e" "SOURCE_DIR=/opt/rustwide/workdir" "-e" "CARGO_TARGET_DIR=/opt/rustwide/target" "-e" "CARGO_HOME=/opt/rustwide/cargo-home" "-e" "RUSTUP_HOME=/opt/rustwide/rustup-home" "-w" "/opt/rustwide/workdir" "-m" "1610612736" "--user" "0:0" "--network" "none" "ghcr.io/rust-lang/crates-build-env/linux@sha256:a89201d6b5b9fd45c15d5952ece0a0129e7e80cb26ec023fd59cf09bc26f1604" "/opt/rustwide/cargo-home/bin/cargo" "+beta-2021-10-15" "metadata" "--no-deps" "--format-version=1", kill_on_drop: false }`
[INFO] [stdout] b320b7fd7e8b0213938fa95afe11af0dd37d8ddd3ad78edd2fa8aac7aa101da5
[INFO] running `Command { std: "docker" "start" "-a" "b320b7fd7e8b0213938fa95afe11af0dd37d8ddd3ad78edd2fa8aac7aa101da5", kill_on_drop: false }`
[INFO] running `Command { std: "docker" "inspect" "b320b7fd7e8b0213938fa95afe11af0dd37d8ddd3ad78edd2fa8aac7aa101da5", kill_on_drop: false }`
[INFO] running `Command { std: "docker" "rm" "-f" "b320b7fd7e8b0213938fa95afe11af0dd37d8ddd3ad78edd2fa8aac7aa101da5", kill_on_drop: false }`
[INFO] [stdout] b320b7fd7e8b0213938fa95afe11af0dd37d8ddd3ad78edd2fa8aac7aa101da5
[INFO] running `Command { std: "docker" "create" "-v" "/var/lib/crater-agent-workspace/builds/worker-109/target:/opt/rustwide/target:rw,Z" "-v" "/var/lib/crater-agent-workspace/builds/worker-109/source:/opt/rustwide/workdir:ro,Z" "-v" "/var/lib/crater-agent-workspace/cargo-home:/opt/rustwide/cargo-home:ro,Z" "-v" "/var/lib/crater-agent-workspace/rustup-home:/opt/rustwide/rustup-home:ro,Z" "-e" "SOURCE_DIR=/opt/rustwide/workdir" "-e" "CARGO_TARGET_DIR=/opt/rustwide/target" "-e" "CARGO_INCREMENTAL=0" "-e" "RUST_BACKTRACE=full" "-e" "RUSTFLAGS=--cap-lints=warn" "-e" "CARGO_HOME=/opt/rustwide/cargo-home" "-e" "RUSTUP_HOME=/opt/rustwide/rustup-home" "-w" "/opt/rustwide/workdir" "-m" "1610612736" "--user" "0:0" "--network" "none" "ghcr.io/rust-lang/crates-build-env/linux@sha256:a89201d6b5b9fd45c15d5952ece0a0129e7e80cb26ec023fd59cf09bc26f1604" "/opt/rustwide/cargo-home/bin/cargo" "+beta-2021-10-15" "check" "--frozen" "--all" "--all-targets" "--message-format=json", kill_on_drop: false }`
[INFO] [stdout] 0f6b0d2d23f403a82a2ee47bb21c0c39859a0e77151a28acb0705a95dce7de85
[INFO] running `Command { std: "docker" "start" "-a" "0f6b0d2d23f403a82a2ee47bb21c0c39859a0e77151a28acb0705a95dce7de85", kill_on_drop: false }`
[INFO] [stderr]     Blocking waiting for file lock on package cache
[INFO] [stderr]    Compiling autocfg v0.1.7
[INFO] [stderr]    Compiling syn v1.0.80
[INFO] [stderr]    Compiling glob v0.2.11
[INFO] [stderr]    Compiling gimli v0.25.0
[INFO] [stderr]    Compiling adler v1.0.2
[INFO] [stderr]    Compiling proc-macro2 v0.4.30
[INFO] [stderr]    Compiling rustc-demangle v0.1.21
[INFO] [stderr]    Compiling quick-error v1.2.3
[INFO] [stderr]    Compiling regex-syntax v0.6.25
[INFO] [stderr]    Compiling unicode-width v0.1.9
[INFO] [stderr]    Compiling ansi_term v0.11.0
[INFO] [stderr]    Compiling strsim v0.8.0
[INFO] [stderr]    Compiling bindgen v0.45.0
[INFO] [stderr]    Compiling vec_map v0.8.2
[INFO] [stderr]    Compiling termcolor v1.1.2
[INFO] [stderr]    Compiling peeking_take_while v0.1.2
[INFO] [stderr]    Compiling serde v1.0.130
[INFO] [stderr]    Compiling crunchy v0.2.2
[INFO] [stderr]    Compiling lazy_static v1.4.0
[INFO] [stderr]     Checking signature v1.3.1
[INFO] [stderr]     Checking subtle v2.4.1
[INFO] [stderr]     Checking byteorder v1.4.3
[INFO] [stderr]     Checking cryptonote-basic v0.1.0
[INFO] [stderr]     Checking leb128 v0.2.5
[INFO] [stderr]     Checking cryptonote-varint v0.1.3
[INFO] [stderr]     Checking arrayref v0.3.6
[INFO] [stderr]    Compiling num-traits v0.2.14
[INFO] [stderr]    Compiling num-integer v0.1.44
[INFO] [stderr]    Compiling miniz_oxide v0.4.4
[INFO] [stderr]    Compiling num-bigint v0.4.2
[INFO] [stderr]    Compiling num-rational v0.4.0
[INFO] [stderr]    Compiling num-iter v0.1.42
[INFO] [stderr]    Compiling typenum v1.14.0
[INFO] [stderr]    Compiling backtrace v0.3.61
[INFO] [stderr]    Compiling nom v4.2.3
[INFO] [stderr]    Compiling libloading v0.5.2
[INFO] [stderr]     Checking rand_core v0.3.1
[INFO] [stderr]     Checking rand_jitter v0.1.4
[INFO] [stderr]    Compiling memchr v2.4.1
[INFO] [stderr]    Compiling generic-array v0.14.4
[INFO] [stderr]    Compiling log v0.4.14
[INFO] [stderr]    Compiling atty v0.2.14
[INFO] [stderr]     Checking getrandom v0.1.16
[INFO] [stderr]     Checking rand_os v0.1.3
[INFO] [stderr]     Checking dirs v1.0.5
[INFO] [stderr]    Compiling humantime v1.3.0
[INFO] [stderr]     Checking cryptonote-config v0.1.1
[INFO] [stderr]     Checking cryptonote-currency v0.1.0
[INFO] [stderr]     Checking rand_xorshift v0.1.1
[INFO] [stderr]     Checking rand_hc v0.1.0
[INFO] [stderr]     Checking rand_isaac v0.1.1
[INFO] [stderr]     Checking ed25519 v1.2.0
[INFO] [stderr]    Compiling textwrap v0.11.0
[INFO] [stderr]    Compiling rand_chacha v0.1.1
[INFO] [stderr]    Compiling rand_pcg v0.1.2
[INFO] [stderr]    Compiling rand v0.6.5
[INFO] [stderr]     Checking rand_core v0.5.1
[INFO] [stderr]    Compiling clap v2.33.3
[INFO] [stderr]     Checking tiny-keccak v1.5.0
[INFO] [stderr]     Checking rand_chacha v0.2.2
[INFO] [stderr]    Compiling clang-sys v0.26.4
[INFO] [stderr]    Compiling object v0.26.2
[INFO] [stderr]    Compiling aho-corasick v0.7.18
[INFO] [stderr]     Checking rand v0.7.3
[INFO] [stderr]     Checking digest v0.9.0
[INFO] [stderr]     Checking block-buffer v0.9.0
[INFO] [stderr]    Compiling quote v0.6.13
[INFO] [stderr]     Checking sha2 v0.9.8
[INFO] [stderr]     Checking num-complex v0.4.0
[INFO] [stderr]     Checking chrono v0.4.19
[INFO] [stderr]    Compiling addr2line v0.16.0
[INFO] [stderr]    Compiling cexpr v0.3.6
[INFO] [stderr]    Compiling regex v1.5.4
[INFO] [stderr]    Compiling synstructure v0.12.6
[INFO] [stderr]    Compiling env_logger v0.6.2
[INFO] [stderr]     Checking num v0.4.0
[INFO] [stderr]     Checking rust-base58 v0.0.4
[INFO] [stderr]    Compiling zeroize_derive v1.2.0
[INFO] [stderr]     Checking cryptonote-base58 v0.1.2
[INFO] [stderr]    Compiling failure v0.1.8
[INFO] [stderr]    Compiling which v2.0.1
[INFO] [stderr]     Checking zeroize v1.4.2
[INFO] [stderr]     Checking curve25519-dalek v3.2.0
[INFO] [stderr]     Checking ed25519-dalek v1.0.1
[INFO] [stderr]     Checking cryptonote-account v0.1.4
[INFO] [stdout] error[E0277]: the trait bound `rand::rngs::OsRng: rand_core::CryptoRng` is not satisfied
[INFO] [stdout]    --> /opt/rustwide/cargo-home/registry/src/github.com-1ecc6299db9ec823/cryptonote-account-0.1.4/src/lib.rs:116:44
[INFO] [stdout]     |
[INFO] [stdout] 116 |     let spend: Keypair = Keypair::generate(&mut spend_rng);
[INFO] [stdout]     |                                            ^^^^^^^^^^^^^^ the trait `rand_core::CryptoRng` is not implemented for `rand::rngs::OsRng`
[INFO] [stdout]     |
[INFO] [stdout] note: required by a bound in `Keypair::generate`
[INFO] [stdout]    --> /opt/rustwide/cargo-home/registry/src/github.com-1ecc6299db9ec823/ed25519-dalek-1.0.1/src/keypair.rs:129:12
[INFO] [stdout]     |
[INFO] [stdout] 129 |         R: CryptoRng + RngCore,
[INFO] [stdout]     |            ^^^^^^^^^ required by this bound in `Keypair::generate`
[INFO] [stdout] 
[INFO] [stdout] 
[INFO] [stdout] error[E0277]: the trait bound `rand::rngs::OsRng: rand_core::RngCore` is not satisfied
[INFO] [stdout]    --> /opt/rustwide/cargo-home/registry/src/github.com-1ecc6299db9ec823/cryptonote-account-0.1.4/src/lib.rs:116:44
[INFO] [stdout]     |
[INFO] [stdout] 116 |     let spend: Keypair = Keypair::generate(&mut spend_rng);
[INFO] [stdout]     |                                            ^^^^^^^^^^^^^^ the trait `rand_core::RngCore` is not implemented for `rand::rngs::OsRng`
[INFO] [stdout]     |
[INFO] [stdout] note: required by a bound in `Keypair::generate`
[INFO] [stdout]    --> /opt/rustwide/cargo-home/registry/src/github.com-1ecc6299db9ec823/ed25519-dalek-1.0.1/src/keypair.rs:129:24
[INFO] [stdout]     |
[INFO] [stdout] 129 |         R: CryptoRng + RngCore,
[INFO] [stdout]     |                        ^^^^^^^ required by this bound in `Keypair::generate`
[INFO] [stdout] 
[INFO] [stdout] 
[INFO] [stdout] error[E0277]: the trait bound `rand::rngs::OsRng: rand_core::CryptoRng` is not satisfied
[INFO] [stdout]    --> /opt/rustwide/cargo-home/registry/src/github.com-1ecc6299db9ec823/cryptonote-account-0.1.4/src/lib.rs:117:43
[INFO] [stdout]     |
[INFO] [stdout] 117 |     let view: Keypair = Keypair::generate(&mut view_rng);
[INFO] [stdout]     |                                           ^^^^^^^^^^^^^ the trait `rand_core::CryptoRng` is not implemented for `rand::rngs::OsRng`
[INFO] [stdout]     |
[INFO] [stdout] note: required by a bound in `Keypair::generate`
[INFO] [stdout]    --> /opt/rustwide/cargo-home/registry/src/github.com-1ecc6299db9ec823/ed25519-dalek-1.0.1/src/keypair.rs:129:12
[INFO] [stdout]     |
[INFO] [stdout] 129 |         R: CryptoRng + RngCore,
[INFO] [stdout]     |            ^^^^^^^^^ required by this bound in `Keypair::generate`
[INFO] [stdout] 
[INFO] [stdout] 
[INFO] [stdout] error[E0277]: the trait bound `rand::rngs::OsRng: rand_core::RngCore` is not satisfied
[INFO] [stdout]    --> /opt/rustwide/cargo-home/registry/src/github.com-1ecc6299db9ec823/cryptonote-account-0.1.4/src/lib.rs:117:43
[INFO] [stdout]     |
[INFO] [stdout] 117 |     let view: Keypair = Keypair::generate(&mut view_rng);
[INFO] [stdout]     |                                           ^^^^^^^^^^^^^ the trait `rand_core::RngCore` is not implemented for `rand::rngs::OsRng`
[INFO] [stdout]     |
[INFO] [stdout] note: required by a bound in `Keypair::generate`
[INFO] [stdout]    --> /opt/rustwide/cargo-home/registry/src/github.com-1ecc6299db9ec823/ed25519-dalek-1.0.1/src/keypair.rs:129:24
[INFO] [stdout]     |
[INFO] [stdout] 129 |         R: CryptoRng + RngCore,
[INFO] [stdout]     |                        ^^^^^^^ required by this bound in `Keypair::generate`
[INFO] [stdout] 
[INFO] [stdout] 
[INFO] [stderr] error: could not compile `cryptonote-account` due to 5 previous errors
[INFO] [stdout] error: aborting due to 4 previous errors
[INFO] [stdout] 
[INFO] [stdout] 
[INFO] [stderr] warning: build failed, waiting for other jobs to finish...
[INFO] [stdout] For more information about this error, try `rustc --explain E0277`.
[INFO] [stdout] 
[INFO] [stderr] error: build failed
[INFO] running `Command { std: "docker" "inspect" "0f6b0d2d23f403a82a2ee47bb21c0c39859a0e77151a28acb0705a95dce7de85", kill_on_drop: false }`
[INFO] running `Command { std: "docker" "rm" "-f" "0f6b0d2d23f403a82a2ee47bb21c0c39859a0e77151a28acb0705a95dce7de85", kill_on_drop: false }`
[INFO] [stdout] 0f6b0d2d23f403a82a2ee47bb21c0c39859a0e77151a28acb0705a95dce7de85
