[INFO] fetching crate crusty-core 0.76.0...
[INFO] checking crusty-core-0.76.0 against 1.55.0 for beta-1.56-3
[INFO] extracting crate crusty-core 0.76.0 into /workspace/builds/worker-109/source
[INFO] validating manifest of crates.io crate crusty-core 0.76.0 on toolchain 1.55.0
[INFO] running `Command { std: "/workspace/cargo-home/bin/cargo" "+1.55.0" "metadata" "--manifest-path" "Cargo.toml" "--no-deps", kill_on_drop: false }`
[INFO] started tweaking crates.io crate crusty-core 0.76.0
[INFO] removed 3 missing examples
[INFO] finished tweaking crates.io crate crusty-core 0.76.0
[INFO] tweaked toml for crates.io crate crusty-core 0.76.0 written to /workspace/builds/worker-109/source/Cargo.toml
[INFO] crate crates.io crate crusty-core 0.76.0 already has a lockfile, it will not be regenerated
[INFO] running `Command { std: "/workspace/cargo-home/bin/cargo" "+1.55.0" "fetch" "--manifest-path" "Cargo.toml", kill_on_drop: false }`
[INFO] [stderr]     Blocking waiting for file lock on package cache
[INFO] [stderr]     Blocking waiting for file lock on package cache
[INFO] [stderr]  Downloading crates ...
[INFO] [stderr]   Downloaded enum-as-inner v0.3.3
[INFO] [stderr]   Downloaded hostname v0.3.1
[INFO] [stderr]   Downloaded thiserror-impl v1.0.29
[INFO] [stderr]   Downloaded match_cfg v0.1.0
[INFO] [stderr]   Downloaded markup5ever_rcdom v0.1.0
[INFO] [stderr]   Downloaded tendril v0.4.2
[INFO] [stderr]   Downloaded mac v0.1.1
[INFO] [stderr]   Downloaded string_cache v0.8.1
[INFO] [stderr]   Downloaded phf_generator v0.8.0
[INFO] [stderr]   Downloaded html5ever v0.25.1
[INFO] [stderr]   Downloaded humanize-rs v0.1.5
[INFO] [stderr]   Downloaded siphasher v0.3.7
[INFO] [stderr]   Downloaded thiserror v1.0.29
[INFO] [stderr]   Downloaded tokio-macros v1.4.1
[INFO] [stderr]   Downloaded trust-dns-proto v0.20.3
[INFO] [stderr]   Downloaded core_affinity v0.5.10
[INFO] [stderr]   Downloaded nanorand v0.6.1
[INFO] [stderr]   Downloaded flume v0.10.9
[INFO] [stderr]   Downloaded humansize v1.1.1
[INFO] [stderr]   Downloaded string_cache_codegen v0.5.1
[INFO] [stderr]   Downloaded futf v0.1.4
[INFO] [stderr]   Downloaded ipconfig v0.2.2
[INFO] [stderr]   Downloaded phf v0.8.0
[INFO] [stderr]   Downloaded sharded-slab v0.1.3
[INFO] [stderr]   Downloaded phf_shared v0.8.0
[INFO] [stderr]   Downloaded select v0.5.0
[INFO] [stderr]   Downloaded resolv-conf v0.7.0
[INFO] [stderr]   Downloaded widestring v0.4.3
[INFO] [stderr]   Downloaded lru-cache v0.1.2
[INFO] [stderr]   Downloaded data-encoding v2.3.2
[INFO] [stderr]   Downloaded trust-dns-resolver v0.20.3
[INFO] [stderr]   Downloaded xml5ever v0.16.1
[INFO] [stderr]   Downloaded phf_codegen v0.8.0
[INFO] [stderr]   Downloaded markup5ever v0.10.1
[INFO] [stderr]   Downloaded robotstxt-with-cache v0.4.0
[INFO] [stderr]   Downloaded tracing-tools v0.5.0
[INFO] running `Command { std: "docker" "create" "-v" "/var/lib/crater-agent-workspace/builds/worker-109/target:/opt/rustwide/target:rw,Z" "-v" "/var/lib/crater-agent-workspace/builds/worker-109/source:/opt/rustwide/workdir:ro,Z" "-v" "/var/lib/crater-agent-workspace/cargo-home:/opt/rustwide/cargo-home:ro,Z" "-v" "/var/lib/crater-agent-workspace/rustup-home:/opt/rustwide/rustup-home:ro,Z" "-e" "SOURCE_DIR=/opt/rustwide/workdir" "-e" "CARGO_TARGET_DIR=/opt/rustwide/target" "-e" "CARGO_HOME=/opt/rustwide/cargo-home" "-e" "RUSTUP_HOME=/opt/rustwide/rustup-home" "-w" "/opt/rustwide/workdir" "-m" "1610612736" "--user" "0:0" "--network" "none" "ghcr.io/rust-lang/crates-build-env/linux@sha256:a89201d6b5b9fd45c15d5952ece0a0129e7e80cb26ec023fd59cf09bc26f1604" "/opt/rustwide/cargo-home/bin/cargo" "+1.55.0" "metadata" "--no-deps" "--format-version=1", kill_on_drop: false }`
[INFO] [stdout] fd2ba73c2da6e174b5cb84c02eac131a855ab88164666fc40345fa2cd0d463e6
[INFO] running `Command { std: "docker" "start" "-a" "fd2ba73c2da6e174b5cb84c02eac131a855ab88164666fc40345fa2cd0d463e6", kill_on_drop: false }`
[INFO] running `Command { std: "docker" "inspect" "fd2ba73c2da6e174b5cb84c02eac131a855ab88164666fc40345fa2cd0d463e6", kill_on_drop: false }`
[INFO] running `Command { std: "docker" "rm" "-f" "fd2ba73c2da6e174b5cb84c02eac131a855ab88164666fc40345fa2cd0d463e6", kill_on_drop: false }`
[INFO] [stdout] fd2ba73c2da6e174b5cb84c02eac131a855ab88164666fc40345fa2cd0d463e6
[INFO] running `Command { std: "docker" "create" "-v" "/var/lib/crater-agent-workspace/builds/worker-109/target:/opt/rustwide/target:rw,Z" "-v" "/var/lib/crater-agent-workspace/builds/worker-109/source:/opt/rustwide/workdir:ro,Z" "-v" "/var/lib/crater-agent-workspace/cargo-home:/opt/rustwide/cargo-home:ro,Z" "-v" "/var/lib/crater-agent-workspace/rustup-home:/opt/rustwide/rustup-home:ro,Z" "-e" "SOURCE_DIR=/opt/rustwide/workdir" "-e" "CARGO_TARGET_DIR=/opt/rustwide/target" "-e" "CARGO_INCREMENTAL=0" "-e" "RUST_BACKTRACE=full" "-e" "RUSTFLAGS=--cap-lints=warn" "-e" "CARGO_HOME=/opt/rustwide/cargo-home" "-e" "RUSTUP_HOME=/opt/rustwide/rustup-home" "-w" "/opt/rustwide/workdir" "-m" "1610612736" "--user" "0:0" "--network" "none" "ghcr.io/rust-lang/crates-build-env/linux@sha256:a89201d6b5b9fd45c15d5952ece0a0129e7e80cb26ec023fd59cf09bc26f1604" "/opt/rustwide/cargo-home/bin/cargo" "+1.55.0" "check" "--frozen" "--all" "--all-targets" "--message-format=json", kill_on_drop: false }`
[INFO] [stdout] b6bf319545903c75174f0b64fed3966dc125dcb318d80a5cf6e4ed81304ab065
[INFO] running `Command { std: "docker" "start" "-a" "b6bf319545903c75174f0b64fed3966dc125dcb318d80a5cf6e4ed81304ab065", kill_on_drop: false }`
[INFO] [stderr]     Blocking waiting for file lock on package cache
[INFO] [stderr]    Compiling libc v0.2.103
[INFO] [stderr]    Compiling proc-macro2 v1.0.29
[INFO] [stderr]    Compiling futures-core v0.3.17
[INFO] [stderr]     Checking bytes v1.1.0
[INFO] [stderr]    Compiling futures-task v0.3.17
[INFO] [stderr]    Compiling ppv-lite86 v0.2.10
[INFO] [stderr]    Compiling siphasher v0.3.7
[INFO] [stderr]     Checking itoa v0.4.8
[INFO] [stderr]     Checking pin-utils v0.1.0
[INFO] [stderr]    Compiling futures-channel v0.3.17
[INFO] [stderr]    Compiling openssl v0.10.36
[INFO] [stderr]     Checking futures-sink v0.3.17
[INFO] [stderr]     Checking smallvec v1.7.0
[INFO] [stderr]    Compiling native-tls v0.2.8
[INFO] [stderr]     Checking futures-io v0.3.17
[INFO] [stderr]    Compiling parking_lot_core v0.8.5
[INFO] [stderr]    Compiling httparse v1.5.1
[INFO] [stderr]     Checking new_debug_unreachable v1.0.4
[INFO] [stderr]     Checking unicode-bidi v0.3.6
[INFO] [stderr]    Compiling async-trait v0.1.51
[INFO] [stderr]     Checking mac v0.1.1
[INFO] [stderr]     Checking openssl-probe v0.1.4
[INFO] [stderr]     Checking try-lock v0.2.3
[INFO] [stderr]     Checking data-encoding v2.3.2
[INFO] [stderr]     Checking linked-hash-map v0.5.4
[INFO] [stderr]     Checking tower-service v0.3.1
[INFO] [stderr]     Checking httpdate v1.0.1
[INFO] [stderr]     Checking quick-error v1.2.3
[INFO] [stderr]     Checking utf-8 v0.7.6
[INFO] [stderr]     Checking precomputed-hash v0.1.1
[INFO] [stderr]     Checking ipnet v2.3.1
[INFO] [stderr]     Checking humanize-rs v0.1.5
[INFO] [stderr]     Checking robotstxt-with-cache v0.4.0
[INFO] [stderr]     Checking humansize v1.1.1
[INFO] [stderr]    Compiling tokio v1.11.0
[INFO] [stderr]     Checking tracing-core v0.1.21
[INFO] [stderr]    Compiling openssl-sys v0.9.67
[INFO] [stderr]    Compiling futures-util v0.3.17
[INFO] [stderr]    Compiling indexmap v1.7.0
[INFO] [stderr]     Checking lock_api v0.4.5
[INFO] [stderr]     Checking instant v0.1.11
[INFO] [stderr]     Checking thread_local v1.1.3
[INFO] [stderr]     Checking regex v1.5.4
[INFO] [stderr]     Checking futf v0.1.4
[INFO] [stderr]     Checking want v0.3.0
[INFO] [stderr]     Checking lru-cache v0.1.2
[INFO] [stderr]     Checking phf_shared v0.8.0
[INFO] [stderr]     Checking tracing-log v0.1.2
[INFO] [stderr]     Checking idna v0.2.3
[INFO] [stderr]     Checking spin v0.9.2
[INFO] [stderr]     Checking http v0.2.5
[INFO] [stderr]     Checking futures-lite v1.12.0
[INFO] [stderr]     Checking tendril v0.4.2
[INFO] [stderr]    Compiling getrandom v0.1.16
[INFO] [stderr]    Compiling quote v1.0.10
[INFO] [stderr]     Checking phf v0.8.0
[INFO] [stderr]     Checking num_cpus v1.13.0
[INFO] [stderr]     Checking mio v0.7.13
[INFO] [stderr]     Checking getrandom v0.2.3
[INFO] [stderr]     Checking hostname v0.3.1
[INFO] [stderr]     Checking socket2 v0.4.2
[INFO] [stderr]     Checking flate2 v1.0.22
[INFO] [stderr]     Checking chrono v0.4.19
[INFO] [stderr]     Checking url v2.2.2
[INFO] [stderr]     Checking core_affinity v0.5.10
[INFO] [stderr]     Checking resolv-conf v0.7.0
[INFO] [stderr]    Compiling rand_core v0.5.1
[INFO] [stderr]     Checking parking_lot v0.11.2
[INFO] [stderr]     Checking rand_core v0.6.3
[INFO] [stderr]     Checking nanorand v0.6.1
[INFO] [stderr]    Compiling syn v1.0.80
[INFO] [stderr]     Checking rand_chacha v0.3.1
[INFO] [stderr]    Compiling rand_pcg v0.2.1
[INFO] [stderr]    Compiling rand_chacha v0.2.2
[INFO] [stderr]     Checking rand v0.8.4
[INFO] [stderr]    Compiling rand v0.7.3
[INFO] [stderr]     Checking http-body v0.4.3
[INFO] [stderr]    Compiling phf_generator v0.8.0
[INFO] [stderr]    Compiling string_cache_codegen v0.5.1
[INFO] [stderr]    Compiling phf_codegen v0.8.0
[INFO] [stderr]    Compiling markup5ever v0.10.1
[INFO] [stderr]    Compiling serde_derive v1.0.130
[INFO] [stderr]    Compiling tokio-macros v1.4.1
[INFO] [stderr]    Compiling tracing-attributes v0.1.18
[INFO] [stderr]    Compiling pin-project-internal v1.0.8
[INFO] [stderr]    Compiling thiserror-impl v1.0.29
[INFO] [stderr]    Compiling enum-as-inner v0.3.3
[INFO] [stderr]    Compiling html5ever v0.25.1
[INFO] [stderr]    Compiling strum_macros v0.21.1
[INFO] [stderr]    Compiling derivative v2.2.0
[INFO] [stderr]     Checking tracing v0.1.29
[INFO] [stderr]     Checking thiserror v1.0.29
[INFO] [stderr]     Checking pin-project v1.0.8
[INFO] [stderr]     Checking tracing-futures v0.2.5
[INFO] [stderr]     Checking flume v0.10.9
[INFO] [stderr]     Checking tracing-tools v0.5.0
[INFO] [stderr]     Checking serde v1.0.130
[INFO] [stderr]     Checking tokio-util v0.6.8
[INFO] [stderr]     Checking tokio-native-tls v0.3.0
[INFO] [stderr]     Checking h2 v0.3.6
[INFO] [stderr]     Checking string_cache v0.8.1
[INFO] [stderr]     Checking trust-dns-proto v0.20.3
[INFO] [stderr]     Checking serde_json v1.0.68
[INFO] [stderr]     Checking tracing-serde v0.1.2
[INFO] [stderr]     Checking hyper v0.14.13
[INFO] [stderr]     Checking tracing-subscriber v0.2.25
[INFO] [stderr]     Checking trust-dns-resolver v0.20.3
[INFO] [stderr]     Checking hyper-tls v0.5.0
[INFO] [stderr]     Checking crusty-core v0.76.0 (/opt/rustwide/workdir)
[INFO] [stdout] error[E0432]: unresolved import `crusty_core::select_task_expanders`
[INFO] [stdout]  --> examples/simple-short/main.rs:1:31
[INFO] [stdout]   |
[INFO] [stdout] 1 | use crusty_core::{prelude::*, select_task_expanders::FollowLinks};
[INFO] [stdout]   |                               ^^^^^^^^^^^^^^^^^^^^^ could not find `select_task_expanders` in `crusty_core`
[INFO] [stdout] 
[INFO] [stdout] 
[INFO] [stdout] error[E0412]: cannot find type `Document` in this scope
[INFO] [stdout]   --> examples/simple-short/main.rs:15:40
[INFO] [stdout]    |
[INFO] [stdout] 15 | impl TaskExpander<JobState, TaskState, Document> for DataExtractor {
[INFO] [stdout]    |     -                                  ^^^^^^^^ not found in this scope
[INFO] [stdout]    |     |
[INFO] [stdout]    |     help: you might be missing a type parameter: `<Document>`
[INFO] [stdout] 
[INFO] [stdout] 
[INFO] [stdout] error[E0412]: cannot find type `Document` in this scope
[INFO] [stdout]   --> examples/simple-short/main.rs:21:15
[INFO] [stdout]    |
[INFO] [stdout] 21 |         doc: &Document,
[INFO] [stdout]    |               ^^^^^^^^ not found in this scope
[INFO] [stdout] 
[INFO] [stdout] 
[INFO] [stdout] error[E0425]: cannot find function, tuple struct or tuple variant `Name` in this scope
[INFO] [stdout]   --> examples/simple-short/main.rs:23:39
[INFO] [stdout]    |
[INFO] [stdout] 23 |         if let Some(title) = doc.find(Name("title")).next().map(|v| v.text()) {
[INFO] [stdout]    |                                       ^^^^ not found in this scope
[INFO] [stdout] 
[INFO] [stdout] 
[INFO] [stdout] error[E0425]: cannot find function `document_parser` in this scope
[INFO] [stdout]   --> examples/simple-short/main.rs:36:69
[INFO] [stdout]    |
[INFO] [stdout] 36 |     let rules = CrawlingRules::new(CrawlingRulesOptions::default(), document_parser())
[INFO] [stdout]    |                                                                     ^^^^^^^^^^^^^^^ not found in this scope
[INFO] [stdout] 
[INFO] [stdout] 
[INFO] [stdout] error[E0432]: unresolved import `crusty_core::select_task_expanders`
[INFO] [stdout]  --> examples/find_duplicate_titles/main.rs:7:31
[INFO] [stdout]   |
[INFO] [stdout] 7 | use crusty_core::{prelude::*, select_task_expanders::FollowLinks};
[INFO] [stdout]   |                               ^^^^^^^^^^^^^^^^^^^^^ could not find `select_task_expanders` in `crusty_core`
[INFO] [stdout] 
[INFO] [stdout] 
[INFO] [stdout] error[E0433]: failed to resolve: could not find `select` in `crusty_core`
[INFO] [stdout]  --> examples/simple/main.rs:3:5
[INFO] [stdout]   |
[INFO] [stdout] 3 |     select::predicate::Name,
[INFO] [stdout]   |     ^^^^^^ could not find `select` in `crusty_core`
[INFO] [stdout] 
[INFO] [stdout] 
[INFO] [stdout] error[E0432]: unresolved import `crusty_core::select_task_expanders`
[INFO] [stdout]  --> examples/simple/main.rs:4:5
[INFO] [stdout]   |
[INFO] [stdout] 4 |     select_task_expanders::{document_parser, Document, FollowLinks},
[INFO] [stdout]   |     ^^^^^^^^^^^^^^^^^^^^^ could not find `select_task_expanders` in `crusty_core`
[INFO] [stdout] 
[INFO] [stdout] 
[INFO] [stdout] error[E0412]: cannot find type `Document` in this scope
[INFO] [stdout]   --> examples/find_duplicate_titles/main.rs:49:40
[INFO] [stdout]    |
[INFO] [stdout] 49 | impl TaskExpander<JobState, TaskState, Document> for DataExtractor {
[INFO] [stdout]    |     -                                  ^^^^^^^^ not found in this scope
[INFO] [stdout]    |     |
[INFO] [stdout]    |     help: you might be missing a type parameter: `<Document>`
[INFO] [stdout] 
[INFO] [stdout] 
[INFO] [stdout] error[E0412]: cannot find type `Document` in this scope
[INFO] [stdout]   --> examples/find_duplicate_titles/main.rs:59:15
[INFO] [stdout]    |
[INFO] [stdout] 59 |         doc: &Document,
[INFO] [stdout]    |               ^^^^^^^^ not found in this scope
[INFO] [stdout] 
[INFO] [stdout] 
[INFO] [stdout] error[E0425]: cannot find function, tuple struct or tuple variant `Name` in this scope
[INFO] [stdout]   --> examples/find_duplicate_titles/main.rs:62:19
[INFO] [stdout]    |
[INFO] [stdout] 62 |             .find(Name("title"))
[INFO] [stdout]    |                   ^^^^ not found in this scope
[INFO] [stdout] 
[INFO] [stdout] 
[INFO] [stdout] error[E0425]: cannot find function `document_parser` in this scope
[INFO] [stdout]    --> examples/find_duplicate_titles/main.rs:120:51
[INFO] [stdout]     |
[INFO] [stdout] 120 |     let rules = CrawlingRules::new(rules_options, document_parser())
[INFO] [stdout]     |                                                   ^^^^^^^^^^^^^^^ not found in this scope
[INFO] [stdout] 
[INFO] [stdout] 
[INFO] [stdout] error[E0425]: cannot find function, tuple struct or tuple variant `Name` in this scope
[INFO] [stdout]   --> examples/simple/main.rs:30:30
[INFO] [stdout]    |
[INFO] [stdout] 30 |         let title = doc.find(Name("title")).next().map(|v| v.text());
[INFO] [stdout]    |                              ^^^^ not found in this scope
[INFO] [stdout] 
[INFO] [stdout] 
[INFO] [stdout] error: aborting due to 3 previous errors
[INFO] [stdout] 
[INFO] [stdout] 
[INFO] [stdout] Some errors have detailed explanations: E0425, E0432, E0433.
[INFO] [stdout] 
[INFO] [stdout] For more information about an error, try `rustc --explain E0425`.
[INFO] [stdout] 
[INFO] [stdout] error: aborting due to 5 previous errors
[INFO] [stdout] 
[INFO] [stdout] 
[INFO] [stdout] Some errors have detailed explanations: E0412, E0425, E0432.
[INFO] [stdout] 
[INFO] [stdout] For more information about an error, try `rustc --explain E0412`.
[INFO] [stdout] 
[INFO] [stderr] error: could not compile `crusty-core` due to 6 previous errors
[INFO] [stderr] warning: build failed, waiting for other jobs to finish...
[INFO] [stdout] error: aborting due to 5 previous errors
[INFO] [stdout] 
[INFO] [stdout] 
[INFO] [stdout] Some errors have detailed explanations: E0412, E0425, E0432.
[INFO] [stdout] 
[INFO] [stdout] For more information about an error, try `rustc --explain E0412`.
[INFO] [stdout] 
[INFO] [stderr] error: build failed
[INFO] running `Command { std: "docker" "inspect" "b6bf319545903c75174f0b64fed3966dc125dcb318d80a5cf6e4ed81304ab065", kill_on_drop: false }`
[INFO] running `Command { std: "docker" "rm" "-f" "b6bf319545903c75174f0b64fed3966dc125dcb318d80a5cf6e4ed81304ab065", kill_on_drop: false }`
[INFO] [stdout] b6bf319545903c75174f0b64fed3966dc125dcb318d80a5cf6e4ed81304ab065
