[INFO] fetching crate crazyradio-webusb 0.2.1...
[INFO] checking crazyradio-webusb-0.2.1 against 1.55.0 for beta-1.56-3
[INFO] extracting crate crazyradio-webusb 0.2.1 into /workspace/builds/worker-16/source
[INFO] validating manifest of crates.io crate crazyradio-webusb 0.2.1 on toolchain 1.55.0
[INFO] running `Command { std: "/workspace/cargo-home/bin/cargo" "+1.55.0" "metadata" "--manifest-path" "Cargo.toml" "--no-deps", kill_on_drop: false }`
[INFO] removed /workspace/builds/worker-16/source/.cargo/config.toml
[INFO] started tweaking crates.io crate crazyradio-webusb 0.2.1
[INFO] finished tweaking crates.io crate crazyradio-webusb 0.2.1
[INFO] tweaked toml for crates.io crate crazyradio-webusb 0.2.1 written to /workspace/builds/worker-16/source/Cargo.toml
[INFO] running `Command { std: "/workspace/cargo-home/bin/cargo" "+1.55.0" "generate-lockfile" "--manifest-path" "Cargo.toml" "-Zno-index-update", kill_on_drop: false }`
[INFO] [stderr]     Blocking waiting for file lock on package cache
[INFO] running `Command { std: "/workspace/cargo-home/bin/cargo" "+1.55.0" "fetch" "--manifest-path" "Cargo.toml", kill_on_drop: false }`
[INFO] [stderr]     Blocking waiting for file lock on package cache
[INFO] [stderr]     Blocking waiting for file lock on package cache
[INFO] running `Command { std: "docker" "create" "-v" "/var/lib/crater-agent-workspace/builds/worker-16/target:/opt/rustwide/target:rw,Z" "-v" "/var/lib/crater-agent-workspace/builds/worker-16/source:/opt/rustwide/workdir:ro,Z" "-v" "/var/lib/crater-agent-workspace/cargo-home:/opt/rustwide/cargo-home:ro,Z" "-v" "/var/lib/crater-agent-workspace/rustup-home:/opt/rustwide/rustup-home:ro,Z" "-e" "SOURCE_DIR=/opt/rustwide/workdir" "-e" "CARGO_TARGET_DIR=/opt/rustwide/target" "-e" "CARGO_HOME=/opt/rustwide/cargo-home" "-e" "RUSTUP_HOME=/opt/rustwide/rustup-home" "-w" "/opt/rustwide/workdir" "-m" "1610612736" "--user" "0:0" "--network" "none" "ghcr.io/rust-lang/crates-build-env/linux@sha256:a89201d6b5b9fd45c15d5952ece0a0129e7e80cb26ec023fd59cf09bc26f1604" "/opt/rustwide/cargo-home/bin/cargo" "+1.55.0" "metadata" "--no-deps" "--format-version=1", kill_on_drop: false }`
[INFO] [stdout] 437edafdb08d468127bc6a3c7f2eb695f4e8ac7cee6940396db5dd77bf10528b
[INFO] running `Command { std: "docker" "start" "-a" "437edafdb08d468127bc6a3c7f2eb695f4e8ac7cee6940396db5dd77bf10528b", kill_on_drop: false }`
[INFO] running `Command { std: "docker" "inspect" "437edafdb08d468127bc6a3c7f2eb695f4e8ac7cee6940396db5dd77bf10528b", kill_on_drop: false }`
[INFO] running `Command { std: "docker" "rm" "-f" "437edafdb08d468127bc6a3c7f2eb695f4e8ac7cee6940396db5dd77bf10528b", kill_on_drop: false }`
[INFO] [stdout] 437edafdb08d468127bc6a3c7f2eb695f4e8ac7cee6940396db5dd77bf10528b
[INFO] running `Command { std: "docker" "create" "-v" "/var/lib/crater-agent-workspace/builds/worker-16/target:/opt/rustwide/target:rw,Z" "-v" "/var/lib/crater-agent-workspace/builds/worker-16/source:/opt/rustwide/workdir:ro,Z" "-v" "/var/lib/crater-agent-workspace/cargo-home:/opt/rustwide/cargo-home:ro,Z" "-v" "/var/lib/crater-agent-workspace/rustup-home:/opt/rustwide/rustup-home:ro,Z" "-e" "SOURCE_DIR=/opt/rustwide/workdir" "-e" "CARGO_TARGET_DIR=/opt/rustwide/target" "-e" "CARGO_INCREMENTAL=0" "-e" "RUST_BACKTRACE=full" "-e" "RUSTFLAGS=--cap-lints=warn" "-e" "CARGO_HOME=/opt/rustwide/cargo-home" "-e" "RUSTUP_HOME=/opt/rustwide/rustup-home" "-w" "/opt/rustwide/workdir" "-m" "1610612736" "--user" "0:0" "--network" "none" "ghcr.io/rust-lang/crates-build-env/linux@sha256:a89201d6b5b9fd45c15d5952ece0a0129e7e80cb26ec023fd59cf09bc26f1604" "/opt/rustwide/cargo-home/bin/cargo" "+1.55.0" "check" "--frozen" "--all" "--all-targets" "--message-format=json", kill_on_drop: false }`
[INFO] [stdout] 631c143e418a3d62996527a9541042bd2ff585e4169a6407a8ac9ca5d8d0a5d4
[INFO] running `Command { std: "docker" "start" "-a" "631c143e418a3d62996527a9541042bd2ff585e4169a6407a8ac9ca5d8d0a5d4", kill_on_drop: false }`
[INFO] [stderr]    Compiling log v0.4.14
[INFO] [stderr]    Compiling wasm-bindgen-shared v0.2.78
[INFO] [stderr]    Compiling bumpalo v3.7.1
[INFO] [stderr]    Compiling wasm-bindgen v0.2.78
[INFO] [stderr]     Checking atomic-waker v1.0.0
[INFO] [stderr]     Checking scoped-tls v1.0.0
[INFO] [stderr]    Compiling value-bag v1.0.0-alpha.7
[INFO] [stderr]     Checking async-mutex v1.4.0
[INFO] [stderr]    Compiling futures-util v0.3.17
[INFO] [stderr]     Checking async-lock v2.4.0
[INFO] [stderr]     Checking serde_json v1.0.68
[INFO] [stderr]     Checking futures-lite v1.12.0
[INFO] [stderr]     Checking socket2 v0.4.2
[INFO] [stderr]    Compiling wasm-bindgen-test-macro v0.3.28
[INFO] [stderr]    Compiling ctor v0.1.21
[INFO] [stderr]    Compiling thiserror-impl v1.0.30
[INFO] [stderr]    Compiling futures-macro v0.3.17
[INFO] [stderr]     Checking blocking v1.0.2
[INFO] [stderr]     Checking async-executor v1.4.1
[INFO] [stderr]     Checking thiserror v1.0.30
[INFO] [stderr]     Checking polling v2.1.0
[INFO] [stderr]     Checking kv-log-macro v1.0.7
[INFO] [stderr]    Compiling wasm-bindgen-backend v0.2.78
[INFO] [stderr]     Checking async-io v1.6.0
[INFO] [stderr]     Checking async-global-executor v2.0.2
[INFO] [stderr]     Checking async-std v1.10.0
[INFO] [stderr]    Compiling wasm-bindgen-macro-support v0.2.78
[INFO] [stderr]    Compiling wasm-bindgen-macro v0.2.78
[INFO] [stderr]     Checking js-sys v0.3.55
[INFO] [stderr]     Checking console_error_panic_hook v0.1.7
[INFO] [stderr]     Checking wasm-bindgen-futures v0.4.28
[INFO] [stderr]     Checking web-sys v0.3.55
[INFO] [stderr]     Checking wasm-bindgen-test v0.3.28
[INFO] [stderr]     Checking crazyradio-webusb v0.2.1 (/opt/rustwide/workdir)
[INFO] [stdout] error[E0432]: unresolved import `web_sys::UsbDevice`
[INFO] [stdout]   --> src/lib.rs:29:5
[INFO] [stdout]    |
[INFO] [stdout] 29 | use web_sys::UsbDevice;
[INFO] [stdout]    |     ^^^^^^^^^^^^^^^^^^ no `UsbDevice` in the root
[INFO] [stdout] 
[INFO] [stdout] 
[INFO] [stdout] error[E0432]: unresolved import `web_sys::UsbDevice`
[INFO] [stdout]   --> src/lib.rs:29:5
[INFO] [stdout]    |
[INFO] [stdout] 29 | use web_sys::UsbDevice;
[INFO] [stdout]    |     ^^^^^^^^^^^^^^^^^^ no `UsbDevice` in the root
[INFO] [stdout] 
[INFO] [stdout] 
[INFO] [stdout] error[E0433]: failed to resolve: could not find `UsbControlTransferParameters` in `web_sys`
[INFO] [stdout]    --> src/lib.rs:228:38
[INFO] [stdout]     |
[INFO] [stdout] 228 |             let parameter = web_sys::UsbControlTransferParameters::new(
[INFO] [stdout]     |                                      ^^^^^^^^^^^^^^^^^^^^^^^^^^^^ could not find `UsbControlTransferParameters` in `web_sys`
[INFO] [stdout] 
[INFO] [stdout] 
[INFO] [stdout] error[E0433]: failed to resolve: could not find `UsbRecipient` in `web_sys`
[INFO] [stdout]    --> src/lib.rs:230:26
[INFO] [stdout]     |
[INFO] [stdout] 230 |                 web_sys::UsbRecipient::Device,
[INFO] [stdout]     |                          ^^^^^^^^^^^^ could not find `UsbRecipient` in `web_sys`
[INFO] [stdout] 
[INFO] [stdout] 
[INFO] [stdout] error[E0433]: failed to resolve: could not find `UsbRequestType` in `web_sys`
[INFO] [stdout]    --> src/lib.rs:232:26
[INFO] [stdout]     |
[INFO] [stdout] 232 |                 web_sys::UsbRequestType::Vendor,
[INFO] [stdout]     |                          ^^^^^^^^^^^^^^ could not find `UsbRequestType` in `web_sys`
[INFO] [stdout] 
[INFO] [stdout] 
[INFO] [stdout] error[E0433]: failed to resolve: could not find `UsbControlTransferParameters` in `web_sys`
[INFO] [stdout]    --> src/lib.rs:254:38
[INFO] [stdout]     |
[INFO] [stdout] 254 |             let parameter = web_sys::UsbControlTransferParameters::new(
[INFO] [stdout]     |                                      ^^^^^^^^^^^^^^^^^^^^^^^^^^^^ could not find `UsbControlTransferParameters` in `web_sys`
[INFO] [stdout] 
[INFO] [stdout] 
[INFO] [stdout] error[E0433]: failed to resolve: could not find `UsbRecipient` in `web_sys`
[INFO] [stdout]    --> src/lib.rs:256:26
[INFO] [stdout]     |
[INFO] [stdout] 256 |                 web_sys::UsbRecipient::Device,
[INFO] [stdout]     |                          ^^^^^^^^^^^^ could not find `UsbRecipient` in `web_sys`
[INFO] [stdout] 
[INFO] [stdout] 
[INFO] [stdout] error[E0433]: failed to resolve: could not find `UsbRequestType` in `web_sys`
[INFO] [stdout]    --> src/lib.rs:258:26
[INFO] [stdout]     |
[INFO] [stdout] 258 |                 web_sys::UsbRequestType::Vendor,
[INFO] [stdout]     |                          ^^^^^^^^^^^^^^ could not find `UsbRequestType` in `web_sys`
[INFO] [stdout] 
[INFO] [stdout] 
[INFO] [stdout] error[E0412]: cannot find type `UsbDevice` in crate `web_sys`
[INFO] [stdout]    --> src/lib.rs:106:22
[INFO] [stdout]     |
[INFO] [stdout] 106 |     device: web_sys::UsbDevice,
[INFO] [stdout]     |                      ^^^^^^^^^ not found in `web_sys`
[INFO] [stdout] 
[INFO] [stdout] 
[INFO] [stdout] error[E0412]: cannot find type `UsbDevice` in crate `web_sys`
[INFO] [stdout]    --> src/lib.rs:159:30
[INFO] [stdout]     |
[INFO] [stdout] 159 |         let device: web_sys::UsbDevice = if devices.length() > 0 {
[INFO] [stdout]     |                              ^^^^^^^^^ not found in `web_sys`
[INFO] [stdout] 
[INFO] [stdout] 
[INFO] [stdout] error[E0412]: cannot find type `UsbDevice` in crate `web_sys`
[INFO] [stdout]    --> src/lib.rs:189:30
[INFO] [stdout]     |
[INFO] [stdout] 189 |         let device: web_sys::UsbDevice = devices
[INFO] [stdout]     |                              ^^^^^^^^^ not found in `web_sys`
[INFO] [stdout] 
[INFO] [stdout] 
[INFO] [stdout] error[E0412]: cannot find type `UsbDevice` in crate `web_sys`
[INFO] [stdout]    --> src/lib.rs:217:53
[INFO] [stdout]     |
[INFO] [stdout] 217 |             let device = device.dyn_into::<web_sys::UsbDevice>().unwrap();
[INFO] [stdout]     |                                                     ^^^^^^^^^ not found in `web_sys`
[INFO] [stdout] 
[INFO] [stdout] 
[INFO] [stdout] error[E0412]: cannot find type `UsbOutTransferResult` in crate `web_sys`
[INFO] [stdout]    --> src/lib.rs:243:38
[INFO] [stdout]     |
[INFO] [stdout] 243 |                 .dyn_into::<web_sys::UsbOutTransferResult>()
[INFO] [stdout]     |                                      ^^^^^^^^^^^^^^^^^^^^ not found in `web_sys`
[INFO] [stdout] 
[INFO] [stdout] 
[INFO] [stdout] error[E0412]: cannot find type `UsbOutTransferResult` in crate `web_sys`
[INFO] [stdout]    --> src/lib.rs:269:38
[INFO] [stdout]     |
[INFO] [stdout] 269 |                 .dyn_into::<web_sys::UsbOutTransferResult>()
[INFO] [stdout]     |                                      ^^^^^^^^^^^^^^^^^^^^ not found in `web_sys`
[INFO] [stdout] 
[INFO] [stdout] 
[INFO] [stdout] error[E0412]: cannot find type `UsbInTransferResult` in crate `web_sys`
[INFO] [stdout]    --> src/lib.rs:284:34
[INFO] [stdout]     |
[INFO] [stdout] 284 |             .dyn_into::<web_sys::UsbInTransferResult>()
[INFO] [stdout]     |                                  ^^^^^^^^^^^^^^^^^^^ not found in `web_sys`
[INFO] [stdout] 
[INFO] [stdout] 
[INFO] [stdout] error[E0433]: failed to resolve: could not find `UsbControlTransferParameters` in `web_sys`
[INFO] [stdout]    --> src/lib.rs:228:38
[INFO] [stdout]     |
[INFO] [stdout] 228 |             let parameter = web_sys::UsbControlTransferParameters::new(
[INFO] [stdout]     |                                      ^^^^^^^^^^^^^^^^^^^^^^^^^^^^ could not find `UsbControlTransferParameters` in `web_sys`
[INFO] [stdout] 
[INFO] [stdout] 
[INFO] [stdout] error[E0433]: failed to resolve: could not find `UsbRecipient` in `web_sys`
[INFO] [stdout]    --> src/lib.rs:230:26
[INFO] [stdout]     |
[INFO] [stdout] 230 |                 web_sys::UsbRecipient::Device,
[INFO] [stdout]     |                          ^^^^^^^^^^^^ could not find `UsbRecipient` in `web_sys`
[INFO] [stdout] 
[INFO] [stdout] 
[INFO] [stdout] error[E0433]: failed to resolve: could not find `UsbRequestType` in `web_sys`
[INFO] [stdout]    --> src/lib.rs:232:26
[INFO] [stdout]     |
[INFO] [stdout] 232 |                 web_sys::UsbRequestType::Vendor,
[INFO] [stdout]     |                          ^^^^^^^^^^^^^^ could not find `UsbRequestType` in `web_sys`
[INFO] [stdout] 
[INFO] [stdout] 
[INFO] [stdout] error[E0433]: failed to resolve: could not find `UsbControlTransferParameters` in `web_sys`
[INFO] [stdout]    --> src/lib.rs:254:38
[INFO] [stdout]     |
[INFO] [stdout] 254 |             let parameter = web_sys::UsbControlTransferParameters::new(
[INFO] [stdout]     |                                      ^^^^^^^^^^^^^^^^^^^^^^^^^^^^ could not find `UsbControlTransferParameters` in `web_sys`
[INFO] [stdout] 
[INFO] [stdout] 
[INFO] [stdout] error[E0433]: failed to resolve: could not find `UsbRecipient` in `web_sys`
[INFO] [stdout]    --> src/lib.rs:256:26
[INFO] [stdout]     |
[INFO] [stdout] 256 |                 web_sys::UsbRecipient::Device,
[INFO] [stdout]     |                          ^^^^^^^^^^^^ could not find `UsbRecipient` in `web_sys`
[INFO] [stdout] 
[INFO] [stdout] 
[INFO] [stdout] error[E0433]: failed to resolve: could not find `UsbRequestType` in `web_sys`
[INFO] [stdout]    --> src/lib.rs:258:26
[INFO] [stdout]     |
[INFO] [stdout] 258 |                 web_sys::UsbRequestType::Vendor,
[INFO] [stdout]     |                          ^^^^^^^^^^^^^^ could not find `UsbRequestType` in `web_sys`
[INFO] [stdout] 
[INFO] [stdout] 
[INFO] [stdout] error[E0412]: cannot find type `UsbDevice` in crate `web_sys`
[INFO] [stdout]    --> src/lib.rs:106:22
[INFO] [stdout]     |
[INFO] [stdout] 106 |     device: web_sys::UsbDevice,
[INFO] [stdout]     |                      ^^^^^^^^^ not found in `web_sys`
[INFO] [stdout] 
[INFO] [stdout] 
[INFO] [stdout] error[E0412]: cannot find type `UsbDevice` in crate `web_sys`
[INFO] [stdout]    --> src/lib.rs:159:30
[INFO] [stdout]     |
[INFO] [stdout] 159 |         let device: web_sys::UsbDevice = if devices.length() > 0 {
[INFO] [stdout]     |                              ^^^^^^^^^ not found in `web_sys`
[INFO] [stdout] 
[INFO] [stdout] 
[INFO] [stdout] error[E0412]: cannot find type `UsbDevice` in crate `web_sys`
[INFO] [stdout]    --> src/lib.rs:189:30
[INFO] [stdout]     |
[INFO] [stdout] 189 |         let device: web_sys::UsbDevice = devices
[INFO] [stdout]     |                              ^^^^^^^^^ not found in `web_sys`
[INFO] [stdout] 
[INFO] [stdout] 
[INFO] [stdout] error[E0412]: cannot find type `UsbDevice` in crate `web_sys`
[INFO] [stdout]    --> src/lib.rs:217:53
[INFO] [stdout]     |
[INFO] [stdout] 217 |             let device = device.dyn_into::<web_sys::UsbDevice>().unwrap();
[INFO] [stdout]     |                                                     ^^^^^^^^^ not found in `web_sys`
[INFO] [stdout] 
[INFO] [stdout] 
[INFO] [stdout] error[E0412]: cannot find type `UsbOutTransferResult` in crate `web_sys`
[INFO] [stdout]    --> src/lib.rs:243:38
[INFO] [stdout]     |
[INFO] [stdout] 243 |                 .dyn_into::<web_sys::UsbOutTransferResult>()
[INFO] [stdout]     |                                      ^^^^^^^^^^^^^^^^^^^^ not found in `web_sys`
[INFO] [stdout] 
[INFO] [stdout] 
[INFO] [stdout] error[E0412]: cannot find type `UsbOutTransferResult` in crate `web_sys`
[INFO] [stdout]    --> src/lib.rs:269:38
[INFO] [stdout]     |
[INFO] [stdout] 269 |                 .dyn_into::<web_sys::UsbOutTransferResult>()
[INFO] [stdout]     |                                      ^^^^^^^^^^^^^^^^^^^^ not found in `web_sys`
[INFO] [stdout] 
[INFO] [stdout] 
[INFO] [stdout] error[E0412]: cannot find type `UsbInTransferResult` in crate `web_sys`
[INFO] [stdout]    --> src/lib.rs:284:34
[INFO] [stdout]     |
[INFO] [stdout] 284 |             .dyn_into::<web_sys::UsbInTransferResult>()
[INFO] [stdout]     |                                  ^^^^^^^^^^^^^^^^^^^ not found in `web_sys`
[INFO] [stdout] 
[INFO] [stdout] 
[INFO] [stdout] error[E0599]: no method named `usb` found for struct `Navigator` in the current scope
[INFO] [stdout]    --> src/lib.rs:149:29
[INFO] [stdout]     |
[INFO] [stdout] 149 |         let usb = navigator.usb();
[INFO] [stdout]     |                             ^^^ method not found in `Navigator`
[INFO] [stdout] 
[INFO] [stdout] 
[INFO] [stdout] error[E0599]: no method named `usb` found for struct `Navigator` in the current scope
[INFO] [stdout]    --> src/lib.rs:184:29
[INFO] [stdout]     |
[INFO] [stdout] 184 |         let usb = navigator.usb();
[INFO] [stdout]     |                             ^^^ method not found in `Navigator`
[INFO] [stdout] 
[INFO] [stdout] 
[INFO] [stdout] error[E0599]: no method named `usb` found for struct `Navigator` in the current scope
[INFO] [stdout]    --> src/lib.rs:149:29
[INFO] [stdout]     |
[INFO] [stdout] 149 |         let usb = navigator.usb();
[INFO] [stdout]     |                             ^^^ method not found in `Navigator`
[INFO] [stdout] 
[INFO] [stdout] 
[INFO] [stdout] error[E0599]: no method named `usb` found for struct `Navigator` in the current scope
[INFO] [stdout]    --> src/lib.rs:210:29
[INFO] [stdout]     |
[INFO] [stdout] 210 |         let usb = navigator.usb();
[INFO] [stdout]     |                             ^^^ method not found in `Navigator`
[INFO] [stdout] 
[INFO] [stdout] 
[INFO] [stdout] error[E0599]: no method named `usb` found for struct `Navigator` in the current scope
[INFO] [stdout]    --> src/lib.rs:184:29
[INFO] [stdout]     |
[INFO] [stdout] 184 |         let usb = navigator.usb();
[INFO] [stdout]     |                             ^^^ method not found in `Navigator`
[INFO] [stdout] 
[INFO] [stdout] 
[INFO] [stdout] error: aborting due to 17 previous errors
[INFO] [stdout] 
[INFO] [stdout] 
[INFO] [stdout] Some errors have detailed explanations: E0412, E0432, E0433, E0599.
[INFO] [stdout] 
[INFO] [stdout] For more information about an error, try `rustc --explain E0412`.
[INFO] [stdout] 
[INFO] [stdout] error[E0599]: no method named `usb` found for struct `Navigator` in the current scope
[INFO] [stdout]    --> src/lib.rs:210:29
[INFO] [stdout]     |
[INFO] [stdout] 210 |         let usb = navigator.usb();
[INFO] [stdout]     |                             ^^^ method not found in `Navigator`
[INFO] [stdout] 
[INFO] [stdout] 
[INFO] [stderr] error: could not compile `crazyradio-webusb` due to 18 previous errors
[INFO] [stderr] warning: build failed, waiting for other jobs to finish...
[INFO] [stdout] error: aborting due to 17 previous errors
[INFO] [stdout] 
[INFO] [stdout] 
[INFO] [stdout] Some errors have detailed explanations: E0412, E0432, E0433, E0599.
[INFO] [stdout] 
[INFO] [stdout] For more information about an error, try `rustc --explain E0412`.
[INFO] [stdout] 
[INFO] [stderr] error: build failed
[INFO] running `Command { std: "docker" "inspect" "631c143e418a3d62996527a9541042bd2ff585e4169a6407a8ac9ca5d8d0a5d4", kill_on_drop: false }`
[INFO] running `Command { std: "docker" "rm" "-f" "631c143e418a3d62996527a9541042bd2ff585e4169a6407a8ac9ca5d8d0a5d4", kill_on_drop: false }`
[INFO] [stdout] 631c143e418a3d62996527a9541042bd2ff585e4169a6407a8ac9ca5d8d0a5d4
