[INFO] fetching crate crate-deps 0.1.0...
[INFO] checking crate-deps-0.1.0 against beta-2021-10-15 for beta-1.56-3
[INFO] extracting crate crate-deps 0.1.0 into /workspace/builds/worker-67/source
[INFO] validating manifest of crates.io crate crate-deps 0.1.0 on toolchain beta-2021-10-15
[INFO] running `Command { std: "/workspace/cargo-home/bin/cargo" "+beta-2021-10-15" "metadata" "--manifest-path" "Cargo.toml" "--no-deps", kill_on_drop: false }`
[INFO] started tweaking crates.io crate crate-deps 0.1.0
[INFO] finished tweaking crates.io crate crate-deps 0.1.0
[INFO] tweaked toml for crates.io crate crate-deps 0.1.0 written to /workspace/builds/worker-67/source/Cargo.toml
[INFO] running `Command { std: "/workspace/cargo-home/bin/cargo" "+beta-2021-10-15" "generate-lockfile" "--manifest-path" "Cargo.toml" "-Zno-index-update", kill_on_drop: false }`
[INFO] [stderr]     Blocking waiting for file lock on package cache
[INFO] running `Command { std: "/workspace/cargo-home/bin/cargo" "+beta-2021-10-15" "fetch" "--manifest-path" "Cargo.toml", kill_on_drop: false }`
[INFO] [stderr]     Blocking waiting for file lock on package cache
[INFO] [stderr]     Blocking waiting for file lock on package cache
[INFO] running `Command { std: "docker" "create" "-v" "/var/lib/crater-agent-workspace/builds/worker-67/target:/opt/rustwide/target:rw,Z" "-v" "/var/lib/crater-agent-workspace/builds/worker-67/source:/opt/rustwide/workdir:ro,Z" "-v" "/var/lib/crater-agent-workspace/cargo-home:/opt/rustwide/cargo-home:ro,Z" "-v" "/var/lib/crater-agent-workspace/rustup-home:/opt/rustwide/rustup-home:ro,Z" "-e" "SOURCE_DIR=/opt/rustwide/workdir" "-e" "CARGO_TARGET_DIR=/opt/rustwide/target" "-e" "CARGO_HOME=/opt/rustwide/cargo-home" "-e" "RUSTUP_HOME=/opt/rustwide/rustup-home" "-w" "/opt/rustwide/workdir" "-m" "1610612736" "--user" "0:0" "--network" "none" "ghcr.io/rust-lang/crates-build-env/linux@sha256:a89201d6b5b9fd45c15d5952ece0a0129e7e80cb26ec023fd59cf09bc26f1604" "/opt/rustwide/cargo-home/bin/cargo" "+beta-2021-10-15" "metadata" "--no-deps" "--format-version=1", kill_on_drop: false }`
[INFO] [stdout] 411d42d3d50448b6d451678de9656f50ae9962371e57c0f3e72e231436f6f727
[INFO] running `Command { std: "docker" "start" "-a" "411d42d3d50448b6d451678de9656f50ae9962371e57c0f3e72e231436f6f727", kill_on_drop: false }`
[INFO] running `Command { std: "docker" "inspect" "411d42d3d50448b6d451678de9656f50ae9962371e57c0f3e72e231436f6f727", kill_on_drop: false }`
[INFO] running `Command { std: "docker" "rm" "-f" "411d42d3d50448b6d451678de9656f50ae9962371e57c0f3e72e231436f6f727", kill_on_drop: false }`
[INFO] [stdout] 411d42d3d50448b6d451678de9656f50ae9962371e57c0f3e72e231436f6f727
[INFO] running `Command { std: "docker" "create" "-v" "/var/lib/crater-agent-workspace/builds/worker-67/target:/opt/rustwide/target:rw,Z" "-v" "/var/lib/crater-agent-workspace/builds/worker-67/source:/opt/rustwide/workdir:ro,Z" "-v" "/var/lib/crater-agent-workspace/cargo-home:/opt/rustwide/cargo-home:ro,Z" "-v" "/var/lib/crater-agent-workspace/rustup-home:/opt/rustwide/rustup-home:ro,Z" "-e" "SOURCE_DIR=/opt/rustwide/workdir" "-e" "CARGO_TARGET_DIR=/opt/rustwide/target" "-e" "CARGO_INCREMENTAL=0" "-e" "RUST_BACKTRACE=full" "-e" "RUSTFLAGS=--cap-lints=warn" "-e" "CARGO_HOME=/opt/rustwide/cargo-home" "-e" "RUSTUP_HOME=/opt/rustwide/rustup-home" "-w" "/opt/rustwide/workdir" "-m" "1610612736" "--user" "0:0" "--network" "none" "ghcr.io/rust-lang/crates-build-env/linux@sha256:a89201d6b5b9fd45c15d5952ece0a0129e7e80cb26ec023fd59cf09bc26f1604" "/opt/rustwide/cargo-home/bin/cargo" "+beta-2021-10-15" "check" "--frozen" "--all" "--all-targets" "--message-format=json", kill_on_drop: false }`
[INFO] [stdout] 5dcf70c9cd22e94549c88e4e4a794fc603cdbb6e24b10504b91f089dfa2451ea
[INFO] running `Command { std: "docker" "start" "-a" "5dcf70c9cd22e94549c88e4e4a794fc603cdbb6e24b10504b91f089dfa2451ea", kill_on_drop: false }`
[INFO] [stderr]    Compiling serde v1.0.130
[INFO] [stderr]     Checking static_assertions v1.1.0
[INFO] [stderr]     Checking chunked_transfer v1.4.0
[INFO] [stderr]     Checking home v0.5.3
[INFO] [stderr]     Checking ascii v1.0.0
[INFO] [stderr]     Checking glob v0.3.0
[INFO] [stderr]     Checking semver v1.0.4
[INFO] [stderr]    Compiling openssl-sys v0.9.67
[INFO] [stderr]    Compiling libssh2-sys v0.2.23
[INFO] [stderr]    Compiling libgit2-sys v0.12.24+1.3.0
[INFO] [stderr]     Checking chrono v0.4.19
[INFO] [stderr]     Checking tiny_http v0.9.0
[INFO] [stderr]     Checking smartstring v0.2.9
[INFO] [stderr]     Checking hex v0.4.3
[INFO] [stderr]     Checking serde_json v1.0.68
[INFO] [stderr]     Checking git2 v0.13.23
[INFO] [stderr]     Checking crates-index v0.17.0
[INFO] [stderr]     Checking crate-deps v0.1.0 (/opt/rustwide/workdir)
[INFO] [stdout] error[E0433]: failed to resolve: could not find `CratesIndex` in `crates_index`
[INFO] [stdout]   --> src/main.rs:99:31
[INFO] [stdout]    |
[INFO] [stdout] 99 |     let index = crates_index::CratesIndex::new(INDEX_LOCAL_PATH.into());
[INFO] [stdout]    |                               ^^^^^^^^^^^ could not find `CratesIndex` in `crates_index`
[INFO] [stdout] 
[INFO] [stdout] 
[INFO] [stdout] error[E0433]: failed to resolve: could not find `ServerBuilder` in `tiny_http`
[INFO] [stdout]    --> src/main.rs:112:29
[INFO] [stdout]     |
[INFO] [stdout] 112 |     let server = tiny_http::ServerBuilder::new().with_port(port).build().unwrap();
[INFO] [stdout]     |                             ^^^^^^^^^^^^^ could not find `ServerBuilder` in `tiny_http`
[INFO] [stdout] 
[INFO] [stdout] 
[INFO] [stdout] error[E0433]: failed to resolve: could not find `CratesIndex` in `crates_index`
[INFO] [stdout]   --> src/main.rs:99:31
[INFO] [stdout]    |
[INFO] [stdout] 99 |     let index = crates_index::CratesIndex::new(INDEX_LOCAL_PATH.into());
[INFO] [stdout]    |                               ^^^^^^^^^^^ could not find `CratesIndex` in `crates_index`
[INFO] [stdout] 
[INFO] [stdout] 
[INFO] [stdout] error[E0433]: failed to resolve: could not find `ServerBuilder` in `tiny_http`
[INFO] [stdout]    --> src/main.rs:112:29
[INFO] [stdout]     |
[INFO] [stdout] 112 |     let server = tiny_http::ServerBuilder::new().with_port(port).build().unwrap();
[INFO] [stdout]     |                             ^^^^^^^^^^^^^ could not find `ServerBuilder` in `tiny_http`
[INFO] [stdout] 
[INFO] [stdout] 
[INFO] [stdout] error: aborting due to 2 previous errors
[INFO] [stdout] 
[INFO] [stdout] 
[INFO] [stdout] error: aborting due to 2 previous errors
[INFO] [stdout] 
[INFO] [stdout] 
[INFO] [stderr] error: could not compile `crate-deps` due to 3 previous errors
[INFO] [stdout] For more information about this error, try `rustc --explain E0433`.
[INFO] [stdout] 
[INFO] [stderr] warning: build failed, waiting for other jobs to finish...
[INFO] [stdout] For more information about this error, try `rustc --explain E0433`.
[INFO] [stdout] 
[INFO] [stderr] error: build failed
[INFO] running `Command { std: "docker" "inspect" "5dcf70c9cd22e94549c88e4e4a794fc603cdbb6e24b10504b91f089dfa2451ea", kill_on_drop: false }`
[INFO] running `Command { std: "docker" "rm" "-f" "5dcf70c9cd22e94549c88e4e4a794fc603cdbb6e24b10504b91f089dfa2451ea", kill_on_drop: false }`
[INFO] [stdout] 5dcf70c9cd22e94549c88e4e4a794fc603cdbb6e24b10504b91f089dfa2451ea
