[INFO] fetching crate crashpad-sys 0.1.2...
[INFO] checking crashpad-sys-0.1.2 against beta-2021-10-15 for beta-1.56-3
[INFO] extracting crate crashpad-sys 0.1.2 into /workspace/builds/worker-45/source
[INFO] validating manifest of crates.io crate crashpad-sys 0.1.2 on toolchain beta-2021-10-15
[INFO] running `Command { std: "/workspace/cargo-home/bin/cargo" "+beta-2021-10-15" "metadata" "--manifest-path" "Cargo.toml" "--no-deps", kill_on_drop: false }`
[INFO] started tweaking crates.io crate crashpad-sys 0.1.2
[INFO] finished tweaking crates.io crate crashpad-sys 0.1.2
[INFO] tweaked toml for crates.io crate crashpad-sys 0.1.2 written to /workspace/builds/worker-45/source/Cargo.toml
[INFO] running `Command { std: "/workspace/cargo-home/bin/cargo" "+beta-2021-10-15" "generate-lockfile" "--manifest-path" "Cargo.toml" "-Zno-index-update", kill_on_drop: false }`
[INFO] [stderr]     Blocking waiting for file lock on package cache
[INFO] running `Command { std: "/workspace/cargo-home/bin/cargo" "+beta-2021-10-15" "fetch" "--manifest-path" "Cargo.toml", kill_on_drop: false }`
[INFO] [stderr]     Blocking waiting for file lock on package cache
[INFO] running `Command { std: "docker" "create" "-v" "/var/lib/crater-agent-workspace/builds/worker-45/target:/opt/rustwide/target:rw,Z" "-v" "/var/lib/crater-agent-workspace/builds/worker-45/source:/opt/rustwide/workdir:ro,Z" "-v" "/var/lib/crater-agent-workspace/cargo-home:/opt/rustwide/cargo-home:ro,Z" "-v" "/var/lib/crater-agent-workspace/rustup-home:/opt/rustwide/rustup-home:ro,Z" "-e" "SOURCE_DIR=/opt/rustwide/workdir" "-e" "CARGO_TARGET_DIR=/opt/rustwide/target" "-e" "CARGO_HOME=/opt/rustwide/cargo-home" "-e" "RUSTUP_HOME=/opt/rustwide/rustup-home" "-w" "/opt/rustwide/workdir" "-m" "1610612736" "--user" "0:0" "--network" "none" "ghcr.io/rust-lang/crates-build-env/linux@sha256:a89201d6b5b9fd45c15d5952ece0a0129e7e80cb26ec023fd59cf09bc26f1604" "/opt/rustwide/cargo-home/bin/cargo" "+beta-2021-10-15" "metadata" "--no-deps" "--format-version=1", kill_on_drop: false }`
[INFO] [stdout] 9af09cfc3c13918bb9341f52f8abc7b54bcb0e1e3e3a22e0b2de288e4f5b6e09
[INFO] running `Command { std: "docker" "start" "-a" "9af09cfc3c13918bb9341f52f8abc7b54bcb0e1e3e3a22e0b2de288e4f5b6e09", kill_on_drop: false }`
[INFO] running `Command { std: "docker" "inspect" "9af09cfc3c13918bb9341f52f8abc7b54bcb0e1e3e3a22e0b2de288e4f5b6e09", kill_on_drop: false }`
[INFO] running `Command { std: "docker" "rm" "-f" "9af09cfc3c13918bb9341f52f8abc7b54bcb0e1e3e3a22e0b2de288e4f5b6e09", kill_on_drop: false }`
[INFO] [stdout] 9af09cfc3c13918bb9341f52f8abc7b54bcb0e1e3e3a22e0b2de288e4f5b6e09
[INFO] running `Command { std: "docker" "create" "-v" "/var/lib/crater-agent-workspace/builds/worker-45/target:/opt/rustwide/target:rw,Z" "-v" "/var/lib/crater-agent-workspace/builds/worker-45/source:/opt/rustwide/workdir:ro,Z" "-v" "/var/lib/crater-agent-workspace/cargo-home:/opt/rustwide/cargo-home:ro,Z" "-v" "/var/lib/crater-agent-workspace/rustup-home:/opt/rustwide/rustup-home:ro,Z" "-e" "SOURCE_DIR=/opt/rustwide/workdir" "-e" "CARGO_TARGET_DIR=/opt/rustwide/target" "-e" "CARGO_INCREMENTAL=0" "-e" "RUST_BACKTRACE=full" "-e" "RUSTFLAGS=--cap-lints=warn" "-e" "CARGO_HOME=/opt/rustwide/cargo-home" "-e" "RUSTUP_HOME=/opt/rustwide/rustup-home" "-w" "/opt/rustwide/workdir" "-m" "1610612736" "--user" "0:0" "--network" "none" "ghcr.io/rust-lang/crates-build-env/linux@sha256:a89201d6b5b9fd45c15d5952ece0a0129e7e80cb26ec023fd59cf09bc26f1604" "/opt/rustwide/cargo-home/bin/cargo" "+beta-2021-10-15" "check" "--frozen" "--all" "--all-targets" "--message-format=json", kill_on_drop: false }`
[INFO] [stdout] 12992954b0da3bec053dd6567af5344103c6cc5b7b039cc22dd32f135c376608
[INFO] running `Command { std: "docker" "start" "-a" "12992954b0da3bec053dd6567af5344103c6cc5b7b039cc22dd32f135c376608", kill_on_drop: false }`
[INFO] [stderr]    Compiling memchr v2.3.4
[INFO] [stderr]    Compiling radium v0.5.3
[INFO] [stderr]    Compiling glob v0.3.0
[INFO] [stderr]    Compiling tap v1.0.1
[INFO] [stderr]    Compiling funty v1.1.0
[INFO] [stderr]    Compiling proc-macro2 v1.0.30
[INFO] [stderr]    Compiling wyz v0.2.0
[INFO] [stderr]    Compiling unicode-width v0.1.9
[INFO] [stderr]    Compiling regex-syntax v0.6.25
[INFO] [stderr]    Compiling termcolor v1.1.2
[INFO] [stderr]    Compiling strsim v0.8.0
[INFO] [stderr]    Compiling bitflags v1.3.2
[INFO] [stderr]    Compiling humantime v2.1.0
[INFO] [stderr]    Compiling bindgen v0.59.1
[INFO] [stderr]    Compiling ansi_term v0.11.0
[INFO] [stderr]    Compiling vec_map v0.8.2
[INFO] [stderr]    Compiling lazycell v1.3.0
[INFO] [stderr]    Compiling shlex v1.1.0
[INFO] [stderr]    Compiling rustc-hash v1.1.0
[INFO] [stderr]    Compiling peeking_take_while v0.1.2
[INFO] [stderr]    Compiling nom v6.2.1
[INFO] [stderr]    Compiling libloading v0.7.1
[INFO] [stderr]    Compiling cmake v0.1.46
[INFO] [stderr]    Compiling atty v0.2.14
[INFO] [stderr]    Compiling log v0.4.14
[INFO] [stderr]    Compiling which v3.1.1
[INFO] [stderr]    Compiling textwrap v0.11.0
[INFO] [stderr]    Compiling clap v2.33.3
[INFO] [stderr]    Compiling clang-sys v1.2.2
[INFO] [stderr]    Compiling aho-corasick v0.7.15
[INFO] [stderr]    Compiling bitvec v0.19.5
[INFO] [stderr]    Compiling quote v1.0.10
[INFO] [stderr]    Compiling regex v1.4.6
[INFO] [stderr]    Compiling env_logger v0.8.4
[INFO] [stderr]    Compiling cexpr v0.5.0
[INFO] [stderr]    Compiling crashpad-sys v0.1.2 (/opt/rustwide/workdir)
[INFO] [stderr] error: failed to run custom build command for `crashpad-sys v0.1.2 (/opt/rustwide/workdir)`
[INFO] [stderr] 
[INFO] [stderr] Caused by:
[INFO] [stderr]   process didn't exit successfully: `/opt/rustwide/target/debug/build/crashpad-sys-5fb912c593783fee/build-script-build` (exit status: 101)
[INFO] [stderr]   --- stdout
[INFO] [stderr]   cargo:rerun-if-changed=build.rs
[INFO] [stderr]   cargo:rerun-if-changed=wrapper/
[INFO] [stderr]   TARGET = Some("x86_64-unknown-linux-gnu")
[INFO] [stderr]   OPT_LEVEL = Some("0")
[INFO] [stderr]   HOST = Some("x86_64-unknown-linux-gnu")
[INFO] [stderr]   CXX_x86_64-unknown-linux-gnu = None
[INFO] [stderr]   CXX_x86_64_unknown_linux_gnu = None
[INFO] [stderr]   HOST_CXX = None
[INFO] [stderr]   CXX = None
[INFO] [stderr]   CXXFLAGS_x86_64-unknown-linux-gnu = None
[INFO] [stderr]   CXXFLAGS_x86_64_unknown_linux_gnu = None
[INFO] [stderr]   HOST_CXXFLAGS = None
[INFO] [stderr]   CXXFLAGS = None
[INFO] [stderr]   CRATE_CC_NO_DEFAULTS = None
[INFO] [stderr]   DEBUG = Some("true")
[INFO] [stderr]   CARGO_CFG_TARGET_FEATURE = Some("fxsr,sse,sse2")
[INFO] [stderr]   CXX_x86_64-unknown-linux-gnu = None
[INFO] [stderr]   CXX_x86_64_unknown_linux_gnu = None
[INFO] [stderr]   HOST_CXX = None
[INFO] [stderr]   CXX = None
[INFO] [stderr]   CXXFLAGS_x86_64-unknown-linux-gnu = None
[INFO] [stderr]   CXXFLAGS_x86_64_unknown_linux_gnu = None
[INFO] [stderr]   HOST_CXXFLAGS = None
[INFO] [stderr]   CXXFLAGS = None
[INFO] [stderr]   CRATE_CC_NO_DEFAULTS = None
[INFO] [stderr]   CARGO_CFG_TARGET_FEATURE = Some("fxsr,sse,sse2")
[INFO] [stderr]   CXX_x86_64-unknown-linux-gnu = None
[INFO] [stderr]   CXX_x86_64_unknown_linux_gnu = None
[INFO] [stderr]   HOST_CXX = None
[INFO] [stderr]   CXX = None
[INFO] [stderr]   CXXFLAGS_x86_64-unknown-linux-gnu = None
[INFO] [stderr]   CXXFLAGS_x86_64_unknown_linux_gnu = None
[INFO] [stderr]   HOST_CXXFLAGS = None
[INFO] [stderr]   CXXFLAGS = None
[INFO] [stderr]   CRATE_CC_NO_DEFAULTS = None
[INFO] [stderr]   CARGO_CFG_TARGET_FEATURE = Some("fxsr,sse,sse2")
[INFO] [stderr]   CXX_x86_64-unknown-linux-gnu = None
[INFO] [stderr]   CXX_x86_64_unknown_linux_gnu = None
[INFO] [stderr]   HOST_CXX = None
[INFO] [stderr]   CXX = None
[INFO] [stderr]   CXXFLAGS_x86_64-unknown-linux-gnu = None
[INFO] [stderr]   CXXFLAGS_x86_64_unknown_linux_gnu = None
[INFO] [stderr]   HOST_CXXFLAGS = None
[INFO] [stderr]   CXXFLAGS = None
[INFO] [stderr]   CRATE_CC_NO_DEFAULTS = None
[INFO] [stderr]   CARGO_CFG_TARGET_FEATURE = Some("fxsr,sse,sse2")
[INFO] [stderr]   CXX_x86_64-unknown-linux-gnu = None
[INFO] [stderr]   CXX_x86_64_unknown_linux_gnu = None
[INFO] [stderr]   HOST_CXX = None
[INFO] [stderr]   CXX = None
[INFO] [stderr]   CXXFLAGS_x86_64-unknown-linux-gnu = None
[INFO] [stderr]   CXXFLAGS_x86_64_unknown_linux_gnu = None
[INFO] [stderr]   HOST_CXXFLAGS = None
[INFO] [stderr]   CXXFLAGS = None
[INFO] [stderr]   CRATE_CC_NO_DEFAULTS = None
[INFO] [stderr]   CARGO_CFG_TARGET_FEATURE = Some("fxsr,sse,sse2")
[INFO] [stderr]   running: "c++" "-O0" "-ffunction-sections" "-fdata-sections" "-fPIC" "-g" "-fno-omit-frame-pointer" "-m64" "-I" "crashpad" "-I" "crashpad/third_party/mini_chromium" "-I" "crashpad/third_party/mini_chromium/mini_chromium" "-Wall" "-Wextra" "-std=c++14" "-Wno-unused-parameter" "-o" "/opt/rustwide/target/debug/build/crashpad-sys-0a97f84467c021db/out/wrapper/lib.o" "-c" "wrapper/lib.cc"
[INFO] [stderr]   exit status: 0
[INFO] [stderr]   AR_x86_64-unknown-linux-gnu = None
[INFO] [stderr]   AR_x86_64_unknown_linux_gnu = None
[INFO] [stderr]   HOST_AR = None
[INFO] [stderr]   AR = None
[INFO] [stderr]   running: "ar" "cq" "/opt/rustwide/target/debug/build/crashpad-sys-0a97f84467c021db/out/libcrashpad_wrapper.a" "/opt/rustwide/target/debug/build/crashpad-sys-0a97f84467c021db/out/wrapper/lib.o"
[INFO] [stderr]   exit status: 0
[INFO] [stderr]   running: "ar" "s" "/opt/rustwide/target/debug/build/crashpad-sys-0a97f84467c021db/out/libcrashpad_wrapper.a"
[INFO] [stderr]   exit status: 0
[INFO] [stderr]   cargo:rustc-link-lib=static=crashpad_wrapper
[INFO] [stderr]   cargo:rustc-link-search=native=/opt/rustwide/target/debug/build/crashpad-sys-0a97f84467c021db/out
[INFO] [stderr]   CXXSTDLIB_x86_64-unknown-linux-gnu = None
[INFO] [stderr]   CXXSTDLIB_x86_64_unknown_linux_gnu = None
[INFO] [stderr]   HOST_CXXSTDLIB = None
[INFO] [stderr]   CXXSTDLIB = None
[INFO] [stderr]   cargo:rustc-link-lib=stdc++
[INFO] [stderr]   cargo:rerun-if-changed=crashpad/
[INFO] [stderr]   CMAKE_TOOLCHAIN_FILE_x86_64-unknown-linux-gnu = None
[INFO] [stderr]   CMAKE_TOOLCHAIN_FILE_x86_64_unknown_linux_gnu = None
[INFO] [stderr]   HOST_CMAKE_TOOLCHAIN_FILE = None
[INFO] [stderr]   CMAKE_TOOLCHAIN_FILE = None
[INFO] [stderr]   CMAKE_GENERATOR_x86_64-unknown-linux-gnu = None
[INFO] [stderr]   CMAKE_GENERATOR_x86_64_unknown_linux_gnu = None
[INFO] [stderr]   HOST_CMAKE_GENERATOR = None
[INFO] [stderr]   CMAKE_GENERATOR = None
[INFO] [stderr]   CMAKE_PREFIX_PATH_x86_64-unknown-linux-gnu = None
[INFO] [stderr]   CMAKE_PREFIX_PATH_x86_64_unknown_linux_gnu = None
[INFO] [stderr]   HOST_CMAKE_PREFIX_PATH = None
[INFO] [stderr]   CMAKE_PREFIX_PATH = None
[INFO] [stderr]   CMAKE_x86_64-unknown-linux-gnu = None
[INFO] [stderr]   CMAKE_x86_64_unknown_linux_gnu = None
[INFO] [stderr]   HOST_CMAKE = None
[INFO] [stderr]   CMAKE = None
[INFO] [stderr]   running: "cmake" "/opt/rustwide/workdir/crashpad" "-DCMAKE_INSTALL_PREFIX=/opt/rustwide/target/debug/build/crashpad-sys-0a97f84467c021db/out" "-DCMAKE_C_FLAGS= -ffunction-sections -fdata-sections -fPIC -m64" "-DCMAKE_C_COMPILER=/usr/bin/cc" "-DCMAKE_CXX_FLAGS= -ffunction-sections -fdata-sections -fPIC -m64" "-DCMAKE_CXX_COMPILER=/usr/bin/c++" "-DCMAKE_ASM_FLAGS= -ffunction-sections -fdata-sections -fPIC -m64" "-DCMAKE_ASM_COMPILER=/usr/bin/cc" "-DCMAKE_BUILD_TYPE=Debug"
[INFO] [stderr]   -- The C compiler identification is GNU 9.3.0
[INFO] [stderr]   -- The CXX compiler identification is GNU 9.3.0
[INFO] [stderr]   -- Check for working C compiler: /usr/bin/cc
[INFO] [stderr]   -- Check for working C compiler: /usr/bin/cc -- works
[INFO] [stderr]   -- Detecting C compiler ABI info
[INFO] [stderr]   -- Detecting C compiler ABI info - done
[INFO] [stderr]   -- Detecting C compile features
[INFO] [stderr]   -- Detecting C compile features - done
[INFO] [stderr]   -- Check for working CXX compiler: /usr/bin/c++
[INFO] [stderr]   -- Check for working CXX compiler: /usr/bin/c++ -- works
[INFO] [stderr]   -- Detecting CXX compiler ABI info
[INFO] [stderr]   -- Detecting CXX compiler ABI info - done
[INFO] [stderr]   -- Detecting CXX compile features
[INFO] [stderr]   -- Detecting CXX compile features - done
[INFO] [stderr]   -- Found ZLIB: /usr/lib/x86_64-linux-gnu/libz.so (found version "1.2.11") 
[INFO] [stderr]   -- Found OpenSSL: /usr/lib/x86_64-linux-gnu/libcrypto.so (found version "1.1.1f")  
[INFO] [stderr]   -- The ASM compiler identification is GNU
[INFO] [stderr]   -- Found assembler: /usr/bin/cc
[INFO] [stderr]   -- Configuring done
[INFO] [stderr]   -- Generating done
[INFO] [stderr]   -- Build files have been written to: /opt/rustwide/target/debug/build/crashpad-sys-0a97f84467c021db/out/build
[INFO] [stderr]   running: "cmake" "--build" "." "--target" "install" "--config" "Debug" "--parallel" "128"
[INFO] [stderr]   Scanning dependencies of target crashpad_tools
[INFO] [stderr]   Scanning dependencies of target crashpad_compat
[INFO] [stderr]   [  1%] Building CXX object tools/CMakeFiles/crashpad_tools.dir/tool_support.cc.o
[INFO] [stderr]   [  2%] Building CXX object compat/CMakeFiles/crashpad_compat.dir/linux/sys/mman_memfd_create.cc.o
[INFO] [stderr]   Scanning dependencies of target mini_chromium
[INFO] [stderr]   [  2%] Building CXX object third_party/mini_chromium/CMakeFiles/mini_chromium.dir/mini_chromium/base/files/file_path.cc.o
[INFO] [stderr]   [  2%] Building CXX object third_party/mini_chromium/CMakeFiles/mini_chromium.dir/mini_chromium/base/logging.cc.o
[INFO] [stderr]   [  3%] Building CXX object third_party/mini_chromium/CMakeFiles/mini_chromium.dir/mini_chromium/base/debug/alias.cc.o
[INFO] [stderr]   [  3%] Building CXX object third_party/mini_chromium/CMakeFiles/mini_chromium.dir/mini_chromium/base/strings/stringprintf.cc.o
[INFO] [stderr]   [  4%] Building CXX object third_party/mini_chromium/CMakeFiles/mini_chromium.dir/mini_chromium/base/process/memory.cc.o
[INFO] [stderr]   [  6%] Building CXX object third_party/mini_chromium/CMakeFiles/mini_chromium.dir/mini_chromium/base/strings/utf_string_conversion_utils.cc.o
[INFO] [stderr]   [  6%] Building CXX object third_party/mini_chromium/CMakeFiles/mini_chromium.dir/mini_chromium/base/rand_util.cc.o
[INFO] [stderr]   [  6%] Building CXX object third_party/mini_chromium/CMakeFiles/mini_chromium.dir/mini_chromium/base/files/scoped_file.cc.o
[INFO] [stderr]   [  8%] Building CXX object third_party/mini_chromium/CMakeFiles/mini_chromium.dir/mini_chromium/base/synchronization/lock.cc.o
[INFO] [stderr]   [  8%] Building CXX object third_party/mini_chromium/CMakeFiles/mini_chromium.dir/mini_chromium/base/strings/string_number_conversions.cc.o
[INFO] [stderr]   [  8%] Building CXX object third_party/mini_chromium/CMakeFiles/mini_chromium.dir/mini_chromium/base/strings/utf_string_conversions.cc.o
[INFO] [stderr]   [  9%] Building CXX object third_party/mini_chromium/CMakeFiles/mini_chromium.dir/mini_chromium/base/threading/thread_local_storage.cc.o
[INFO] [stderr]   [  9%] Linking CXX static library libcrashpad_compat.a
[INFO] [stderr]   [  9%] Building CXX object third_party/mini_chromium/CMakeFiles/mini_chromium.dir/mini_chromium/base/third_party/icu/icu_utf.cc.o
[INFO] [stderr]   [ 10%] Building CXX object third_party/mini_chromium/CMakeFiles/mini_chromium.dir/mini_chromium/base/files/file_util_posix.cc.o
[INFO] [stderr]   [ 11%] Building CXX object third_party/mini_chromium/CMakeFiles/mini_chromium.dir/mini_chromium/base/synchronization/condition_variable_posix.cc.o
[INFO] [stderr]   [ 11%] Building CXX object third_party/mini_chromium/CMakeFiles/mini_chromium.dir/mini_chromium/base/memory/page_size_posix.cc.o
[INFO] [stderr]   [ 11%] Building CXX object third_party/mini_chromium/CMakeFiles/mini_chromium.dir/mini_chromium/base/posix/safe_strerror.cc.o
[INFO] [stderr]   [ 12%] Building CXX object third_party/mini_chromium/CMakeFiles/mini_chromium.dir/mini_chromium/base/threading/thread_local_storage_posix.cc.o
[INFO] [stderr]   [ 12%] Building CXX object third_party/mini_chromium/CMakeFiles/mini_chromium.dir/mini_chromium/base/synchronization/lock_impl_posix.cc.o
[INFO] [stderr]   [ 12%] Built target crashpad_compat
[INFO] [stderr]   [ 12%] Linking CXX static library libcrashpad_tools.a
[INFO] [stderr]   [ 12%] Built target crashpad_tools
[INFO] [stderr]   [ 13%] Linking CXX static library libmini_chromium.a
[INFO] [stderr]   [ 13%] Built target mini_chromium
[INFO] [stderr]   Scanning dependencies of target crashpad_util
[INFO] [stderr]   [ 14%] Building CXX object util/CMakeFiles/crashpad_util.dir/file/delimited_file_reader.cc.o
[INFO] [stderr]   [ 14%] Building CXX object util/CMakeFiles/crashpad_util.dir/file/file_helper.cc.o
[INFO] [stderr]   [ 15%] Building CXX object util/CMakeFiles/crashpad_util.dir/file/file_io.cc.o
[INFO] [stderr]   [ 16%] Building CXX object util/CMakeFiles/crashpad_util.dir/file/file_seeker.cc.o
[INFO] [stderr]   [ 16%] Building CXX object util/CMakeFiles/crashpad_util.dir/file/file_reader.cc.o
[INFO] [stderr]   [ 16%] Building CXX object util/CMakeFiles/crashpad_util.dir/file/file_writer.cc.o
[INFO] [stderr]   [ 16%] Building CXX object util/CMakeFiles/crashpad_util.dir/file/scoped_remove_file.cc.o
[INFO] [stderr]   [ 17%] Building CXX object util/CMakeFiles/crashpad_util.dir/file/string_file.cc.o
[INFO] [stderr]   [ 18%] Building CXX object util/CMakeFiles/crashpad_util.dir/file/output_stream_file_writer.cc.o
[INFO] [stderr]   [ 18%] Building CXX object util/CMakeFiles/crashpad_util.dir/misc/initialization_state_dcheck.cc.o
[INFO] [stderr]   [ 19%] Building CXX object util/CMakeFiles/crashpad_util.dir/misc/lexing.cc.o
[INFO] [stderr]   [ 20%] Building CXX object util/CMakeFiles/crashpad_util.dir/misc/range_set.cc.o
[INFO] [stderr]   [ 20%] Building CXX object util/CMakeFiles/crashpad_util.dir/misc/uuid.cc.o
[INFO] [stderr]   [ 20%] Building CXX object util/CMakeFiles/crashpad_util.dir/misc/scoped_forbid_return.cc.o
[INFO] [stderr]   [ 21%] Building CXX object util/CMakeFiles/crashpad_util.dir/misc/pdb_structures.cc.o
[INFO] [stderr]   [ 22%] Building CXX object util/CMakeFiles/crashpad_util.dir/misc/reinterpret_bytes.cc.o
[INFO] [stderr]   [ 24%] Building CXX object util/CMakeFiles/crashpad_util.dir/misc/zlib.cc.o
[INFO] [stderr]   [ 24%] Building CXX object util/CMakeFiles/crashpad_util.dir/net/http_body.cc.o
[INFO] [stderr]   [ 25%] Building CXX object util/CMakeFiles/crashpad_util.dir/net/http_body_gzip.cc.o
[INFO] [stderr]   [ 25%] Building CXX object util/CMakeFiles/crashpad_util.dir/misc/random_string.cc.o
[INFO] [stderr]   [ 25%] Building CXX object util/CMakeFiles/crashpad_util.dir/net/http_multipart_builder.cc.o
[INFO] [stderr]   [ 25%] Building CXX object util/CMakeFiles/crashpad_util.dir/misc/metrics.cc.o
[INFO] [stderr]   [ 26%] Building CXX object util/CMakeFiles/crashpad_util.dir/net/http_transport.cc.o
[INFO] [stderr]   [ 27%] Building CXX object util/CMakeFiles/crashpad_util.dir/numeric/checked_address_range.cc.o
[INFO] [stderr]   [ 27%] Building CXX object util/CMakeFiles/crashpad_util.dir/misc/time.cc.o
[INFO] [stderr]   [ 27%] Building CXX object util/CMakeFiles/crashpad_util.dir/net/url.cc.o
[INFO] [stderr]   [ 27%] Building CXX object util/CMakeFiles/crashpad_util.dir/process/process_memory.cc.o
[INFO] [stderr]   [ 27%] Building CXX object util/CMakeFiles/crashpad_util.dir/stdlib/aligned_allocator.cc.o
[INFO] [stderr]   [ 28%] Building CXX object util/CMakeFiles/crashpad_util.dir/process/process_memory_range.cc.o
[INFO] [stderr]   [ 29%] Building CXX object util/CMakeFiles/crashpad_util.dir/stdlib/strnlen.cc.o
[INFO] [stderr]   [ 29%] Building CXX object util/CMakeFiles/crashpad_util.dir/stdlib/strlcpy.cc.o
[INFO] [stderr]   [ 29%] Building CXX object util/CMakeFiles/crashpad_util.dir/stream/base94_output_stream.cc.o
[INFO] [stderr]   [ 30%] Building CXX object util/CMakeFiles/crashpad_util.dir/stream/zlib_output_stream.cc.o
[INFO] [stderr]   [ 31%] Building CXX object util/CMakeFiles/crashpad_util.dir/stdlib/string_number_conversion.cc.o
[INFO] [stderr]   [ 31%] Building CXX object util/CMakeFiles/crashpad_util.dir/string/split_string.cc.o
[INFO] [stderr]   [ 32%] Building CXX object util/CMakeFiles/crashpad_util.dir/thread/thread.cc.o
[INFO] [stderr]   [ 33%] Building CXX object util/CMakeFiles/crashpad_util.dir/thread/worker_thread.cc.o
[INFO] [stderr]   [ 33%] Building CXX object util/CMakeFiles/crashpad_util.dir/thread/thread_log_messages.cc.o
[INFO] [stderr]   [ 35%] Building CXX object util/CMakeFiles/crashpad_util.dir/stream/file_encoder.cc.o
[INFO] [stderr]   [ 35%] Building CXX object util/CMakeFiles/crashpad_util.dir/stream/file_output_stream.cc.o
[INFO] [stderr]   [ 35%] Building CXX object util/CMakeFiles/crashpad_util.dir/stream/log_output_stream.cc.o
[INFO] [stderr]   [ 35%] Building CXX object util/CMakeFiles/crashpad_util.dir/posix/close_stdio.cc.o
[INFO] [stderr]   [ 36%] Building CXX object util/CMakeFiles/crashpad_util.dir/file/file_io_posix.cc.o
[INFO] [stderr]   [ 37%] Building CXX object util/CMakeFiles/crashpad_util.dir/posix/scoped_dir.cc.o
[INFO] [stderr]   [ 38%] Building CXX object util/CMakeFiles/crashpad_util.dir/misc/clock_posix.cc.o
[INFO] [stderr]   [ 38%] Building CXX object util/CMakeFiles/crashpad_util.dir/posix/scoped_mmap.cc.o
[INFO] [stderr]   [ 38%] Building CXX object util/CMakeFiles/crashpad_util.dir/file/directory_reader_posix.cc.o
[INFO] [stderr]   [ 39%] Building CXX object util/CMakeFiles/crashpad_util.dir/posix/signals.cc.o
[INFO] [stderr]   [ 39%] Building CXX object util/CMakeFiles/crashpad_util.dir/file/filesystem_posix.cc.o
[INFO] [stderr]   [ 39%] Building CXX object util/CMakeFiles/crashpad_util.dir/posix/close_multiple.cc.o
[INFO] [stderr]   [ 39%] Building CXX object util/CMakeFiles/crashpad_util.dir/synchronization/semaphore_posix.cc.o
[INFO] [stderr]   [ 40%] Building CXX object util/CMakeFiles/crashpad_util.dir/thread/thread_posix.cc.o
[INFO] [stderr]   [ 41%] Building CXX object util/CMakeFiles/crashpad_util.dir/posix/double_fork_and_exec.cc.o
[INFO] [stderr]   [ 41%] Building CXX object util/CMakeFiles/crashpad_util.dir/posix/drop_privileges.cc.o
[INFO] [stderr]   [ 41%] Building CXX object util/CMakeFiles/crashpad_util.dir/linux/auxiliary_vector.cc.o
[INFO] [stderr]   [ 42%] Building CXX object util/CMakeFiles/crashpad_util.dir/net/http_transport_socket.cc.o
[INFO] [stderr]   [ 43%] Building CXX object util/CMakeFiles/crashpad_util.dir/linux/direct_ptrace_connection.cc.o
[INFO] [stderr]   [ 44%] Building CXX object util/CMakeFiles/crashpad_util.dir/posix/symbolic_constants_posix.cc.o
[INFO] [stderr]   [ 44%] Building CXX object util/CMakeFiles/crashpad_util.dir/linux/exception_handler_client.cc.o
[INFO] [stderr]   [ 44%] Building CXX object util/CMakeFiles/crashpad_util.dir/linux/memory_map.cc.o
[INFO] [stderr]   [ 45%] Building CXX object util/CMakeFiles/crashpad_util.dir/linux/exception_handler_protocol.cc.o
[INFO] [stderr]   [ 46%] Building CXX object util/CMakeFiles/crashpad_util.dir/linux/proc_stat_reader.cc.o
[INFO] [stderr]   [ 46%] Building CXX object util/CMakeFiles/crashpad_util.dir/linux/ptrace_client.cc.o
[INFO] [stderr]   [ 47%] Building CXX object util/CMakeFiles/crashpad_util.dir/linux/proc_task_reader.cc.o
[INFO] [stderr]   [ 48%] Building CXX object util/CMakeFiles/crashpad_util.dir/linux/ptrace_broker.cc.o
[INFO] [stderr]   [ 49%] Building CXX object util/CMakeFiles/crashpad_util.dir/process/process_memory_sanitized.cc.o
[INFO] [stderr]   [ 47%] Building CXX object util/CMakeFiles/crashpad_util.dir/linux/scoped_ptrace_attach.cc.o
[INFO] [stderr]   [ 47%] Building CXX object util/CMakeFiles/crashpad_util.dir/linux/scoped_pr_set_dumpable.cc.o
[INFO] [stderr]   [ 50%] Building CXX object util/CMakeFiles/crashpad_util.dir/posix/process_info_linux.cc.o
[INFO] [stderr]   [ 50%] Building CXX object util/CMakeFiles/crashpad_util.dir/linux/thread_info.cc.o
[INFO] [stderr]   [ 50%] Building CXX object util/CMakeFiles/crashpad_util.dir/linux/ptracer.cc.o
[INFO] [stderr]   [ 51%] Building CXX object util/CMakeFiles/crashpad_util.dir/linux/scoped_pr_set_ptracer.cc.o
[INFO] [stderr]   [ 51%] Building CXX object util/CMakeFiles/crashpad_util.dir/process/process_memory_linux.cc.o
[INFO] [stderr]   [ 52%] Building CXX object util/CMakeFiles/crashpad_util.dir/misc/time_linux.cc.o
[INFO] [stderr]   [ 53%] Building ASM object util/CMakeFiles/crashpad_util.dir/misc/capture_context_linux.S.o
[INFO] [stderr]   [ 54%] Building CXX object util/CMakeFiles/crashpad_util.dir/linux/socket.cc.o
[INFO] [stderr]   [ 54%] Building CXX object util/CMakeFiles/crashpad_util.dir/misc/paths_linux.cc.o
[INFO] [stderr]   [ 54%] Linking CXX static library libcrashpad_util.a
[INFO] [stderr]   [ 54%] Built target crashpad_util
[INFO] [stderr]   Scanning dependencies of target crashpad_client
[INFO] [stderr]   [ 54%] Building CXX object client/CMakeFiles/crashpad_client.dir/annotation.cc.o
[INFO] [stderr]   [ 54%] Building CXX object client/CMakeFiles/crashpad_client.dir/crash_report_database.cc.o
[INFO] [stderr]   [ 55%] Building CXX object client/CMakeFiles/crashpad_client.dir/annotation_list.cc.o
[INFO] [stderr]   [ 55%] Building CXX object client/CMakeFiles/crashpad_client.dir/prune_crash_reports.cc.o
[INFO] [stderr]   [ 56%] Building CXX object client/CMakeFiles/crashpad_client.dir/crashpad_info.cc.o
[INFO] [stderr]   [ 56%] Building CXX object client/CMakeFiles/crashpad_client.dir/crashpad_client_linux.cc.o
[INFO] [stderr]   [ 57%] Building CXX object client/CMakeFiles/crashpad_client.dir/client_argv_handling.cc.o
[INFO] [stderr]   [ 58%] Building ASM object client/CMakeFiles/crashpad_client.dir/crashpad_info_note.S.o
[INFO] [stderr]   [ 58%] Building CXX object client/CMakeFiles/crashpad_client.dir/crash_report_database_generic.cc.o
[INFO] [stderr]   [ 59%] Building CXX object client/CMakeFiles/crashpad_client.dir/settings.cc.o
[INFO] [stderr]   [ 59%] Linking CXX static library libcrashpad_client.a
[INFO] [stderr]   [ 59%] Built target crashpad_client
[INFO] [stderr]   Scanning dependencies of target crashpad_snapshot
[INFO] [stderr]   [ 61%] Building CXX object snapshot/CMakeFiles/crashpad_snapshot.dir/capture_memory.cc.o
[INFO] [stderr]   [ 61%] Building CXX object snapshot/CMakeFiles/crashpad_snapshot.dir/handle_snapshot.cc.o
[INFO] [stderr]   [ 61%] Building CXX object snapshot/CMakeFiles/crashpad_snapshot.dir/annotation_snapshot.cc.o
[INFO] [stderr]   [ 61%] Building CXX object snapshot/CMakeFiles/crashpad_snapshot.dir/cpu_context.cc.o
[INFO] [stderr]   [ 61%] Building CXX object snapshot/CMakeFiles/crashpad_snapshot.dir/crashpad_info_client_options.cc.o
[INFO] [stderr]   [ 62%] Building CXX object snapshot/CMakeFiles/crashpad_snapshot.dir/memory_snapshot.cc.o
[INFO] [stderr]   [ 62%] Building CXX object snapshot/CMakeFiles/crashpad_snapshot.dir/minidump/exception_snapshot_minidump.cc.o
[INFO] [stderr]   [ 63%] Building CXX object snapshot/CMakeFiles/crashpad_snapshot.dir/minidump/memory_snapshot_minidump.cc.o
[INFO] [stderr]   [ 63%] Building CXX object snapshot/CMakeFiles/crashpad_snapshot.dir/minidump/minidump_annotation_reader.cc.o
[INFO] [stderr]   [ 64%] Building CXX object snapshot/CMakeFiles/crashpad_snapshot.dir/minidump/minidump_context_converter.cc.o
[INFO] [stderr]   [ 64%] Building CXX object snapshot/CMakeFiles/crashpad_snapshot.dir/minidump/minidump_simple_string_dictionary_reader.cc.o
[INFO] [stderr]   [ 64%] Building CXX object snapshot/CMakeFiles/crashpad_snapshot.dir/minidump/module_snapshot_minidump.cc.o
[INFO] [stderr]   [ 65%] Building CXX object snapshot/CMakeFiles/crashpad_snapshot.dir/minidump/minidump_string_reader.cc.o
[INFO] [stderr]   [ 66%] Building CXX object snapshot/CMakeFiles/crashpad_snapshot.dir/minidump/minidump_string_list_reader.cc.o
[INFO] [stderr]   [ 67%] Building CXX object snapshot/CMakeFiles/crashpad_snapshot.dir/minidump/process_snapshot_minidump.cc.o
[INFO] [stderr]   [ 67%] Building CXX object snapshot/CMakeFiles/crashpad_snapshot.dir/minidump/system_snapshot_minidump.cc.o
[INFO] [stderr]   [ 68%] Building CXX object snapshot/CMakeFiles/crashpad_snapshot.dir/minidump/thread_snapshot_minidump.cc.o
[INFO] [stderr]   [ 68%] Building CXX object snapshot/CMakeFiles/crashpad_snapshot.dir/unloaded_module_snapshot.cc.o
[INFO] [stderr]   [ 69%] Building CXX object snapshot/CMakeFiles/crashpad_snapshot.dir/crashpad_types/crashpad_info_reader.cc.o
[INFO] [stderr]   [ 70%] Building CXX object snapshot/CMakeFiles/crashpad_snapshot.dir/linux/cpu_context_linux.cc.o
[INFO] [stderr]   [ 70%] Building CXX object snapshot/CMakeFiles/crashpad_snapshot.dir/posix/timezone.cc.o
[INFO] [stderr]   [ 70%] Building CXX object snapshot/CMakeFiles/crashpad_snapshot.dir/linux/debug_rendezvous.cc.o
[INFO] [stderr]   [ 71%] Building CXX object snapshot/CMakeFiles/crashpad_snapshot.dir/linux/exception_snapshot_linux.cc.o
[INFO] [stderr]   [ 71%] Building CXX object snapshot/CMakeFiles/crashpad_snapshot.dir/linux/process_reader_linux.cc.o
[INFO] [stderr]   [ 71%] Building CXX object snapshot/CMakeFiles/crashpad_snapshot.dir/linux/system_snapshot_linux.cc.o
[INFO] [stderr]   [ 71%] Building CXX object snapshot/CMakeFiles/crashpad_snapshot.dir/sanitized/memory_snapshot_sanitized.cc.o
[INFO] [stderr]   [ 72%] Building CXX object snapshot/CMakeFiles/crashpad_snapshot.dir/linux/thread_snapshot_linux.cc.o
[INFO] [stderr]   [ 73%] Building CXX object snapshot/CMakeFiles/crashpad_snapshot.dir/sanitized/module_snapshot_sanitized.cc.o
[INFO] [stderr]   [ 74%] Building CXX object snapshot/CMakeFiles/crashpad_snapshot.dir/linux/process_snapshot_linux.cc.o
[INFO] [stderr]   [ 75%] Building CXX object snapshot/CMakeFiles/crashpad_snapshot.dir/sanitized/sanitization_information.cc.o
[INFO] [stderr]   [ 75%] Building CXX object snapshot/CMakeFiles/crashpad_snapshot.dir/sanitized/process_snapshot_sanitized.cc.o
[INFO] [stderr]   [ 75%] Building CXX object snapshot/CMakeFiles/crashpad_snapshot.dir/sanitized/thread_snapshot_sanitized.cc.o
[INFO] [stderr]   [ 76%] Building CXX object snapshot/CMakeFiles/crashpad_snapshot.dir/crashpad_types/image_annotation_reader.cc.o
[INFO] [stderr]   [ 77%] Building CXX object snapshot/CMakeFiles/crashpad_snapshot.dir/elf/elf_dynamic_array_reader.cc.o
[INFO] [stderr]   [ 77%] Building CXX object snapshot/CMakeFiles/crashpad_snapshot.dir/elf/elf_image_reader.cc.o
[INFO] [stderr]   [ 78%] Building CXX object snapshot/CMakeFiles/crashpad_snapshot.dir/elf/elf_symbol_table_reader.cc.o
[INFO] [stderr]   [ 78%] Building CXX object snapshot/CMakeFiles/crashpad_snapshot.dir/elf/module_snapshot_elf.cc.o
[INFO] [stderr]   [ 79%] Building CXX object snapshot/CMakeFiles/crashpad_snapshot.dir/x86/cpuid_reader.cc.o
[INFO] [stderr] 
[INFO] [stderr]   --- stderr
[INFO] [stderr]   error: 'rustfmt' is not installed for the toolchain 'beta-2021-10-15-x86_64-unknown-linux-gnu'
[INFO] [stderr]   To install, run `rustup component add rustfmt --toolchain beta-2021-10-15-x86_64-unknown-linux-gnu`
[INFO] [stderr]   Failed to run rustfmt: Internal rustfmt error (non-fatal, continuing)
[INFO] [stderr]   make: warning: -j128 forced in submake: resetting jobserver mode.
[INFO] [stderr]   In file included from /opt/rustwide/workdir/crashpad/compat/linux/sys/mman_memfd_create.cc:21:
[INFO] [stderr]   /opt/rustwide/workdir/crashpad/util/misc/no_cfi_icall.h:55:75: warning: 'cfi-icall' attribute directive ignored [-Wattributes]
[INFO] [stderr]      55 |   DISABLE_CFI_ICALL static R Invoke(Function&& function, RunArgs&&... args) {
[INFO] [stderr]         |                                                                           ^
[INFO] [stderr]   /opt/rustwide/workdir/crashpad/util/misc/no_cfi_icall.h:63:75: warning: 'cfi-icall' attribute directive ignored [-Wattributes]
[INFO] [stderr]      63 |   DISABLE_CFI_ICALL static R Invoke(Function&& function, RunArgs&&... args) {
[INFO] [stderr]         |                                                                           ^
[INFO] [stderr]   c++: fatal error: Killed signal terminated program cc1plus
[INFO] [stderr]   compilation terminated.
[INFO] [stderr]   make[2]: *** [snapshot/CMakeFiles/crashpad_snapshot.dir/build.make:154: snapshot/CMakeFiles/crashpad_snapshot.dir/minidump/memory_snapshot_minidump.cc.o] Error 1
[INFO] [stderr]   make[2]: *** Waiting for unfinished jobs....
[INFO] [stderr]   c++: fatal error: Killed signal terminated program cc1plus
[INFO] [stderr]   compilation terminated.
[INFO] [stderr]   make[2]: *** [snapshot/CMakeFiles/crashpad_snapshot.dir/build.make:167: snapshot/CMakeFiles/crashpad_snapshot.dir/minidump/minidump_annotation_reader.cc.o] Error 1
[INFO] [stderr]   c++: fatal error: Killed signal terminated program cc1plus
[INFO] [stderr]   compilation terminated.
[INFO] [stderr]   make[2]: *** [snapshot/CMakeFiles/crashpad_snapshot.dir/build.make:245: snapshot/CMakeFiles/crashpad_snapshot.dir/minidump/process_snapshot_minidump.cc.o] Error 1
[INFO] [stderr]   make[1]: *** [CMakeFiles/Makefile2:346: snapshot/CMakeFiles/crashpad_snapshot.dir/all] Error 2
[INFO] [stderr]   make: *** [Makefile:130: all] Error 2
[INFO] [stderr]   thread 'main' panicked at '
[INFO] [stderr]   command did not execute successfully, got: exit status: 2
[INFO] [stderr] 
[INFO] [stderr]   build script failed, must exit now', /opt/rustwide/cargo-home/registry/src/github.com-1ecc6299db9ec823/cmake-0.1.46/src/lib.rs:974:5
[INFO] [stderr]   stack backtrace:
[INFO] [stderr]      0:     0x5649904c7b4c - std::backtrace_rs::backtrace::libunwind::trace::h51faa62df48810e4
[INFO] [stderr]                                  at /rustc/58268ff091703ace98c3c2a8c5f2fb2c3aecace2/library/std/src/../../backtrace/src/backtrace/libunwind.rs:90:5
[INFO] [stderr]      1:     0x5649904c7b4c - std::backtrace_rs::backtrace::trace_unsynchronized::h91de4d8e16d607e4
[INFO] [stderr]                                  at /rustc/58268ff091703ace98c3c2a8c5f2fb2c3aecace2/library/std/src/../../backtrace/src/backtrace/mod.rs:66:5
[INFO] [stderr]      2:     0x5649904c7b4c - std::sys_common::backtrace::_print_fmt::h71b0935f97e4322c
[INFO] [stderr]                                  at /rustc/58268ff091703ace98c3c2a8c5f2fb2c3aecace2/library/std/src/sys_common/backtrace.rs:67:5
[INFO] [stderr]      3:     0x5649904c7b4c - <std::sys_common::backtrace::_print::DisplayBacktrace as core::fmt::Display>::fmt::h9a78218788c14e18
[INFO] [stderr]                                  at /rustc/58268ff091703ace98c3c2a8c5f2fb2c3aecace2/library/std/src/sys_common/backtrace.rs:46:22
[INFO] [stderr]      4:     0x5649904ee9ec - core::fmt::write::h3381b3176fe2b3d3
[INFO] [stderr]                                  at /rustc/58268ff091703ace98c3c2a8c5f2fb2c3aecace2/library/core/src/fmt/mod.rs:1150:17
[INFO] [stderr]      5:     0x5649904c3c85 - std::io::Write::write_fmt::h1d5220480c7a2437
[INFO] [stderr]                                  at /rustc/58268ff091703ace98c3c2a8c5f2fb2c3aecace2/library/std/src/io/mod.rs:1667:15
[INFO] [stderr]      6:     0x5649904c9c20 - std::sys_common::backtrace::_print::h4b77abc4d907ed0e
[INFO] [stderr]                                  at /rustc/58268ff091703ace98c3c2a8c5f2fb2c3aecace2/library/std/src/sys_common/backtrace.rs:49:5
[INFO] [stderr]      7:     0x5649904c9c20 - std::sys_common::backtrace::print::hb170c60b542377ad
[INFO] [stderr]                                  at /rustc/58268ff091703ace98c3c2a8c5f2fb2c3aecace2/library/std/src/sys_common/backtrace.rs:36:9
[INFO] [stderr]      8:     0x5649904c9c20 - std::panicking::default_hook::{{closure}}::h12bbda9af8901ee3
[INFO] [stderr]                                  at /rustc/58268ff091703ace98c3c2a8c5f2fb2c3aecace2/library/std/src/panicking.rs:210:50
[INFO] [stderr]      9:     0x5649904c97d7 - std::panicking::default_hook::h8c6c66d3f3ba6768
[INFO] [stderr]                                  at /rustc/58268ff091703ace98c3c2a8c5f2fb2c3aecace2/library/std/src/panicking.rs:227:9
[INFO] [stderr]     10:     0x5649904ca2d4 - std::panicking::rust_panic_with_hook::h36f2fa0bb09f4069
[INFO] [stderr]                                  at /rustc/58268ff091703ace98c3c2a8c5f2fb2c3aecace2/library/std/src/panicking.rs:624:17
[INFO] [stderr]     11:     0x5649904c9db0 - std::panicking::begin_panic_handler::{{closure}}::h9c42b65a42d06a7a
[INFO] [stderr]                                  at /rustc/58268ff091703ace98c3c2a8c5f2fb2c3aecace2/library/std/src/panicking.rs:521:13
[INFO] [stderr]     12:     0x5649904c8014 - std::sys_common::backtrace::__rust_end_short_backtrace::hc791bddfe31e532c
[INFO] [stderr]                                  at /rustc/58268ff091703ace98c3c2a8c5f2fb2c3aecace2/library/std/src/sys_common/backtrace.rs:141:18
[INFO] [stderr]     13:     0x5649904c9d19 - rust_begin_unwind
[INFO] [stderr]                                  at /rustc/58268ff091703ace98c3c2a8c5f2fb2c3aecace2/library/std/src/panicking.rs:517:5
[INFO] [stderr]     14:     0x56498ff2dbcb - std::panicking::begin_panic_fmt::h32ac317c038a272d
[INFO] [stderr]                                  at /rustc/58268ff091703ace98c3c2a8c5f2fb2c3aecace2/library/std/src/panicking.rs:460:5
[INFO] [stderr]     15:     0x56499043584b - cmake::fail::h487ec6ada033e865
[INFO] [stderr]                                  at /opt/rustwide/cargo-home/registry/src/github.com-1ecc6299db9ec823/cmake-0.1.46/src/lib.rs:974:5
[INFO] [stderr]     16:     0x564990435269 - cmake::run::hab24d1ade5cb3b60
[INFO] [stderr]                                  at /opt/rustwide/cargo-home/registry/src/github.com-1ecc6299db9ec823/cmake-0.1.46/src/lib.rs:952:9
[INFO] [stderr]     17:     0x56499043211c - cmake::Config::build::hbafbbaa4136f62d3
[INFO] [stderr]                                  at /opt/rustwide/cargo-home/registry/src/github.com-1ecc6299db9ec823/cmake-0.1.46/src/lib.rs:832:9
[INFO] [stderr]     18:     0x56498ff2fdd4 - cmake::build::h0ab2c6931a4b1088
[INFO] [stderr]                                  at /opt/rustwide/cargo-home/registry/src/github.com-1ecc6299db9ec823/cmake-0.1.46/src/lib.rs:105:5
[INFO] [stderr]     19:     0x56498ff311d2 - build_script_build::build_crashpad::hd55b4d0fdb084f4f
[INFO] [stderr]                                  at /opt/rustwide/workdir/build.rs:12:15
[INFO] [stderr]     20:     0x56498ff31a48 - build_script_build::main::h07ba65e0be0dec90
[INFO] [stderr]                                  at /opt/rustwide/workdir/build.rs:75:5
[INFO] [stderr]     21:     0x56498ff3276b - core::ops::function::FnOnce::call_once::h608531071b7ad860
[INFO] [stderr]                                  at /rustc/58268ff091703ace98c3c2a8c5f2fb2c3aecace2/library/core/src/ops/function.rs:227:5
[INFO] [stderr]     22:     0x56498ff30cde - std::sys_common::backtrace::__rust_begin_short_backtrace::h2dfbdc93d1e831c0
[INFO] [stderr]                                  at /rustc/58268ff091703ace98c3c2a8c5f2fb2c3aecace2/library/std/src/sys_common/backtrace.rs:125:18
[INFO] [stderr]     23:     0x56498ff32311 - std::rt::lang_start::{{closure}}::h27a109595e585714
[INFO] [stderr]                                  at /rustc/58268ff091703ace98c3c2a8c5f2fb2c3aecace2/library/std/src/rt.rs:63:18
[INFO] [stderr]     24:     0x5649904ca7da - core::ops::function::impls::<impl core::ops::function::FnOnce<A> for &F>::call_once::hc590b210ed55e22f
[INFO] [stderr]                                  at /rustc/58268ff091703ace98c3c2a8c5f2fb2c3aecace2/library/core/src/ops/function.rs:259:13
[INFO] [stderr]     25:     0x5649904ca7da - std::panicking::try::do_call::h5f0600b7a33ea1af
[INFO] [stderr]                                  at /rustc/58268ff091703ace98c3c2a8c5f2fb2c3aecace2/library/std/src/panicking.rs:403:40
[INFO] [stderr]     26:     0x5649904ca7da - std::panicking::try::he15826df0f376a33
[INFO] [stderr]                                  at /rustc/58268ff091703ace98c3c2a8c5f2fb2c3aecace2/library/std/src/panicking.rs:367:19
[INFO] [stderr]     27:     0x5649904ca7da - std::panic::catch_unwind::hd8af3a578b6b4c86
[INFO] [stderr]                                  at /rustc/58268ff091703ace98c3c2a8c5f2fb2c3aecace2/library/std/src/panic.rs:129:14
[INFO] [stderr]     28:     0x5649904ca7da - std::rt::lang_start_internal::{{closure}}::h301d1329324ae1f0
[INFO] [stderr]                                  at /rustc/58268ff091703ace98c3c2a8c5f2fb2c3aecace2/library/std/src/rt.rs:45:48
[INFO] [stderr]     29:     0x5649904ca7da - std::panicking::try::do_call::h941e8fdb0bd03655
[INFO] [stderr]                                  at /rustc/58268ff091703ace98c3c2a8c5f2fb2c3aecace2/library/std/src/panicking.rs:403:40
[INFO] [stderr]     30:     0x5649904ca7da - std::panicking::try::ha20a77bf65530f63
[INFO] [stderr]                                  at /rustc/58268ff091703ace98c3c2a8c5f2fb2c3aecace2/library/std/src/panicking.rs:367:19
[INFO] [stderr]     31:     0x5649904ca7da - std::panic::catch_unwind::h33afc061cc69ef90
[INFO] [stderr]                                  at /rustc/58268ff091703ace98c3c2a8c5f2fb2c3aecace2/library/std/src/panic.rs:129:14
[INFO] [stderr]     32:     0x5649904ca7da - std::rt::lang_start_internal::hc05c244593147106
[INFO] [stderr]                                  at /rustc/58268ff091703ace98c3c2a8c5f2fb2c3aecace2/library/std/src/rt.rs:45:20
[INFO] [stderr]     33:     0x56498ff322e0 - std::rt::lang_start::he45b918bfe42990f
[INFO] [stderr]                                  at /rustc/58268ff091703ace98c3c2a8c5f2fb2c3aecace2/library/std/src/rt.rs:62:5
[INFO] [stderr]     34:     0x56498ff31a6c - main
[INFO] [stderr]     35:     0x7fe6a7e030b3 - __libc_start_main
[INFO] [stderr]     36:     0x56498ff2f0ee - _start
[INFO] [stderr]     37:                0x0 - <unknown>
[INFO] running `Command { std: "docker" "inspect" "12992954b0da3bec053dd6567af5344103c6cc5b7b039cc22dd32f135c376608", kill_on_drop: false }`
[INFO] running `Command { std: "docker" "rm" "-f" "12992954b0da3bec053dd6567af5344103c6cc5b7b039cc22dd32f135c376608", kill_on_drop: false }`
[INFO] [stdout] 12992954b0da3bec053dd6567af5344103c6cc5b7b039cc22dd32f135c376608
