[INFO] fetching crate cql_u64 0.2.3...
[INFO] checking cql_u64-0.2.3 against beta-2021-10-15 for beta-1.56-3
[INFO] extracting crate cql_u64 0.2.3 into /workspace/builds/worker-93/source
[INFO] validating manifest of crates.io crate cql_u64 0.2.3 on toolchain beta-2021-10-15
[INFO] running `Command { std: "/workspace/cargo-home/bin/cargo" "+beta-2021-10-15" "metadata" "--manifest-path" "Cargo.toml" "--no-deps", kill_on_drop: false }`
[INFO] started tweaking crates.io crate cql_u64 0.2.3
[INFO] finished tweaking crates.io crate cql_u64 0.2.3
[INFO] tweaked toml for crates.io crate cql_u64 0.2.3 written to /workspace/builds/worker-93/source/Cargo.toml
[INFO] running `Command { std: "/workspace/cargo-home/bin/cargo" "+beta-2021-10-15" "generate-lockfile" "--manifest-path" "Cargo.toml" "-Zno-index-update", kill_on_drop: false }`
[INFO] [stderr]     Blocking waiting for file lock on package cache
[INFO] running `Command { std: "/workspace/cargo-home/bin/cargo" "+beta-2021-10-15" "fetch" "--manifest-path" "Cargo.toml", kill_on_drop: false }`
[INFO] [stderr]     Blocking waiting for file lock on package cache
[INFO] [stderr]     Blocking waiting for file lock on package cache
[INFO] [stderr]  Downloading crates ...
[INFO] [stderr]   Downloaded serial_test_derive v0.3.2
[INFO] [stderr]   Downloaded serial_test v0.3.2
[INFO] [stderr]   Downloaded cql_u64 v0.2.3
[INFO] [stderr]   Downloaded cql_db v0.2.4
[INFO] [stderr]   Downloaded cql_model v0.2.0
[INFO] running `Command { std: "docker" "create" "-v" "/var/lib/crater-agent-workspace/builds/worker-93/target:/opt/rustwide/target:rw,Z" "-v" "/var/lib/crater-agent-workspace/builds/worker-93/source:/opt/rustwide/workdir:ro,Z" "-v" "/var/lib/crater-agent-workspace/cargo-home:/opt/rustwide/cargo-home:ro,Z" "-v" "/var/lib/crater-agent-workspace/rustup-home:/opt/rustwide/rustup-home:ro,Z" "-e" "SOURCE_DIR=/opt/rustwide/workdir" "-e" "CARGO_TARGET_DIR=/opt/rustwide/target" "-e" "CARGO_HOME=/opt/rustwide/cargo-home" "-e" "RUSTUP_HOME=/opt/rustwide/rustup-home" "-w" "/opt/rustwide/workdir" "-m" "1610612736" "--user" "0:0" "--network" "none" "ghcr.io/rust-lang/crates-build-env/linux@sha256:a89201d6b5b9fd45c15d5952ece0a0129e7e80cb26ec023fd59cf09bc26f1604" "/opt/rustwide/cargo-home/bin/cargo" "+beta-2021-10-15" "metadata" "--no-deps" "--format-version=1", kill_on_drop: false }`
[INFO] [stdout] 09ea4c8f98e5598cfa8c3bfb384db72a41215127f5df2b1aeac1e76a98cd39cc
[INFO] running `Command { std: "docker" "start" "-a" "09ea4c8f98e5598cfa8c3bfb384db72a41215127f5df2b1aeac1e76a98cd39cc", kill_on_drop: false }`
[INFO] running `Command { std: "docker" "inspect" "09ea4c8f98e5598cfa8c3bfb384db72a41215127f5df2b1aeac1e76a98cd39cc", kill_on_drop: false }`
[INFO] running `Command { std: "docker" "rm" "-f" "09ea4c8f98e5598cfa8c3bfb384db72a41215127f5df2b1aeac1e76a98cd39cc", kill_on_drop: false }`
[INFO] [stdout] 09ea4c8f98e5598cfa8c3bfb384db72a41215127f5df2b1aeac1e76a98cd39cc
[INFO] running `Command { std: "docker" "create" "-v" "/var/lib/crater-agent-workspace/builds/worker-93/target:/opt/rustwide/target:rw,Z" "-v" "/var/lib/crater-agent-workspace/builds/worker-93/source:/opt/rustwide/workdir:ro,Z" "-v" "/var/lib/crater-agent-workspace/cargo-home:/opt/rustwide/cargo-home:ro,Z" "-v" "/var/lib/crater-agent-workspace/rustup-home:/opt/rustwide/rustup-home:ro,Z" "-e" "SOURCE_DIR=/opt/rustwide/workdir" "-e" "CARGO_TARGET_DIR=/opt/rustwide/target" "-e" "CARGO_INCREMENTAL=0" "-e" "RUST_BACKTRACE=full" "-e" "RUSTFLAGS=--cap-lints=warn" "-e" "CARGO_HOME=/opt/rustwide/cargo-home" "-e" "RUSTUP_HOME=/opt/rustwide/rustup-home" "-w" "/opt/rustwide/workdir" "-m" "1610612736" "--user" "0:0" "--network" "none" "ghcr.io/rust-lang/crates-build-env/linux@sha256:a89201d6b5b9fd45c15d5952ece0a0129e7e80cb26ec023fd59cf09bc26f1604" "/opt/rustwide/cargo-home/bin/cargo" "+beta-2021-10-15" "check" "--frozen" "--all" "--all-targets" "--message-format=json", kill_on_drop: false }`
[INFO] [stdout] 4607893c336b586b1ea679589c1847fda7ed424732d2f3de31935d23408fed11
[INFO] running `Command { std: "docker" "start" "-a" "4607893c336b586b1ea679589c1847fda7ed424732d2f3de31935d23408fed11", kill_on_drop: false }`
[INFO] [stderr]    Compiling semver-parser v0.7.0
[INFO] [stderr]    Compiling maybe-uninit v2.0.0
[INFO] [stderr]    Compiling syn v1.0.80
[INFO] [stderr]     Checking cql_model v0.2.0
[INFO] [stderr]     Checking lock_api v0.3.4
[INFO] [stderr]     Checking cql_u64 v0.2.3
[INFO] [stderr]     Checking cql_u64 v0.2.3 (/opt/rustwide/workdir)
[INFO] [stderr]    Compiling semver v0.9.0
[INFO] [stderr]     Checking cql_db v0.2.4
[INFO] [stderr]    Compiling rustc_version v0.2.3
[INFO] [stderr]     Checking smallvec v0.6.14
[INFO] [stderr]    Compiling parking_lot_core v0.6.2
[INFO] [stderr]    Compiling parking_lot v0.9.0
[INFO] [stderr]    Compiling serial_test_derive v0.3.2
[INFO] [stderr]     Checking serial_test v0.3.2
[INFO] [stdout] error[E0554]: `#![feature]` may not be used on the beta release channel
[INFO] [stdout]  --> benches/read_single.rs:1:1
[INFO] [stdout]   |
[INFO] [stdout] 1 | #![feature(test)]
[INFO] [stdout]   | ^^^^^^^^^^^^^^^^^
[INFO] [stdout] 
[INFO] [stdout] 
[INFO] [stdout] error[E0554]: `#![feature]` may not be used on the beta release channel
[INFO] [stdout]  --> benches/read_stream.rs:1:1
[INFO] [stdout]   |
[INFO] [stdout] 1 | #![feature(test)]
[INFO] [stdout]   | ^^^^^^^^^^^^^^^^^
[INFO] [stdout] 
[INFO] [stdout] 
[INFO] [stdout] error[E0554]: `#![feature]` may not be used on the beta release channel
[INFO] [stdout]  --> benches/write_single.rs:1:1
[INFO] [stdout]   |
[INFO] [stdout] 1 | #![feature(test)]
[INFO] [stdout]   | ^^^^^^^^^^^^^^^^^
[INFO] [stdout] 
[INFO] [stdout] 
[INFO] [stdout] error: aborting due to previous error
[INFO] [stdout] 
[INFO] [stdout] 
[INFO] [stdout] For more information about this error, try `rustc --explain E0554`.
[INFO] [stdout] 
[INFO] [stdout] error: aborting due to previous error
[INFO] [stdout] 
[INFO] [stdout] 
[INFO] [stdout] For more information about this error, try `rustc --explain E0554`.
[INFO] [stdout] 
[INFO] [stderr] error: could not compile `cql_u64` due to 2 previous errors
[INFO] [stderr] warning: build failed, waiting for other jobs to finish...
[INFO] [stdout] error: aborting due to previous error
[INFO] [stdout] 
[INFO] [stdout] 
[INFO] [stdout] For more information about this error, try `rustc --explain E0554`.
[INFO] [stdout] 
[INFO] [stderr] error: build failed
[INFO] running `Command { std: "docker" "inspect" "4607893c336b586b1ea679589c1847fda7ed424732d2f3de31935d23408fed11", kill_on_drop: false }`
[INFO] running `Command { std: "docker" "rm" "-f" "4607893c336b586b1ea679589c1847fda7ed424732d2f3de31935d23408fed11", kill_on_drop: false }`
[INFO] [stdout] 4607893c336b586b1ea679589c1847fda7ed424732d2f3de31935d23408fed11
