[INFO] fetching crate cql_f64 0.2.0...
[INFO] checking cql_f64-0.2.0 against 1.55.0 for beta-1.56-3
[INFO] extracting crate cql_f64 0.2.0 into /workspace/builds/worker-115/source
[INFO] validating manifest of crates.io crate cql_f64 0.2.0 on toolchain 1.55.0
[INFO] running `Command { std: "/workspace/cargo-home/bin/cargo" "+1.55.0" "metadata" "--manifest-path" "Cargo.toml" "--no-deps", kill_on_drop: false }`
[INFO] started tweaking crates.io crate cql_f64 0.2.0
[INFO] finished tweaking crates.io crate cql_f64 0.2.0
[INFO] tweaked toml for crates.io crate cql_f64 0.2.0 written to /workspace/builds/worker-115/source/Cargo.toml
[INFO] running `Command { std: "/workspace/cargo-home/bin/cargo" "+1.55.0" "generate-lockfile" "--manifest-path" "Cargo.toml" "-Zno-index-update", kill_on_drop: false }`
[INFO] [stderr]     Blocking waiting for file lock on package cache
[INFO] running `Command { std: "/workspace/cargo-home/bin/cargo" "+1.55.0" "fetch" "--manifest-path" "Cargo.toml", kill_on_drop: false }`
[INFO] [stderr]     Blocking waiting for file lock on package cache
[INFO] [stderr]     Blocking waiting for file lock on package cache
[INFO] running `Command { std: "docker" "create" "-v" "/var/lib/crater-agent-workspace/builds/worker-115/target:/opt/rustwide/target:rw,Z" "-v" "/var/lib/crater-agent-workspace/builds/worker-115/source:/opt/rustwide/workdir:ro,Z" "-v" "/var/lib/crater-agent-workspace/cargo-home:/opt/rustwide/cargo-home:ro,Z" "-v" "/var/lib/crater-agent-workspace/rustup-home:/opt/rustwide/rustup-home:ro,Z" "-e" "SOURCE_DIR=/opt/rustwide/workdir" "-e" "CARGO_TARGET_DIR=/opt/rustwide/target" "-e" "CARGO_HOME=/opt/rustwide/cargo-home" "-e" "RUSTUP_HOME=/opt/rustwide/rustup-home" "-w" "/opt/rustwide/workdir" "-m" "1610612736" "--user" "0:0" "--network" "none" "ghcr.io/rust-lang/crates-build-env/linux@sha256:a89201d6b5b9fd45c15d5952ece0a0129e7e80cb26ec023fd59cf09bc26f1604" "/opt/rustwide/cargo-home/bin/cargo" "+1.55.0" "metadata" "--no-deps" "--format-version=1", kill_on_drop: false }`
[INFO] [stdout] a8d51c32d2c44614113872dd3bc3074de86e21d7f449cb8eeff1a9177b31d8ea
[INFO] running `Command { std: "docker" "start" "-a" "a8d51c32d2c44614113872dd3bc3074de86e21d7f449cb8eeff1a9177b31d8ea", kill_on_drop: false }`
[INFO] running `Command { std: "docker" "inspect" "a8d51c32d2c44614113872dd3bc3074de86e21d7f449cb8eeff1a9177b31d8ea", kill_on_drop: false }`
[INFO] running `Command { std: "docker" "rm" "-f" "a8d51c32d2c44614113872dd3bc3074de86e21d7f449cb8eeff1a9177b31d8ea", kill_on_drop: false }`
[INFO] [stdout] a8d51c32d2c44614113872dd3bc3074de86e21d7f449cb8eeff1a9177b31d8ea
[INFO] running `Command { std: "docker" "create" "-v" "/var/lib/crater-agent-workspace/builds/worker-115/target:/opt/rustwide/target:rw,Z" "-v" "/var/lib/crater-agent-workspace/builds/worker-115/source:/opt/rustwide/workdir:ro,Z" "-v" "/var/lib/crater-agent-workspace/cargo-home:/opt/rustwide/cargo-home:ro,Z" "-v" "/var/lib/crater-agent-workspace/rustup-home:/opt/rustwide/rustup-home:ro,Z" "-e" "SOURCE_DIR=/opt/rustwide/workdir" "-e" "CARGO_TARGET_DIR=/opt/rustwide/target" "-e" "CARGO_INCREMENTAL=0" "-e" "RUST_BACKTRACE=full" "-e" "RUSTFLAGS=--cap-lints=warn" "-e" "CARGO_HOME=/opt/rustwide/cargo-home" "-e" "RUSTUP_HOME=/opt/rustwide/rustup-home" "-w" "/opt/rustwide/workdir" "-m" "1610612736" "--user" "0:0" "--network" "none" "ghcr.io/rust-lang/crates-build-env/linux@sha256:a89201d6b5b9fd45c15d5952ece0a0129e7e80cb26ec023fd59cf09bc26f1604" "/opt/rustwide/cargo-home/bin/cargo" "+1.55.0" "check" "--frozen" "--all" "--all-targets" "--message-format=json", kill_on_drop: false }`
[INFO] [stdout] 0bf11d0db059a75c634d28973564a1685831e85b817fa834e2d20bf44a5a8033
[INFO] running `Command { std: "docker" "start" "-a" "0bf11d0db059a75c634d28973564a1685831e85b817fa834e2d20bf44a5a8033", kill_on_drop: false }`
[INFO] [stderr]    Compiling syn v1.0.80
[INFO] [stderr]     Checking cql_model v0.2.0
[INFO] [stderr]     Checking smallvec v0.6.14
[INFO] [stderr]     Checking cql_u64 v0.2.3
[INFO] [stderr]     Checking cql_f64 v0.2.0 (/opt/rustwide/workdir)
[INFO] [stderr]     Checking parking_lot_core v0.6.2
[INFO] [stderr]     Checking cql_db v0.2.4
[INFO] [stderr]     Checking cql_storage_type_testing_lib v0.3.0
[INFO] [stderr]     Checking parking_lot v0.9.0
[INFO] [stderr]    Compiling serial_test_derive v0.3.2
[INFO] [stderr]     Checking serial_test v0.3.2
[INFO] [stdout] error[E0554]: `#![feature]` may not be used on the stable release channel
[INFO] [stdout]  --> benches/write_single.rs:1:1
[INFO] [stdout]   |
[INFO] [stdout] 1 | #![feature(test)]
[INFO] [stdout]   | ^^^^^^^^^^^^^^^^^
[INFO] [stdout] 
[INFO] [stdout] 
[INFO] [stdout] error: aborting due to previous error
[INFO] [stdout] 
[INFO] [stdout] 
[INFO] [stdout] For more information about this error, try `rustc --explain E0554`.
[INFO] [stdout] 
[INFO] [stdout] error[E0554]: `#![feature]` may not be used on the stable release channel
[INFO] [stdout]  --> benches/read_stream.rs:1:1
[INFO] [stdout]   |
[INFO] [stdout] 1 | #![feature(test)]
[INFO] [stdout]   | ^^^^^^^^^^^^^^^^^
[INFO] [stdout] 
[INFO] [stdout] 
[INFO] [stdout] error[E0554]: `#![feature]` may not be used on the stable release channel
[INFO] [stdout]  --> benches/read_single.rs:1:1
[INFO] [stdout]   |
[INFO] [stdout] 1 | #![feature(test)]
[INFO] [stdout]   | ^^^^^^^^^^^^^^^^^
[INFO] [stdout] 
[INFO] [stdout] 
[INFO] [stderr] error: could not compile `cql_f64` due to 2 previous errors
[INFO] [stderr] warning: build failed, waiting for other jobs to finish...
[INFO] [stdout] error: aborting due to previous error
[INFO] [stdout] 
[INFO] [stdout] 
[INFO] [stdout] For more information about this error, try `rustc --explain E0554`.
[INFO] [stdout] 
[INFO] [stdout] error: aborting due to previous error
[INFO] [stdout] 
[INFO] [stdout] 
[INFO] [stdout] For more information about this error, try `rustc --explain E0554`.
[INFO] [stdout] 
[INFO] [stderr] error: build failed
[INFO] running `Command { std: "docker" "inspect" "0bf11d0db059a75c634d28973564a1685831e85b817fa834e2d20bf44a5a8033", kill_on_drop: false }`
[INFO] running `Command { std: "docker" "rm" "-f" "0bf11d0db059a75c634d28973564a1685831e85b817fa834e2d20bf44a5a8033", kill_on_drop: false }`
[INFO] [stdout] 0bf11d0db059a75c634d28973564a1685831e85b817fa834e2d20bf44a5a8033
