[INFO] fetching crate cowrc 0.0.4...
[INFO] checking cowrc-0.0.4 against beta-2021-10-15 for beta-1.56-3
[INFO] extracting crate cowrc 0.0.4 into /workspace/builds/worker-0/source
[INFO] validating manifest of crates.io crate cowrc 0.0.4 on toolchain beta-2021-10-15
[INFO] running `Command { std: "/workspace/cargo-home/bin/cargo" "+beta-2021-10-15" "metadata" "--manifest-path" "Cargo.toml" "--no-deps", kill_on_drop: false }`
[INFO] started tweaking crates.io crate cowrc 0.0.4
[INFO] finished tweaking crates.io crate cowrc 0.0.4
[INFO] tweaked toml for crates.io crate cowrc 0.0.4 written to /workspace/builds/worker-0/source/Cargo.toml
[INFO] running `Command { std: "/workspace/cargo-home/bin/cargo" "+beta-2021-10-15" "generate-lockfile" "--manifest-path" "Cargo.toml" "-Zno-index-update", kill_on_drop: false }`
[INFO] [stderr]     Blocking waiting for file lock on package cache
[INFO] running `Command { std: "/workspace/cargo-home/bin/cargo" "+beta-2021-10-15" "fetch" "--manifest-path" "Cargo.toml", kill_on_drop: false }`
[INFO] [stderr]     Blocking waiting for file lock on package cache
[INFO] [stderr]     Blocking waiting for file lock on package cache
[INFO] running `Command { std: "docker" "create" "-v" "/var/lib/crater-agent-workspace/builds/worker-0/target:/opt/rustwide/target:rw,Z" "-v" "/var/lib/crater-agent-workspace/builds/worker-0/source:/opt/rustwide/workdir:ro,Z" "-v" "/var/lib/crater-agent-workspace/cargo-home:/opt/rustwide/cargo-home:ro,Z" "-v" "/var/lib/crater-agent-workspace/rustup-home:/opt/rustwide/rustup-home:ro,Z" "-e" "SOURCE_DIR=/opt/rustwide/workdir" "-e" "CARGO_TARGET_DIR=/opt/rustwide/target" "-e" "CARGO_HOME=/opt/rustwide/cargo-home" "-e" "RUSTUP_HOME=/opt/rustwide/rustup-home" "-w" "/opt/rustwide/workdir" "-m" "1610612736" "--user" "0:0" "--network" "none" "ghcr.io/rust-lang/crates-build-env/linux@sha256:a89201d6b5b9fd45c15d5952ece0a0129e7e80cb26ec023fd59cf09bc26f1604" "/opt/rustwide/cargo-home/bin/cargo" "+beta-2021-10-15" "metadata" "--no-deps" "--format-version=1", kill_on_drop: false }`
[INFO] [stdout] 8c7b884b1ef76d884fd92d4693750a38e3b6abf10321d6cbc33a1fe786f1cd9a
[INFO] running `Command { std: "docker" "start" "-a" "8c7b884b1ef76d884fd92d4693750a38e3b6abf10321d6cbc33a1fe786f1cd9a", kill_on_drop: false }`
[INFO] running `Command { std: "docker" "inspect" "8c7b884b1ef76d884fd92d4693750a38e3b6abf10321d6cbc33a1fe786f1cd9a", kill_on_drop: false }`
[INFO] running `Command { std: "docker" "rm" "-f" "8c7b884b1ef76d884fd92d4693750a38e3b6abf10321d6cbc33a1fe786f1cd9a", kill_on_drop: false }`
[INFO] [stdout] 8c7b884b1ef76d884fd92d4693750a38e3b6abf10321d6cbc33a1fe786f1cd9a
[INFO] running `Command { std: "docker" "create" "-v" "/var/lib/crater-agent-workspace/builds/worker-0/target:/opt/rustwide/target:rw,Z" "-v" "/var/lib/crater-agent-workspace/builds/worker-0/source:/opt/rustwide/workdir:ro,Z" "-v" "/var/lib/crater-agent-workspace/cargo-home:/opt/rustwide/cargo-home:ro,Z" "-v" "/var/lib/crater-agent-workspace/rustup-home:/opt/rustwide/rustup-home:ro,Z" "-e" "SOURCE_DIR=/opt/rustwide/workdir" "-e" "CARGO_TARGET_DIR=/opt/rustwide/target" "-e" "CARGO_INCREMENTAL=0" "-e" "RUST_BACKTRACE=full" "-e" "RUSTFLAGS=--cap-lints=warn" "-e" "CARGO_HOME=/opt/rustwide/cargo-home" "-e" "RUSTUP_HOME=/opt/rustwide/rustup-home" "-w" "/opt/rustwide/workdir" "-m" "1610612736" "--user" "0:0" "--network" "none" "ghcr.io/rust-lang/crates-build-env/linux@sha256:a89201d6b5b9fd45c15d5952ece0a0129e7e80cb26ec023fd59cf09bc26f1604" "/opt/rustwide/cargo-home/bin/cargo" "+beta-2021-10-15" "check" "--frozen" "--all" "--all-targets" "--message-format=json", kill_on_drop: false }`
[INFO] [stdout] 4df14a012db3b8043c2ed9bd7d9d049879d7ab2152cb80b138b0c8d623b27c48
[INFO] running `Command { std: "docker" "start" "-a" "4df14a012db3b8043c2ed9bd7d9d049879d7ab2152cb80b138b0c8d623b27c48", kill_on_drop: false }`
[INFO] [stderr]     Checking cowrc v0.0.4 (/opt/rustwide/workdir)
[INFO] [stdout] error[E0554]: `#![feature]` may not be used on the beta release channel
[INFO] [stdout]  --> src/lib.rs:1:1
[INFO] [stdout]   |
[INFO] [stdout] 1 | #![feature(alloc)]
[INFO] [stdout]   | ^^^^^^^^^^^^^^^^^^
[INFO] [stdout] 
[INFO] [stdout] 
[INFO] [stdout] error[E0554]: `#![feature]` may not be used on the beta release channel
[INFO] [stdout]  --> src/lib.rs:1:1
[INFO] [stdout]   |
[INFO] [stdout] 1 | #![feature(alloc)]
[INFO] [stdout]   | ^^^^^^^^^^^^^^^^^^
[INFO] [stdout] 
[INFO] [stdout] 
[INFO] [stdout] error[E0599]: no method named `make_unique` found for struct `Rc<T>` in the current scope
[INFO] [stdout]   --> src/lib.rs:42:16
[INFO] [stdout]    |
[INFO] [stdout] 42 |         self.v.make_unique()
[INFO] [stdout]    |                ^^^^^^^^^^^ method not found in `Rc<T>`
[INFO] [stdout] 
[INFO] [stdout] 
[INFO] [stdout] error[E0599]: no method named `make_unique` found for struct `Arc<T>` in the current scope
[INFO] [stdout]   --> src/lib.rs:55:16
[INFO] [stdout]    |
[INFO] [stdout] 55 |         self.v.make_unique()
[INFO] [stdout]    |                ^^^^^^^^^^^ method not found in `Arc<T>`
[INFO] [stdout] 
[INFO] [stdout] 
[INFO] [stdout] error[E0599]: no method named `make_unique` found for struct `Rc<T>` in the current scope
[INFO] [stdout]   --> src/lib.rs:42:16
[INFO] [stdout]    |
[INFO] [stdout] 42 |         self.v.make_unique()
[INFO] [stdout]    |                ^^^^^^^^^^^ method not found in `Rc<T>`
[INFO] [stdout] 
[INFO] [stdout] 
[INFO] [stdout] error: aborting due to 3 previous errors
[INFO] [stdout] 
[INFO] [stdout] 
[INFO] [stdout] Some errors have detailed explanations: E0554, E0599.
[INFO] [stdout] 
[INFO] [stdout] For more information about an error, try `rustc --explain E0554`.
[INFO] [stdout] 
[INFO] [stdout] error[E0599]: no method named `make_unique` found for struct `Arc<T>` in the current scope
[INFO] [stdout]   --> src/lib.rs:55:16
[INFO] [stdout]    |
[INFO] [stdout] 55 |         self.v.make_unique()
[INFO] [stdout]    |                ^^^^^^^^^^^ method not found in `Arc<T>`
[INFO] [stdout] 
[INFO] [stdout] 
[INFO] [stderr] error: could not compile `cowrc` due to 4 previous errors
[INFO] [stderr] warning: build failed, waiting for other jobs to finish...
[INFO] [stdout] error: aborting due to 3 previous errors
[INFO] [stdout] 
[INFO] [stdout] 
[INFO] [stdout] Some errors have detailed explanations: E0554, E0599.
[INFO] [stdout] 
[INFO] [stdout] For more information about an error, try `rustc --explain E0554`.
[INFO] [stdout] 
[INFO] [stderr] error: build failed
[INFO] running `Command { std: "docker" "inspect" "4df14a012db3b8043c2ed9bd7d9d049879d7ab2152cb80b138b0c8d623b27c48", kill_on_drop: false }`
[INFO] running `Command { std: "docker" "rm" "-f" "4df14a012db3b8043c2ed9bd7d9d049879d7ab2152cb80b138b0c8d623b27c48", kill_on_drop: false }`
[INFO] [stdout] 4df14a012db3b8043c2ed9bd7d9d049879d7ab2152cb80b138b0c8d623b27c48
