[INFO] fetching crate count-tys 0.1.2...
[INFO] checking count-tys-0.1.2 against 1.55.0 for beta-1.56-3
[INFO] extracting crate count-tys 0.1.2 into /workspace/builds/worker-57/source
[INFO] validating manifest of crates.io crate count-tys 0.1.2 on toolchain 1.55.0
[INFO] running `Command { std: "/workspace/cargo-home/bin/cargo" "+1.55.0" "metadata" "--manifest-path" "Cargo.toml" "--no-deps", kill_on_drop: false }`
[INFO] started tweaking crates.io crate count-tys 0.1.2
[INFO] finished tweaking crates.io crate count-tys 0.1.2
[INFO] tweaked toml for crates.io crate count-tys 0.1.2 written to /workspace/builds/worker-57/source/Cargo.toml
[INFO] running `Command { std: "/workspace/cargo-home/bin/cargo" "+1.55.0" "generate-lockfile" "--manifest-path" "Cargo.toml" "-Zno-index-update", kill_on_drop: false }`
[INFO] running `Command { std: "/workspace/cargo-home/bin/cargo" "+1.55.0" "fetch" "--manifest-path" "Cargo.toml", kill_on_drop: false }`
[INFO] [stderr]     Blocking waiting for file lock on package cache
[INFO] [stderr]     Blocking waiting for file lock on package cache
[INFO] running `Command { std: "docker" "create" "-v" "/var/lib/crater-agent-workspace/builds/worker-57/target:/opt/rustwide/target:rw,Z" "-v" "/var/lib/crater-agent-workspace/builds/worker-57/source:/opt/rustwide/workdir:ro,Z" "-v" "/var/lib/crater-agent-workspace/cargo-home:/opt/rustwide/cargo-home:ro,Z" "-v" "/var/lib/crater-agent-workspace/rustup-home:/opt/rustwide/rustup-home:ro,Z" "-e" "SOURCE_DIR=/opt/rustwide/workdir" "-e" "CARGO_TARGET_DIR=/opt/rustwide/target" "-e" "CARGO_HOME=/opt/rustwide/cargo-home" "-e" "RUSTUP_HOME=/opt/rustwide/rustup-home" "-w" "/opt/rustwide/workdir" "-m" "1610612736" "--user" "0:0" "--network" "none" "ghcr.io/rust-lang/crates-build-env/linux@sha256:a89201d6b5b9fd45c15d5952ece0a0129e7e80cb26ec023fd59cf09bc26f1604" "/opt/rustwide/cargo-home/bin/cargo" "+1.55.0" "metadata" "--no-deps" "--format-version=1", kill_on_drop: false }`
[INFO] [stdout] f01b62d51aee406836e23a683137f875c758a555ce6d7a64da756ac513779e0a
[INFO] running `Command { std: "docker" "start" "-a" "f01b62d51aee406836e23a683137f875c758a555ce6d7a64da756ac513779e0a", kill_on_drop: false }`
[INFO] running `Command { std: "docker" "inspect" "f01b62d51aee406836e23a683137f875c758a555ce6d7a64da756ac513779e0a", kill_on_drop: false }`
[INFO] running `Command { std: "docker" "rm" "-f" "f01b62d51aee406836e23a683137f875c758a555ce6d7a64da756ac513779e0a", kill_on_drop: false }`
[INFO] [stdout] f01b62d51aee406836e23a683137f875c758a555ce6d7a64da756ac513779e0a
[INFO] running `Command { std: "docker" "create" "-v" "/var/lib/crater-agent-workspace/builds/worker-57/target:/opt/rustwide/target:rw,Z" "-v" "/var/lib/crater-agent-workspace/builds/worker-57/source:/opt/rustwide/workdir:ro,Z" "-v" "/var/lib/crater-agent-workspace/cargo-home:/opt/rustwide/cargo-home:ro,Z" "-v" "/var/lib/crater-agent-workspace/rustup-home:/opt/rustwide/rustup-home:ro,Z" "-e" "SOURCE_DIR=/opt/rustwide/workdir" "-e" "CARGO_TARGET_DIR=/opt/rustwide/target" "-e" "CARGO_INCREMENTAL=0" "-e" "RUST_BACKTRACE=full" "-e" "RUSTFLAGS=--cap-lints=warn" "-e" "CARGO_HOME=/opt/rustwide/cargo-home" "-e" "RUSTUP_HOME=/opt/rustwide/rustup-home" "-w" "/opt/rustwide/workdir" "-m" "1610612736" "--user" "0:0" "--network" "none" "ghcr.io/rust-lang/crates-build-env/linux@sha256:a89201d6b5b9fd45c15d5952ece0a0129e7e80cb26ec023fd59cf09bc26f1604" "/opt/rustwide/cargo-home/bin/cargo" "+1.55.0" "check" "--frozen" "--all" "--all-targets" "--message-format=json", kill_on_drop: false }`
[INFO] [stdout] 7e04cccb5225c88fbfdba1c69c47a91d89779ab97b588f58a5f0d39e568960d7
[INFO] running `Command { std: "docker" "start" "-a" "7e04cccb5225c88fbfdba1c69c47a91d89779ab97b588f58a5f0d39e568960d7", kill_on_drop: false }`
[INFO] [stderr]     Blocking waiting for file lock on package cache
[INFO] [stderr]    Compiling proc-macro2 v1.0.30
[INFO] [stderr]     Checking unicode-xid v0.2.2
[INFO] [stderr]    Compiling proc-macro-hack v0.5.19
[INFO] [stderr]    Compiling syn v1.0.80
[INFO] [stderr]     Checking quote v1.0.10
[INFO] [stderr]     Checking count-tys v0.1.2 (/opt/rustwide/workdir)
[INFO] [stdout] error[E0557]: feature has been removed
[INFO] [stdout]  --> src/lib.rs:1:12
[INFO] [stdout]   |
[INFO] [stdout] 1 | #![feature(external_doc)]
[INFO] [stdout]   |            ^^^^^^^^^^^^ feature has been removed
[INFO] [stdout]   |
[INFO] [stdout]   = note: use #[doc = include_str!("filename")] instead, which handles macro invocations
[INFO] [stdout] 
[INFO] [stdout] 
[INFO] [stdout] error[E0554]: `#![feature]` may not be used on the stable release channel
[INFO] [stdout]  --> src/lib.rs:1:1
[INFO] [stdout]   |
[INFO] [stdout] 1 | #![feature(external_doc)]
[INFO] [stdout]   | ^^^^^^^^^^^^^^^^^^^^^^^^^
[INFO] [stdout] 
[INFO] [stdout] 
[INFO] [stdout] warning: unknown `doc` attribute `include`
[INFO] [stdout]  --> src/lib.rs:2:8
[INFO] [stdout]   |
[INFO] [stdout] 2 | #![doc(include = "../doc/README.md")]
[INFO] [stdout]   | -------^^^^^^^^^^^^^^^^^^^^^^^^^^^^-- help: use `doc = include_str!` instead: `#![doc = include_str!("../doc/README.md")]`
[INFO] [stdout]   |
[INFO] [stdout]   = note: `#[warn(invalid_doc_attributes)]` on by default
[INFO] [stdout]   = warning: this was previously accepted by the compiler but is being phased out; it will become a hard error in a future release!
[INFO] [stdout]   = note: for more information, see issue #82730 <https://github.com/rust-lang/rust/issues/82730>
[INFO] [stdout] 
[INFO] [stdout] 
[INFO] [stdout] error: aborting due to 2 previous errors; 1 warning emitted
[INFO] [stdout] 
[INFO] [stdout] 
[INFO] [stdout] error[E0557]: feature has been removed
[INFO] [stdout]  --> src/lib.rs:1:12
[INFO] [stdout]   |
[INFO] [stdout] 1 | #![feature(external_doc)]
[INFO] [stdout]   |            ^^^^^^^^^^^^ feature has been removed
[INFO] [stdout]   |
[INFO] [stdout]   = note: use #[doc = include_str!("filename")] instead, which handles macro invocations
[INFO] [stdout] 
[INFO] [stdout] 
[INFO] [stdout] error[E0554]: `#![feature]` may not be used on the stable release channel
[INFO] [stdout]  --> src/lib.rs:1:1
[INFO] [stdout]   |
[INFO] [stdout] 1 | #![feature(external_doc)]
[INFO] [stdout]   | ^^^^^^^^^^^^^^^^^^^^^^^^^
[INFO] [stdout] 
[INFO] [stdout] 
[INFO] [stdout] warning: unknown `doc` attribute `include`
[INFO] [stdout]  --> src/lib.rs:2:8
[INFO] [stdout]   |
[INFO] [stdout] 2 | #![doc(include = "../doc/README.md")]
[INFO] [stdout]   | -------^^^^^^^^^^^^^^^^^^^^^^^^^^^^-- help: use `doc = include_str!` instead: `#![doc = include_str!("../doc/README.md")]`
[INFO] [stdout]   |
[INFO] [stdout]   = note: `#[warn(invalid_doc_attributes)]` on by default
[INFO] [stdout]   = warning: this was previously accepted by the compiler but is being phased out; it will become a hard error in a future release!
[INFO] [stdout]   = note: for more information, see issue #82730 <https://github.com/rust-lang/rust/issues/82730>
[INFO] [stdout] 
[INFO] [stdout] 
[INFO] [stderr] error: could not compile `count-tys` due to 3 previous errors; 1 warning emitted
[INFO] [stdout] error: aborting due to 2 previous errors; 1 warning emitted
[INFO] [stdout] 
[INFO] [stdout] 
[INFO] [stderr] warning: build failed, waiting for other jobs to finish...
[INFO] [stdout] Some errors have detailed explanations: E0554, E0557.
[INFO] [stdout] 
[INFO] [stdout] For more information about an error, try `rustc --explain E0554`.
[INFO] [stdout] 
[INFO] [stdout] Some errors have detailed explanations: E0554, E0557.
[INFO] [stdout] 
[INFO] [stdout] For more information about an error, try `rustc --explain E0554`.
[INFO] [stdout] 
[INFO] [stderr] error: build failed
[INFO] running `Command { std: "docker" "inspect" "7e04cccb5225c88fbfdba1c69c47a91d89779ab97b588f58a5f0d39e568960d7", kill_on_drop: false }`
[INFO] running `Command { std: "docker" "rm" "-f" "7e04cccb5225c88fbfdba1c69c47a91d89779ab97b588f58a5f0d39e568960d7", kill_on_drop: false }`
[INFO] [stdout] 7e04cccb5225c88fbfdba1c69c47a91d89779ab97b588f58a5f0d39e568960d7
