[INFO] fetching crate container-broadcast 0.0.8...
[INFO] checking container-broadcast-0.0.8 against beta-2021-10-15 for beta-1.56-3
[INFO] extracting crate container-broadcast 0.0.8 into /workspace/builds/worker-114/source
[INFO] validating manifest of crates.io crate container-broadcast 0.0.8 on toolchain beta-2021-10-15
[INFO] running `Command { std: "/workspace/cargo-home/bin/cargo" "+beta-2021-10-15" "metadata" "--manifest-path" "Cargo.toml" "--no-deps", kill_on_drop: false }`
[INFO] started tweaking crates.io crate container-broadcast 0.0.8
[INFO] finished tweaking crates.io crate container-broadcast 0.0.8
[INFO] tweaked toml for crates.io crate container-broadcast 0.0.8 written to /workspace/builds/worker-114/source/Cargo.toml
[INFO] running `Command { std: "/workspace/cargo-home/bin/cargo" "+beta-2021-10-15" "generate-lockfile" "--manifest-path" "Cargo.toml" "-Zno-index-update", kill_on_drop: false }`
[INFO] [stderr]     Blocking waiting for file lock on package cache
[INFO] running `Command { std: "/workspace/cargo-home/bin/cargo" "+beta-2021-10-15" "fetch" "--manifest-path" "Cargo.toml", kill_on_drop: false }`
[INFO] [stderr]     Blocking waiting for file lock on package cache
[INFO] [stderr]     Blocking waiting for file lock on package cache
[INFO] [stderr]  Downloading crates ...
[INFO] [stderr]   Downloaded array-init v2.0.0
[INFO] running `Command { std: "docker" "create" "-v" "/var/lib/crater-agent-workspace/builds/worker-114/target:/opt/rustwide/target:rw,Z" "-v" "/var/lib/crater-agent-workspace/builds/worker-114/source:/opt/rustwide/workdir:ro,Z" "-v" "/var/lib/crater-agent-workspace/cargo-home:/opt/rustwide/cargo-home:ro,Z" "-v" "/var/lib/crater-agent-workspace/rustup-home:/opt/rustwide/rustup-home:ro,Z" "-e" "SOURCE_DIR=/opt/rustwide/workdir" "-e" "CARGO_TARGET_DIR=/opt/rustwide/target" "-e" "CARGO_HOME=/opt/rustwide/cargo-home" "-e" "RUSTUP_HOME=/opt/rustwide/rustup-home" "-w" "/opt/rustwide/workdir" "-m" "1610612736" "--user" "0:0" "--network" "none" "ghcr.io/rust-lang/crates-build-env/linux@sha256:a89201d6b5b9fd45c15d5952ece0a0129e7e80cb26ec023fd59cf09bc26f1604" "/opt/rustwide/cargo-home/bin/cargo" "+beta-2021-10-15" "metadata" "--no-deps" "--format-version=1", kill_on_drop: false }`
[INFO] [stdout] 37961ca9ffbf041661e82b597d67c6c838b89b253ec24699f325631aa865d364
[INFO] running `Command { std: "docker" "start" "-a" "37961ca9ffbf041661e82b597d67c6c838b89b253ec24699f325631aa865d364", kill_on_drop: false }`
[INFO] running `Command { std: "docker" "inspect" "37961ca9ffbf041661e82b597d67c6c838b89b253ec24699f325631aa865d364", kill_on_drop: false }`
[INFO] running `Command { std: "docker" "rm" "-f" "37961ca9ffbf041661e82b597d67c6c838b89b253ec24699f325631aa865d364", kill_on_drop: false }`
[INFO] [stdout] 37961ca9ffbf041661e82b597d67c6c838b89b253ec24699f325631aa865d364
[INFO] running `Command { std: "docker" "create" "-v" "/var/lib/crater-agent-workspace/builds/worker-114/target:/opt/rustwide/target:rw,Z" "-v" "/var/lib/crater-agent-workspace/builds/worker-114/source:/opt/rustwide/workdir:ro,Z" "-v" "/var/lib/crater-agent-workspace/cargo-home:/opt/rustwide/cargo-home:ro,Z" "-v" "/var/lib/crater-agent-workspace/rustup-home:/opt/rustwide/rustup-home:ro,Z" "-e" "SOURCE_DIR=/opt/rustwide/workdir" "-e" "CARGO_TARGET_DIR=/opt/rustwide/target" "-e" "CARGO_INCREMENTAL=0" "-e" "RUST_BACKTRACE=full" "-e" "RUSTFLAGS=--cap-lints=warn" "-e" "CARGO_HOME=/opt/rustwide/cargo-home" "-e" "RUSTUP_HOME=/opt/rustwide/rustup-home" "-w" "/opt/rustwide/workdir" "-m" "1610612736" "--user" "0:0" "--network" "none" "ghcr.io/rust-lang/crates-build-env/linux@sha256:a89201d6b5b9fd45c15d5952ece0a0129e7e80cb26ec023fd59cf09bc26f1604" "/opt/rustwide/cargo-home/bin/cargo" "+beta-2021-10-15" "check" "--frozen" "--all" "--all-targets" "--message-format=json", kill_on_drop: false }`
[INFO] [stdout] 9ecd3637adbe7987036c48f22eb6d7451774a2657fce3b0b7cdfc13b3cc57db4
[INFO] running `Command { std: "docker" "start" "-a" "9ecd3637adbe7987036c48f22eb6d7451774a2657fce3b0b7cdfc13b3cc57db4", kill_on_drop: false }`
[INFO] [stderr]     Blocking waiting for file lock on package cache
[INFO] [stderr]     Checking array-init v2.0.0
[INFO] [stderr]     Checking container-broadcast v0.0.8 (/opt/rustwide/workdir)
[INFO] [stdout] error[E0554]: `#![feature]` may not be used on the beta release channel
[INFO] [stdout]  --> src/lib.rs:2:1
[INFO] [stdout]   |
[INFO] [stdout] 2 | #![feature(array_methods)]
[INFO] [stdout]   | ^^^^^^^^^^^^^^^^^^^^^^^^^^
[INFO] [stdout] 
[INFO] [stdout] 
[INFO] [stderr] error: could not compile `container-broadcast` due to 3 previous errors; 1 warning emitted
[INFO] [stdout] error[E0554]: `#![feature]` may not be used on the beta release channel
[INFO] [stdout]  --> src/lib.rs:3:1
[INFO] [stdout]   |
[INFO] [stdout] 3 | #![feature(array_map)]
[INFO] [stdout]   | ^^^^^^^^^^^^^^^^^^^^^^
[INFO] [stdout] 
[INFO] [stdout] 
[INFO] [stderr] warning: build failed, waiting for other jobs to finish...
[INFO] [stdout] error[E0554]: `#![feature]` may not be used on the beta release channel
[INFO] [stdout]  --> src/lib.rs:2:1
[INFO] [stdout]   |
[INFO] [stdout] 2 | #![feature(array_methods)]
[INFO] [stdout]   | ^^^^^^^^^^^^^^^^^^^^^^^^^^
[INFO] [stdout] 
[INFO] [stdout] 
[INFO] [stdout] error[E0554]: `#![feature]` may not be used on the beta release channel
[INFO] [stdout]  --> src/lib.rs:3:1
[INFO] [stdout]   |
[INFO] [stdout] 3 | #![feature(array_map)]
[INFO] [stdout]   | ^^^^^^^^^^^^^^^^^^^^^^
[INFO] [stdout] 
[INFO] [stdout] 
[INFO] [stdout] warning: cannot specify lifetime arguments explicitly if late bound lifetime parameters are present
[INFO] [stdout]    --> src/broadcast.rs:175:62
[INFO] [stdout]     |
[INFO] [stdout] 175 |         let castreference =  unsafe {self.reference.as_mut::<'a>()};
[INFO] [stdout]     |                                                              ^^
[INFO] [stdout]     |
[INFO] [stdout]     = note: `#[warn(late_bound_lifetime_arguments)]` on by default
[INFO] [stdout]     = warning: this was previously accepted by the compiler but is being phased out; it will become a hard error in a future release!
[INFO] [stdout]     = note: for more information, see issue #42868 <https://github.com/rust-lang/rust/issues/42868>
[INFO] [stdout] 
[INFO] [stdout] 
[INFO] [stdout] error: aborting due to 2 previous errors; 1 warning emitted
[INFO] [stdout] 
[INFO] [stdout] 
[INFO] [stdout] For more information about this error, try `rustc --explain E0554`.
[INFO] [stdout] 
[INFO] [stdout] warning: cannot specify lifetime arguments explicitly if late bound lifetime parameters are present
[INFO] [stdout]    --> src/broadcast.rs:175:62
[INFO] [stdout]     |
[INFO] [stdout] 175 |         let castreference =  unsafe {self.reference.as_mut::<'a>()};
[INFO] [stdout]     |                                                              ^^
[INFO] [stdout]     |
[INFO] [stdout]     = note: `#[warn(late_bound_lifetime_arguments)]` on by default
[INFO] [stdout]     = warning: this was previously accepted by the compiler but is being phased out; it will become a hard error in a future release!
[INFO] [stdout]     = note: for more information, see issue #42868 <https://github.com/rust-lang/rust/issues/42868>
[INFO] [stdout] 
[INFO] [stdout] 
[INFO] [stdout] error: aborting due to 2 previous errors; 1 warning emitted
[INFO] [stdout] 
[INFO] [stdout] 
[INFO] [stdout] For more information about this error, try `rustc --explain E0554`.
[INFO] [stdout] 
[INFO] [stderr] error: build failed
[INFO] running `Command { std: "docker" "inspect" "9ecd3637adbe7987036c48f22eb6d7451774a2657fce3b0b7cdfc13b3cc57db4", kill_on_drop: false }`
[INFO] running `Command { std: "docker" "rm" "-f" "9ecd3637adbe7987036c48f22eb6d7451774a2657fce3b0b7cdfc13b3cc57db4", kill_on_drop: false }`
[INFO] [stdout] 9ecd3637adbe7987036c48f22eb6d7451774a2657fce3b0b7cdfc13b3cc57db4
