[INFO] fetching crate constellation-rs 0.2.0-alpha.2...
[INFO] checking constellation-rs-0.2.0-alpha.2 against beta-2021-10-15 for beta-1.56-3
[INFO] extracting crate constellation-rs 0.2.0-alpha.2 into /workspace/builds/worker-14/source
[INFO] validating manifest of crates.io crate constellation-rs 0.2.0-alpha.2 on toolchain beta-2021-10-15
[INFO] running `Command { std: "/workspace/cargo-home/bin/cargo" "+beta-2021-10-15" "metadata" "--manifest-path" "Cargo.toml" "--no-deps", kill_on_drop: false }`
[INFO] started tweaking crates.io crate constellation-rs 0.2.0-alpha.2
[INFO] removed 1 missing tests
[INFO] finished tweaking crates.io crate constellation-rs 0.2.0-alpha.2
[INFO] tweaked toml for crates.io crate constellation-rs 0.2.0-alpha.2 written to /workspace/builds/worker-14/source/Cargo.toml
[INFO] crate crates.io crate constellation-rs 0.2.0-alpha.2 already has a lockfile, it will not be regenerated
[INFO] running `Command { std: "/workspace/cargo-home/bin/cargo" "+beta-2021-10-15" "fetch" "--manifest-path" "Cargo.toml", kill_on_drop: false }`
[INFO] [stderr]     Blocking waiting for file lock on package cache
[INFO] running `Command { std: "docker" "create" "-v" "/var/lib/crater-agent-workspace/builds/worker-14/target:/opt/rustwide/target:rw,Z" "-v" "/var/lib/crater-agent-workspace/builds/worker-14/source:/opt/rustwide/workdir:ro,Z" "-v" "/var/lib/crater-agent-workspace/cargo-home:/opt/rustwide/cargo-home:ro,Z" "-v" "/var/lib/crater-agent-workspace/rustup-home:/opt/rustwide/rustup-home:ro,Z" "-e" "SOURCE_DIR=/opt/rustwide/workdir" "-e" "CARGO_TARGET_DIR=/opt/rustwide/target" "-e" "CARGO_HOME=/opt/rustwide/cargo-home" "-e" "RUSTUP_HOME=/opt/rustwide/rustup-home" "-w" "/opt/rustwide/workdir" "-m" "1610612736" "--user" "0:0" "--network" "none" "ghcr.io/rust-lang/crates-build-env/linux@sha256:a89201d6b5b9fd45c15d5952ece0a0129e7e80cb26ec023fd59cf09bc26f1604" "/opt/rustwide/cargo-home/bin/cargo" "+beta-2021-10-15" "metadata" "--no-deps" "--format-version=1", kill_on_drop: false }`
[INFO] [stdout] 34932309baa70f7ab7e2b9d6921ebd1cbf55d545200f1877d2f17afe411b06ac
[INFO] running `Command { std: "docker" "start" "-a" "34932309baa70f7ab7e2b9d6921ebd1cbf55d545200f1877d2f17afe411b06ac", kill_on_drop: false }`
[INFO] running `Command { std: "docker" "inspect" "34932309baa70f7ab7e2b9d6921ebd1cbf55d545200f1877d2f17afe411b06ac", kill_on_drop: false }`
[INFO] running `Command { std: "docker" "rm" "-f" "34932309baa70f7ab7e2b9d6921ebd1cbf55d545200f1877d2f17afe411b06ac", kill_on_drop: false }`
[INFO] [stdout] 34932309baa70f7ab7e2b9d6921ebd1cbf55d545200f1877d2f17afe411b06ac
[INFO] running `Command { std: "docker" "create" "-v" "/var/lib/crater-agent-workspace/builds/worker-14/target:/opt/rustwide/target:rw,Z" "-v" "/var/lib/crater-agent-workspace/builds/worker-14/source:/opt/rustwide/workdir:ro,Z" "-v" "/var/lib/crater-agent-workspace/cargo-home:/opt/rustwide/cargo-home:ro,Z" "-v" "/var/lib/crater-agent-workspace/rustup-home:/opt/rustwide/rustup-home:ro,Z" "-e" "SOURCE_DIR=/opt/rustwide/workdir" "-e" "CARGO_TARGET_DIR=/opt/rustwide/target" "-e" "CARGO_INCREMENTAL=0" "-e" "RUST_BACKTRACE=full" "-e" "RUSTFLAGS=--cap-lints=warn" "-e" "CARGO_HOME=/opt/rustwide/cargo-home" "-e" "RUSTUP_HOME=/opt/rustwide/rustup-home" "-w" "/opt/rustwide/workdir" "-m" "1610612736" "--user" "0:0" "--network" "none" "ghcr.io/rust-lang/crates-build-env/linux@sha256:a89201d6b5b9fd45c15d5952ece0a0129e7e80cb26ec023fd59cf09bc26f1604" "/opt/rustwide/cargo-home/bin/cargo" "+beta-2021-10-15" "check" "--frozen" "--all" "--all-targets" "--message-format=json", kill_on_drop: false }`
[INFO] [stdout] cfe0fcb0de1bda98355e1ff37702e6bb0a6905181d35eee1a1bef963ab67e725
[INFO] running `Command { std: "docker" "start" "-a" "cfe0fcb0de1bda98355e1ff37702e6bb0a6905181d35eee1a1bef963ab67e725", kill_on_drop: false }`
[INFO] [stderr]    Compiling proc-macro2 v1.0.18
[INFO] [stderr]    Compiling syn v1.0.34
[INFO] [stderr]    Compiling serde_derive v1.0.114
[INFO] [stderr]    Compiling serde v1.0.114
[INFO] [stderr]    Compiling libc v0.2.72
[INFO] [stderr]    Compiling autocfg v1.0.0
[INFO] [stderr]    Compiling byteorder v1.3.4
[INFO] [stderr]    Compiling typenum v1.12.0
[INFO] [stderr]     Checking stable_deref_trait v1.2.0
[INFO] [stderr]    Compiling heapless v0.5.5
[INFO] [stderr]    Compiling nix v0.15.0
[INFO] [stderr]     Checking nom v2.2.1
[INFO] [stderr]    Compiling memchr v2.3.3
[INFO] [stderr]    Compiling getrandom v0.1.14
[INFO] [stderr]     Checking once_cell v1.4.0
[INFO] [stderr]    Compiling rustversion v1.0.3
[INFO] [stderr]    Compiling pin-project-internal v0.4.22
[INFO] [stderr]    Compiling proc-macro-nested v0.1.6
[INFO] [stderr]    Compiling build_id v0.2.1
[INFO] [stderr]    Compiling crc32fast v1.2.0
[INFO] [stderr]     Checking futures-sink v0.3.5
[INFO] [stderr]    Compiling nix v0.16.1
[INFO] [stderr]     Checking futures-core v0.3.5
[INFO] [stderr]     Checking twox-hash v1.5.0
[INFO] [stderr]    Compiling serde_json v1.0.56
[INFO] [stderr]    Compiling proc-macro-hack v0.5.16
[INFO] [stderr]     Checking libflate_lz77 v1.0.0
[INFO] [stderr]     Checking adler32 v1.1.0
[INFO] [stderr]     Checking rle-decode-fast v1.0.1
[INFO] [stderr]     Checking futures-io v0.3.5
[INFO] [stderr]    Compiling relative v0.2.2
[INFO] [stderr]     Checking ppv-lite86 v0.2.8
[INFO] [stderr]     Checking replace_with v0.1.5
[INFO] [stderr]     Checking semver-parser v0.7.0
[INFO] [stderr]     Checking regex-syntax v0.6.18
[INFO] [stderr]    Compiling constellation-rs v0.2.0-alpha.2 (/opt/rustwide/workdir)
[INFO] [stderr]     Checking ansi_term v0.12.1
[INFO] [stderr]     Checking metatype v0.2.0
[INFO] [stderr]     Checking strsim v0.9.3
[INFO] [stderr]    Compiling doc-comment v0.3.3
[INFO] [stderr]     Checking bytesize v1.0.1
[INFO] [stderr]     Checking multiset v0.0.5
[INFO] [stderr]     Checking thread_local v1.0.1
[INFO] [stdout] error[E0432]: unresolved import `std::raw`
[INFO] [stdout]   --> /opt/rustwide/cargo-home/registry/src/github.com-1ecc6299db9ec823/metatype-0.2.0/src/lib.rs:56:190
[INFO] [stdout]    |
[INFO] [stdout] 56 | ...smute_copy}, ptr::{slice_from_raw_parts_mut, NonNull}, raw
[INFO] [stdout]    |                                                           ^^^ no `raw` in the root
[INFO] [stdout] 
[INFO] [stdout] 
[INFO] [stdout] error[E0554]: `#![feature]` may not be used on the beta release channel
[INFO] [stdout]   --> /opt/rustwide/cargo-home/registry/src/github.com-1ecc6299db9ec823/metatype-0.2.0/src/lib.rs:34:1
[INFO] [stdout]    |
[INFO] [stdout] 34 | #![feature(arbitrary_self_types)]
[INFO] [stdout]    | ^^^^^^^^^^^^^^^^^^^^^^^^^^^^^^^^^
[INFO] [stdout] 
[INFO] [stdout] 
[INFO] [stdout] error[E0554]: `#![feature]` may not be used on the beta release channel
[INFO] [stdout]   --> /opt/rustwide/cargo-home/registry/src/github.com-1ecc6299db9ec823/metatype-0.2.0/src/lib.rs:35:1
[INFO] [stdout]    |
[INFO] [stdout] 35 | #![feature(raw)]
[INFO] [stdout]    | ^^^^^^^^^^^^^^^^
[INFO] [stdout] 
[INFO] [stdout] 
[INFO] [stdout] error[E0554]: `#![feature]` may not be used on the beta release channel
[INFO] [stdout]   --> /opt/rustwide/cargo-home/registry/src/github.com-1ecc6299db9ec823/metatype-0.2.0/src/lib.rs:36:1
[INFO] [stdout]    |
[INFO] [stdout] 36 | #![feature(slice_from_raw_parts)]
[INFO] [stdout]    | ^^^^^^^^^^^^^^^^^^^^^^^^^^^^^^^^^
[INFO] [stdout] 
[INFO] [stdout] 
[INFO] [stdout] error[E0554]: `#![feature]` may not be used on the beta release channel
[INFO] [stdout]   --> /opt/rustwide/cargo-home/registry/src/github.com-1ecc6299db9ec823/metatype-0.2.0/src/lib.rs:37:1
[INFO] [stdout]    |
[INFO] [stdout] 37 | #![feature(specialization)]
[INFO] [stdout]    | ^^^^^^^^^^^^^^^^^^^^^^^^^^^
[INFO] [stdout] 
[INFO] [stdout] 
[INFO] [stdout] error: aborting due to 5 previous errors
[INFO] [stdout] 
[INFO] [stdout] 
[INFO] [stderr] error: could not compile `metatype` due to 6 previous errors
[INFO] [stdout] Some errors have detailed explanations: E0432, E0554.
[INFO] [stdout] 
[INFO] [stderr] warning: build failed, waiting for other jobs to finish...
[INFO] [stdout] For more information about an error, try `rustc --explain E0432`.
[INFO] [stdout] 
[INFO] [stderr] error: build failed
[INFO] running `Command { std: "docker" "inspect" "cfe0fcb0de1bda98355e1ff37702e6bb0a6905181d35eee1a1bef963ab67e725", kill_on_drop: false }`
[INFO] running `Command { std: "docker" "rm" "-f" "cfe0fcb0de1bda98355e1ff37702e6bb0a6905181d35eee1a1bef963ab67e725", kill_on_drop: false }`
[INFO] [stdout] cfe0fcb0de1bda98355e1ff37702e6bb0a6905181d35eee1a1bef963ab67e725
