[INFO] fetching crate const-concat 0.1.0...
[INFO] checking const-concat-0.1.0 against beta-2021-10-15 for beta-1.56-3
[INFO] extracting crate const-concat 0.1.0 into /workspace/builds/worker-0/source
[INFO] validating manifest of crates.io crate const-concat 0.1.0 on toolchain beta-2021-10-15
[INFO] running `Command { std: "/workspace/cargo-home/bin/cargo" "+beta-2021-10-15" "metadata" "--manifest-path" "Cargo.toml" "--no-deps", kill_on_drop: false }`
[INFO] started tweaking crates.io crate const-concat 0.1.0
[INFO] finished tweaking crates.io crate const-concat 0.1.0
[INFO] tweaked toml for crates.io crate const-concat 0.1.0 written to /workspace/builds/worker-0/source/Cargo.toml
[INFO] running `Command { std: "/workspace/cargo-home/bin/cargo" "+beta-2021-10-15" "generate-lockfile" "--manifest-path" "Cargo.toml" "-Zno-index-update", kill_on_drop: false }`
[INFO] [stderr]     Blocking waiting for file lock on package cache
[INFO] running `Command { std: "/workspace/cargo-home/bin/cargo" "+beta-2021-10-15" "fetch" "--manifest-path" "Cargo.toml", kill_on_drop: false }`
[INFO] [stderr]     Blocking waiting for file lock on package cache
[INFO] [stderr]     Blocking waiting for file lock on package cache
[INFO] running `Command { std: "docker" "create" "-v" "/var/lib/crater-agent-workspace/builds/worker-0/target:/opt/rustwide/target:rw,Z" "-v" "/var/lib/crater-agent-workspace/builds/worker-0/source:/opt/rustwide/workdir:ro,Z" "-v" "/var/lib/crater-agent-workspace/cargo-home:/opt/rustwide/cargo-home:ro,Z" "-v" "/var/lib/crater-agent-workspace/rustup-home:/opt/rustwide/rustup-home:ro,Z" "-e" "SOURCE_DIR=/opt/rustwide/workdir" "-e" "CARGO_TARGET_DIR=/opt/rustwide/target" "-e" "CARGO_HOME=/opt/rustwide/cargo-home" "-e" "RUSTUP_HOME=/opt/rustwide/rustup-home" "-w" "/opt/rustwide/workdir" "-m" "1610612736" "--user" "0:0" "--network" "none" "ghcr.io/rust-lang/crates-build-env/linux@sha256:a89201d6b5b9fd45c15d5952ece0a0129e7e80cb26ec023fd59cf09bc26f1604" "/opt/rustwide/cargo-home/bin/cargo" "+beta-2021-10-15" "metadata" "--no-deps" "--format-version=1", kill_on_drop: false }`
[INFO] [stdout] bd2f7cf55fc9628f3f8da9c0b8043ecc78e89fecd0a844283fbde6573ac5f455
[INFO] running `Command { std: "docker" "start" "-a" "bd2f7cf55fc9628f3f8da9c0b8043ecc78e89fecd0a844283fbde6573ac5f455", kill_on_drop: false }`
[INFO] running `Command { std: "docker" "inspect" "bd2f7cf55fc9628f3f8da9c0b8043ecc78e89fecd0a844283fbde6573ac5f455", kill_on_drop: false }`
[INFO] running `Command { std: "docker" "rm" "-f" "bd2f7cf55fc9628f3f8da9c0b8043ecc78e89fecd0a844283fbde6573ac5f455", kill_on_drop: false }`
[INFO] [stdout] bd2f7cf55fc9628f3f8da9c0b8043ecc78e89fecd0a844283fbde6573ac5f455
[INFO] running `Command { std: "docker" "create" "-v" "/var/lib/crater-agent-workspace/builds/worker-0/target:/opt/rustwide/target:rw,Z" "-v" "/var/lib/crater-agent-workspace/builds/worker-0/source:/opt/rustwide/workdir:ro,Z" "-v" "/var/lib/crater-agent-workspace/cargo-home:/opt/rustwide/cargo-home:ro,Z" "-v" "/var/lib/crater-agent-workspace/rustup-home:/opt/rustwide/rustup-home:ro,Z" "-e" "SOURCE_DIR=/opt/rustwide/workdir" "-e" "CARGO_TARGET_DIR=/opt/rustwide/target" "-e" "CARGO_INCREMENTAL=0" "-e" "RUST_BACKTRACE=full" "-e" "RUSTFLAGS=--cap-lints=warn" "-e" "CARGO_HOME=/opt/rustwide/cargo-home" "-e" "RUSTUP_HOME=/opt/rustwide/rustup-home" "-w" "/opt/rustwide/workdir" "-m" "1610612736" "--user" "0:0" "--network" "none" "ghcr.io/rust-lang/crates-build-env/linux@sha256:a89201d6b5b9fd45c15d5952ece0a0129e7e80cb26ec023fd59cf09bc26f1604" "/opt/rustwide/cargo-home/bin/cargo" "+beta-2021-10-15" "check" "--frozen" "--all" "--all-targets" "--message-format=json", kill_on_drop: false }`
[INFO] [stdout] 87b96f47658fa02f5e0971c40bc0a4c09e97eba85bbdd99477e91333d8378b73
[INFO] running `Command { std: "docker" "start" "-a" "87b96f47658fa02f5e0971c40bc0a4c09e97eba85bbdd99477e91333d8378b73", kill_on_drop: false }`
[INFO] [stderr]     Blocking waiting for file lock on package cache
[INFO] [stderr]     Checking const-concat v0.1.0 (/opt/rustwide/workdir)
[INFO] [stdout] error[E0557]: feature has been removed
[INFO] [stdout]  --> src/lib.rs:1:12
[INFO] [stdout]   |
[INFO] [stdout] 1 | #![feature(const_fn, const_str_as_bytes, const_str_len, const_let, untagged_unions)]
[INFO] [stdout]   |            ^^^^^^^^ feature has been removed
[INFO] [stdout]   |
[INFO] [stdout]   = note: split into finer-grained feature gates
[INFO] [stdout] 
[INFO] [stdout] 
[INFO] [stdout] warning: unknown lint: `unions_with_drop_fields`
[INFO] [stdout]  --> src/lib.rs:3:9
[INFO] [stdout]   |
[INFO] [stdout] 3 | #[allow(unions_with_drop_fields)]
[INFO] [stdout]   |         ^^^^^^^^^^^^^^^^^^^^^^^
[INFO] [stdout]   |
[INFO] [stdout]   = note: `#[warn(unknown_lints)]` on by default
[INFO] [stdout] 
[INFO] [stdout] 
[INFO] [stdout] error[E0557]: feature has been removed
[INFO] [stdout]  --> src/lib.rs:1:12
[INFO] [stdout]   |
[INFO] [stdout] 1 | #![feature(const_fn, const_str_as_bytes, const_str_len, const_let, untagged_unions)]
[INFO] [stdout]   |            ^^^^^^^^ feature has been removed
[INFO] [stdout]   |
[INFO] [stdout]   = note: split into finer-grained feature gates
[INFO] [stdout] 
[INFO] [stdout] 
[INFO] [stdout] warning: unknown lint: `unions_with_drop_fields`
[INFO] [stdout]  --> src/lib.rs:3:9
[INFO] [stdout]   |
[INFO] [stdout] 3 | #[allow(unions_with_drop_fields)]
[INFO] [stdout]   |         ^^^^^^^^^^^^^^^^^^^^^^^
[INFO] [stdout]   |
[INFO] [stdout]   = note: `#[warn(unknown_lints)]` on by default
[INFO] [stdout] 
[INFO] [stdout] 
[INFO] [stdout] error[E0554]: `#![feature]` may not be used on the beta release channel
[INFO] [stdout]  --> src/lib.rs:1:1
[INFO] [stdout]   |
[INFO] [stdout] 1 | #![feature(const_fn, const_str_as_bytes, const_str_len, const_let, untagged_unions)]
[INFO] [stdout]   | ^^^^^^^^^^^^^^^^^^^^^^^^^^^^^^^^^^^^^^^^^^^^^^^^^^^^^^^^^^^^^^^^^^^^^^^^^^^^^^^^^^^^
[INFO] [stdout]   |
[INFO] [stdout]   = help: the feature `const_let` has been stable since 1.33.0 and no longer requires an attribute to enable
[INFO] [stdout] 
[INFO] [stdout] 
[INFO] [stdout] error[E0554]: `#![feature]` may not be used on the beta release channel
[INFO] [stdout]  --> src/lib.rs:1:1
[INFO] [stdout]   |
[INFO] [stdout] 1 | #![feature(const_fn, const_str_as_bytes, const_str_len, const_let, untagged_unions)]
[INFO] [stdout]   | ^^^^^^^^^^^^^^^^^^^^^^^^^^^^^^^^^^^^^^^^^^^^^^^^^^^^^^^^^^^^^^^^^^^^^^^^^^^^^^^^^^^^
[INFO] [stdout]   |
[INFO] [stdout]   = help: the feature `const_let` has been stable since 1.33.0 and no longer requires an attribute to enable
[INFO] [stdout] 
[INFO] [stdout] 
[INFO] [stdout] warning: trailing semicolon in macro used in expression position
[INFO] [stdout]   --> src/lib.rs:47:38
[INFO] [stdout]    |
[INFO] [stdout] 47 |         const_concat!($a, $($rest),*);
[INFO] [stdout]    |                                      ^
[INFO] [stdout] ...
[INFO] [stdout] 58 |         const GREETING_TRAILING_COMMA: &str = const_concat!(SALUTATION, ", ", TARGET, "!",);
[INFO] [stdout]    |                                               --------------------------------------------- in this macro invocation
[INFO] [stdout]    |
[INFO] [stdout]    = note: `#[warn(semicolon_in_expressions_from_macros)]` on by default
[INFO] [stdout]    = warning: this was previously accepted by the compiler but is being phased out; it will become a hard error in a future release!
[INFO] [stdout]    = note: for more information, see issue #79813 <https://github.com/rust-lang/rust/issues/79813>
[INFO] [stdout]    = note: this warning originates in the macro `const_concat` (in Nightly builds, run with -Z macro-backtrace for more info)
[INFO] [stdout] 
[INFO] [stdout] 
[INFO] [stdout] error[E0740]: unions may not contain fields that need dropping
[INFO] [stdout]  --> src/lib.rs:6:9
[INFO] [stdout]   |
[INFO] [stdout] 6 |         from: From,
[INFO] [stdout]   |         ^^^^^^^^^^
[INFO] [stdout]   |
[INFO] [stdout] note: `std::mem::ManuallyDrop` can be used to wrap the type
[INFO] [stdout]  --> src/lib.rs:6:9
[INFO] [stdout]   |
[INFO] [stdout] 6 |         from: From,
[INFO] [stdout]   |         ^^^^^^^^^^
[INFO] [stdout] 
[INFO] [stdout] 
[INFO] [stdout] error: aborting due to 3 previous errors; 1 warning emitted
[INFO] [stdout] 
[INFO] [stdout] 
[INFO] [stdout] Some errors have detailed explanations: E0554, E0557, E0740.
[INFO] [stdout] 
[INFO] [stdout] For more information about an error, try `rustc --explain E0554`.
[INFO] [stdout] 
[INFO] [stdout] error[E0740]: unions may not contain fields that need dropping
[INFO] [stdout]  --> src/lib.rs:6:9
[INFO] [stdout]   |
[INFO] [stdout] 6 |         from: From,
[INFO] [stdout]   |         ^^^^^^^^^^
[INFO] [stdout]   |
[INFO] [stdout] note: `std::mem::ManuallyDrop` can be used to wrap the type
[INFO] [stdout]  --> src/lib.rs:6:9
[INFO] [stdout]   |
[INFO] [stdout] 6 |         from: From,
[INFO] [stdout]   |         ^^^^^^^^^^
[INFO] [stdout] 
[INFO] [stdout] 
[INFO] [stderr] error: could not compile `const-concat` due to 4 previous errors; 1 warning emitted
[INFO] [stderr] warning: build failed, waiting for other jobs to finish...
[INFO] [stdout] error[E0658]: trait bounds other than `Sized` on const fn parameters are unstable
[INFO] [stdout]   --> src/lib.rs:13:28
[INFO] [stdout]    |
[INFO] [stdout] 13 | pub const unsafe fn concat<First, Second, Out>(a: &[u8], b: &[u8]) -> Out
[INFO] [stdout]    |                            ^^^^^
[INFO] [stdout]    |
[INFO] [stdout]    = note: see issue #57563 <https://github.com/rust-lang/rust/issues/57563> for more information
[INFO] [stdout] 
[INFO] [stdout] 
[INFO] [stdout] error[E0658]: trait bounds other than `Sized` on const fn parameters are unstable
[INFO] [stdout]   --> src/lib.rs:13:35
[INFO] [stdout]    |
[INFO] [stdout] 13 | pub const unsafe fn concat<First, Second, Out>(a: &[u8], b: &[u8]) -> Out
[INFO] [stdout]    |                                   ^^^^^^
[INFO] [stdout]    |
[INFO] [stdout]    = note: see issue #57563 <https://github.com/rust-lang/rust/issues/57563> for more information
[INFO] [stdout] 
[INFO] [stdout] 
[INFO] [stdout] error[E0658]: trait bounds other than `Sized` on const fn parameters are unstable
[INFO] [stdout]   --> src/lib.rs:13:43
[INFO] [stdout]    |
[INFO] [stdout] 13 | pub const unsafe fn concat<First, Second, Out>(a: &[u8], b: &[u8]) -> Out
[INFO] [stdout]    |                                           ^^^
[INFO] [stdout]    |
[INFO] [stdout]    = note: see issue #57563 <https://github.com/rust-lang/rust/issues/57563> for more information
[INFO] [stdout] 
[INFO] [stdout] 
[INFO] [stdout] error: aborting due to 6 previous errors; 2 warnings emitted
[INFO] [stdout] 
[INFO] [stdout] 
[INFO] [stdout] Some errors have detailed explanations: E0554, E0557, E0658, E0740.
[INFO] [stdout] 
[INFO] [stdout] For more information about an error, try `rustc --explain E0554`.
[INFO] [stdout] 
[INFO] [stderr] error: build failed
[INFO] running `Command { std: "docker" "inspect" "87b96f47658fa02f5e0971c40bc0a4c09e97eba85bbdd99477e91333d8378b73", kill_on_drop: false }`
[INFO] running `Command { std: "docker" "rm" "-f" "87b96f47658fa02f5e0971c40bc0a4c09e97eba85bbdd99477e91333d8378b73", kill_on_drop: false }`
[INFO] [stdout] 87b96f47658fa02f5e0971c40bc0a4c09e97eba85bbdd99477e91333d8378b73
