[INFO] fetching crate const-alg 0.1.1...
[INFO] checking const-alg-0.1.1 against 1.55.0 for beta-1.56-3
[INFO] extracting crate const-alg 0.1.1 into /workspace/builds/worker-33/source
[INFO] validating manifest of crates.io crate const-alg 0.1.1 on toolchain 1.55.0
[INFO] running `Command { std: "/workspace/cargo-home/bin/cargo" "+1.55.0" "metadata" "--manifest-path" "Cargo.toml" "--no-deps", kill_on_drop: false }`
[INFO] started tweaking crates.io crate const-alg 0.1.1
[INFO] finished tweaking crates.io crate const-alg 0.1.1
[INFO] tweaked toml for crates.io crate const-alg 0.1.1 written to /workspace/builds/worker-33/source/Cargo.toml
[INFO] running `Command { std: "/workspace/cargo-home/bin/cargo" "+1.55.0" "generate-lockfile" "--manifest-path" "Cargo.toml" "-Zno-index-update", kill_on_drop: false }`
[INFO] [stderr]     Blocking waiting for file lock on package cache
[INFO] running `Command { std: "/workspace/cargo-home/bin/cargo" "+1.55.0" "fetch" "--manifest-path" "Cargo.toml", kill_on_drop: false }`
[INFO] [stderr]     Blocking waiting for file lock on package cache
[INFO] [stderr]  Downloading crates ...
[INFO] [stderr]   Downloaded num v0.2.1
[INFO] [stderr]   Downloaded num-bigint v0.2.6
[INFO] [stderr]   Downloaded array-vec v0.1.3
[INFO] running `Command { std: "docker" "create" "-v" "/var/lib/crater-agent-workspace/builds/worker-33/target:/opt/rustwide/target:rw,Z" "-v" "/var/lib/crater-agent-workspace/builds/worker-33/source:/opt/rustwide/workdir:ro,Z" "-v" "/var/lib/crater-agent-workspace/cargo-home:/opt/rustwide/cargo-home:ro,Z" "-v" "/var/lib/crater-agent-workspace/rustup-home:/opt/rustwide/rustup-home:ro,Z" "-e" "SOURCE_DIR=/opt/rustwide/workdir" "-e" "CARGO_TARGET_DIR=/opt/rustwide/target" "-e" "CARGO_HOME=/opt/rustwide/cargo-home" "-e" "RUSTUP_HOME=/opt/rustwide/rustup-home" "-w" "/opt/rustwide/workdir" "-m" "1610612736" "--user" "0:0" "--network" "none" "ghcr.io/rust-lang/crates-build-env/linux@sha256:a89201d6b5b9fd45c15d5952ece0a0129e7e80cb26ec023fd59cf09bc26f1604" "/opt/rustwide/cargo-home/bin/cargo" "+1.55.0" "metadata" "--no-deps" "--format-version=1", kill_on_drop: false }`
[INFO] [stdout] 46fa759e72ea2e9020aa20d36c9adaea12ce65b2b02206b6c9d15083d0af4f6c
[INFO] running `Command { std: "docker" "start" "-a" "46fa759e72ea2e9020aa20d36c9adaea12ce65b2b02206b6c9d15083d0af4f6c", kill_on_drop: false }`
[INFO] running `Command { std: "docker" "inspect" "46fa759e72ea2e9020aa20d36c9adaea12ce65b2b02206b6c9d15083d0af4f6c", kill_on_drop: false }`
[INFO] running `Command { std: "docker" "rm" "-f" "46fa759e72ea2e9020aa20d36c9adaea12ce65b2b02206b6c9d15083d0af4f6c", kill_on_drop: false }`
[INFO] [stdout] 46fa759e72ea2e9020aa20d36c9adaea12ce65b2b02206b6c9d15083d0af4f6c
[INFO] running `Command { std: "docker" "create" "-v" "/var/lib/crater-agent-workspace/builds/worker-33/target:/opt/rustwide/target:rw,Z" "-v" "/var/lib/crater-agent-workspace/builds/worker-33/source:/opt/rustwide/workdir:ro,Z" "-v" "/var/lib/crater-agent-workspace/cargo-home:/opt/rustwide/cargo-home:ro,Z" "-v" "/var/lib/crater-agent-workspace/rustup-home:/opt/rustwide/rustup-home:ro,Z" "-e" "SOURCE_DIR=/opt/rustwide/workdir" "-e" "CARGO_TARGET_DIR=/opt/rustwide/target" "-e" "CARGO_INCREMENTAL=0" "-e" "RUST_BACKTRACE=full" "-e" "RUSTFLAGS=--cap-lints=warn" "-e" "CARGO_HOME=/opt/rustwide/cargo-home" "-e" "RUSTUP_HOME=/opt/rustwide/rustup-home" "-w" "/opt/rustwide/workdir" "-m" "1610612736" "--user" "0:0" "--network" "none" "ghcr.io/rust-lang/crates-build-env/linux@sha256:a89201d6b5b9fd45c15d5952ece0a0129e7e80cb26ec023fd59cf09bc26f1604" "/opt/rustwide/cargo-home/bin/cargo" "+1.55.0" "check" "--frozen" "--all" "--all-targets" "--message-format=json", kill_on_drop: false }`
[INFO] [stdout] c07a76c95487f3eaad009bba7ee30f89dbd59336929dd89863d19d313f747c69
[INFO] running `Command { std: "docker" "start" "-a" "c07a76c95487f3eaad009bba7ee30f89dbd59336929dd89863d19d313f747c69", kill_on_drop: false }`
[INFO] [stderr]     Blocking waiting for file lock on package cache
[INFO] [stderr]     Checking array-vec v0.1.3
[INFO] [stderr]    Compiling num-traits v0.2.14
[INFO] [stderr]    Compiling num-bigint v0.2.6
[INFO] [stderr]    Compiling num-complex v0.2.4
[INFO] [stderr]    Compiling num-rational v0.2.4
[INFO] [stderr]    Compiling num-iter v0.1.42
[INFO] [stdout] error[E0554]: `#![feature]` may not be used on the stable release channel
[INFO] [stdout]  --> /opt/rustwide/cargo-home/registry/src/github.com-1ecc6299db9ec823/array-vec-0.1.3/src/lib.rs:1:1
[INFO] [stdout]   |
[INFO] [stdout] 1 | #![feature(const_generics, specialization, maybe_uninit_extra, maybe_uninit_slice)]
[INFO] [stdout]   | ^^^^^^^^^^^^^^^^^^^^^^^^^^^^^^^^^^^^^^^^^^^^^^^^^^^^^^^^^^^^^^^^^^^^^^^^^^^^^^^^^^^
[INFO] [stdout] 
[INFO] [stdout] 
[INFO] [stdout] error[E0599]: no function or associated item named `first_ptr` found for union `MaybeUninit` in the current scope
[INFO] [stdout]   --> /opt/rustwide/cargo-home/registry/src/github.com-1ecc6299db9ec823/array-vec-0.1.3/src/lib.rs:36:22
[INFO] [stdout]    |
[INFO] [stdout] 36 |         MaybeUninit::first_ptr(&self.arr)
[INFO] [stdout]    |                      ^^^^^^^^^ function or associated item not found in `MaybeUninit<_>`
[INFO] [stdout] 
[INFO] [stdout] 
[INFO] [stdout] error[E0599]: no function or associated item named `first_ptr_mut` found for union `MaybeUninit` in the current scope
[INFO] [stdout]   --> /opt/rustwide/cargo-home/registry/src/github.com-1ecc6299db9ec823/array-vec-0.1.3/src/lib.rs:41:22
[INFO] [stdout]    |
[INFO] [stdout] 41 |         MaybeUninit::first_ptr_mut(&mut self.arr)
[INFO] [stdout]    |                      ^^^^^^^^^^^^^ function or associated item not found in `MaybeUninit<_>`
[INFO] [stdout] 
[INFO] [stdout] 
[INFO] [stderr] error: could not compile `array-vec` due to 4 previous errors
[INFO] [stdout] error: aborting due to 3 previous errors
[INFO] [stdout] 
[INFO] [stdout] 
[INFO] [stderr] warning: build failed, waiting for other jobs to finish...
[INFO] [stdout] Some errors have detailed explanations: E0554, E0599.
[INFO] [stdout] 
[INFO] [stdout] For more information about an error, try `rustc --explain E0554`.
[INFO] [stdout] 
[INFO] [stderr] error: build failed
[INFO] running `Command { std: "docker" "inspect" "c07a76c95487f3eaad009bba7ee30f89dbd59336929dd89863d19d313f747c69", kill_on_drop: false }`
[INFO] running `Command { std: "docker" "rm" "-f" "c07a76c95487f3eaad009bba7ee30f89dbd59336929dd89863d19d313f747c69", kill_on_drop: false }`
[INFO] [stdout] c07a76c95487f3eaad009bba7ee30f89dbd59336929dd89863d19d313f747c69
