[INFO] fetching crate concread 0.2.19...
[INFO] checking concread-0.2.19 against beta-2021-10-15 for beta-1.56-3
[INFO] extracting crate concread 0.2.19 into /workspace/builds/worker-114/source
[INFO] validating manifest of crates.io crate concread 0.2.19 on toolchain beta-2021-10-15
[INFO] running `Command { std: "/workspace/cargo-home/bin/cargo" "+beta-2021-10-15" "metadata" "--manifest-path" "Cargo.toml" "--no-deps", kill_on_drop: false }`
[INFO] started tweaking crates.io crate concread 0.2.19
[INFO] finished tweaking crates.io crate concread 0.2.19
[INFO] tweaked toml for crates.io crate concread 0.2.19 written to /workspace/builds/worker-114/source/Cargo.toml
[INFO] crate crates.io crate concread 0.2.19 already has a lockfile, it will not be regenerated
[INFO] running `Command { std: "/workspace/cargo-home/bin/cargo" "+beta-2021-10-15" "fetch" "--manifest-path" "Cargo.toml", kill_on_drop: false }`
[INFO] [stderr]     Blocking waiting for file lock on package cache
[INFO] [stderr]     Blocking waiting for file lock on package cache
[INFO] running `Command { std: "docker" "create" "-v" "/var/lib/crater-agent-workspace/builds/worker-114/target:/opt/rustwide/target:rw,Z" "-v" "/var/lib/crater-agent-workspace/builds/worker-114/source:/opt/rustwide/workdir:ro,Z" "-v" "/var/lib/crater-agent-workspace/cargo-home:/opt/rustwide/cargo-home:ro,Z" "-v" "/var/lib/crater-agent-workspace/rustup-home:/opt/rustwide/rustup-home:ro,Z" "-e" "SOURCE_DIR=/opt/rustwide/workdir" "-e" "CARGO_TARGET_DIR=/opt/rustwide/target" "-e" "CARGO_HOME=/opt/rustwide/cargo-home" "-e" "RUSTUP_HOME=/opt/rustwide/rustup-home" "-w" "/opt/rustwide/workdir" "-m" "1610612736" "--user" "0:0" "--network" "none" "ghcr.io/rust-lang/crates-build-env/linux@sha256:a89201d6b5b9fd45c15d5952ece0a0129e7e80cb26ec023fd59cf09bc26f1604" "/opt/rustwide/cargo-home/bin/cargo" "+beta-2021-10-15" "metadata" "--no-deps" "--format-version=1", kill_on_drop: false }`
[INFO] [stdout] c3bbc193811ac82b48fafd620142d45d99e359dce9d43b3443eba5feb3c78526
[INFO] running `Command { std: "docker" "start" "-a" "c3bbc193811ac82b48fafd620142d45d99e359dce9d43b3443eba5feb3c78526", kill_on_drop: false }`
[INFO] running `Command { std: "docker" "inspect" "c3bbc193811ac82b48fafd620142d45d99e359dce9d43b3443eba5feb3c78526", kill_on_drop: false }`
[INFO] running `Command { std: "docker" "rm" "-f" "c3bbc193811ac82b48fafd620142d45d99e359dce9d43b3443eba5feb3c78526", kill_on_drop: false }`
[INFO] [stdout] c3bbc193811ac82b48fafd620142d45d99e359dce9d43b3443eba5feb3c78526
[INFO] running `Command { std: "docker" "create" "-v" "/var/lib/crater-agent-workspace/builds/worker-114/target:/opt/rustwide/target:rw,Z" "-v" "/var/lib/crater-agent-workspace/builds/worker-114/source:/opt/rustwide/workdir:ro,Z" "-v" "/var/lib/crater-agent-workspace/cargo-home:/opt/rustwide/cargo-home:ro,Z" "-v" "/var/lib/crater-agent-workspace/rustup-home:/opt/rustwide/rustup-home:ro,Z" "-e" "SOURCE_DIR=/opt/rustwide/workdir" "-e" "CARGO_TARGET_DIR=/opt/rustwide/target" "-e" "CARGO_INCREMENTAL=0" "-e" "RUST_BACKTRACE=full" "-e" "RUSTFLAGS=--cap-lints=warn" "-e" "CARGO_HOME=/opt/rustwide/cargo-home" "-e" "RUSTUP_HOME=/opt/rustwide/rustup-home" "-w" "/opt/rustwide/workdir" "-m" "1610612736" "--user" "0:0" "--network" "none" "ghcr.io/rust-lang/crates-build-env/linux@sha256:a89201d6b5b9fd45c15d5952ece0a0129e7e80cb26ec023fd59cf09bc26f1604" "/opt/rustwide/cargo-home/bin/cargo" "+beta-2021-10-15" "check" "--frozen" "--all" "--all-targets" "--message-format=json", kill_on_drop: false }`
[INFO] [stdout] 1bc340a8b50d9f9b41fe6055c094ad75c8d2a884af1413abc9c81b5a765456ce
[INFO] running `Command { std: "docker" "start" "-a" "1bc340a8b50d9f9b41fe6055c094ad75c8d2a884af1413abc9c81b5a765456ce", kill_on_drop: false }`
[INFO] [stderr]     Blocking waiting for file lock on package cache
[INFO] [stderr]     Blocking waiting for file lock on package cache
[INFO] [stderr]    Compiling syn v1.0.77
[INFO] [stderr]    Compiling crossbeam-epoch v0.9.5
[INFO] [stderr]    Compiling crossbeam-queue v0.3.2
[INFO] [stderr]     Checking once_cell v1.8.0
[INFO] [stderr]    Compiling proc-macro2 v0.4.30
[INFO] [stderr]    Compiling syn v0.15.44
[INFO] [stderr]    Compiling const_fn v0.4.8
[INFO] [stderr]     Checking half v1.7.1
[INFO] [stderr]     Checking uuid v0.8.2
[INFO] [stderr]     Checking instant v0.1.11
[INFO] [stderr]    Compiling tokio v1.12.0
[INFO] [stderr]    Compiling ahash v0.7.4
[INFO] [stderr]    Compiling parking_lot_core v0.8.5
[INFO] [stderr]    Compiling standback v0.2.17
[INFO] [stderr]    Compiling time v0.2.27
[INFO] [stderr]     Checking getrandom v0.2.3
[INFO] [stderr]    Compiling proc-macro-crate v0.1.5
[INFO] [stderr]     Checking rand_core v0.6.3
[INFO] [stderr]     Checking serde_cbor v0.11.2
[INFO] [stderr]     Checking parking_lot v0.11.2
[INFO] [stderr]     Checking rand_chacha v0.3.1
[INFO] [stderr]     Checking crossbeam-deque v0.8.1
[INFO] [stderr]     Checking rand v0.8.4
[INFO] [stderr]     Checking hashbrown v0.11.2
[INFO] [stderr]     Checking crossbeam v0.8.1
[INFO] [stderr]     Checking rayon-core v1.9.1
[INFO] [stderr]    Compiling quote v0.6.13
[INFO] [stderr]     Checking lru v0.6.6
[INFO] [stderr]     Checking rayon v1.5.1
[INFO] [stderr]    Compiling function_name-proc-macro v0.2.0
[INFO] [stderr]    Compiling tokio-macros v1.4.1
[INFO] [stderr]    Compiling time-macros-impl v0.1.2
[INFO] [stderr]    Compiling serde_derive v1.0.130
[INFO] [stderr]     Checking function_name v0.2.0
[INFO] [stderr]     Checking time-macros v0.1.1
[INFO] [stderr]     Checking concread v0.2.19 (/opt/rustwide/workdir)
[INFO] [stderr]     Checking criterion v0.3.5
[INFO] [stdout] error[E0061]: this function takes 1 argument but 2 arguments were supplied
[INFO] [stdout]    --> benches/hashmap_benchmark.rs:246:21
[INFO] [stdout]     |
[INFO] [stdout] 246 |     let count = rng.gen_range(INSERT_COUNT_MIN, INSERT_COUNT_MAX);
[INFO] [stdout]     |                     ^^^^^^^^^ ----------------  ---------------- supplied 2 arguments
[INFO] [stdout]     |                     |
[INFO] [stdout]     |                     expected 1 argument
[INFO] [stdout]     |
[INFO] [stdout] note: associated function defined here
[INFO] [stdout]    --> /opt/rustwide/cargo-home/registry/src/github.com-1ecc6299db9ec823/rand-0.8.4/src/rng.rs:129:8
[INFO] [stdout]     |
[INFO] [stdout] 129 |     fn gen_range<T, R>(&mut self, range: R) -> T
[INFO] [stdout]     |        ^^^^^^^^^
[INFO] [stdout] 
[INFO] [stdout] 
[INFO] [stdout] error[E0061]: this function takes 1 argument but 2 arguments were supplied
[INFO] [stdout]    --> benches/hashmap_benchmark.rs:250:17
[INFO] [stdout]     |
[INFO] [stdout] 250 |             rng.gen_range(0, INSERT_COUNT_MAX << 8) as u32,
[INFO] [stdout]     |                 ^^^^^^^^^ -  --------------------- supplied 2 arguments
[INFO] [stdout]     |                 |
[INFO] [stdout]     |                 expected 1 argument
[INFO] [stdout]     |
[INFO] [stdout] note: associated function defined here
[INFO] [stdout]    --> /opt/rustwide/cargo-home/registry/src/github.com-1ecc6299db9ec823/rand-0.8.4/src/rng.rs:129:8
[INFO] [stdout]     |
[INFO] [stdout] 129 |     fn gen_range<T, R>(&mut self, range: R) -> T
[INFO] [stdout]     |        ^^^^^^^^^
[INFO] [stdout] 
[INFO] [stdout] 
[INFO] [stdout] error[E0061]: this function takes 1 argument but 2 arguments were supplied
[INFO] [stdout]    --> benches/hashmap_benchmark.rs:260:28
[INFO] [stdout]     |
[INFO] [stdout] 260 |     let insert_count = rng.gen_range(INSERT_COUNT_FOR_REMOVE_MIN, INSERT_COUNT_FOR_REMOVE_MAX);
[INFO] [stdout]     |                            ^^^^^^^^^ ---------------------------  --------------------------- supplied 2 arguments
[INFO] [stdout]     |                            |
[INFO] [stdout]     |                            expected 1 argument
[INFO] [stdout]     |
[INFO] [stdout] note: associated function defined here
[INFO] [stdout]    --> /opt/rustwide/cargo-home/registry/src/github.com-1ecc6299db9ec823/rand-0.8.4/src/rng.rs:129:8
[INFO] [stdout]     |
[INFO] [stdout] 129 |     fn gen_range<T, R>(&mut self, range: R) -> T
[INFO] [stdout]     |        ^^^^^^^^^
[INFO] [stdout] 
[INFO] [stdout] 
[INFO] [stdout] error[E0061]: this function takes 1 argument but 2 arguments were supplied
[INFO] [stdout]    --> benches/hashmap_benchmark.rs:261:28
[INFO] [stdout]     |
[INFO] [stdout] 261 |     let remove_count = rng.gen_range(REMOVE_COUNT_MIN, REMOVE_COUNT_MAX);
[INFO] [stdout]     |                            ^^^^^^^^^ ----------------  ---------------- supplied 2 arguments
[INFO] [stdout]     |                            |
[INFO] [stdout]     |                            expected 1 argument
[INFO] [stdout]     |
[INFO] [stdout] note: associated function defined here
[INFO] [stdout]    --> /opt/rustwide/cargo-home/registry/src/github.com-1ecc6299db9ec823/rand-0.8.4/src/rng.rs:129:8
[INFO] [stdout]     |
[INFO] [stdout] 129 |     fn gen_range<T, R>(&mut self, range: R) -> T
[INFO] [stdout]     |        ^^^^^^^^^
[INFO] [stdout] 
[INFO] [stdout] 
[INFO] [stdout] error[E0061]: this function takes 1 argument but 2 arguments were supplied
[INFO] [stdout]    --> benches/hashmap_benchmark.rs:275:28
[INFO] [stdout]     |
[INFO] [stdout] 275 |     let insert_count = rng.gen_range(INSERT_COUNT_FOR_SEARCH_MIN, INSERT_COUNT_FOR_SEARCH_MAX);
[INFO] [stdout]     |                            ^^^^^^^^^ ---------------------------  --------------------------- supplied 2 arguments
[INFO] [stdout]     |                            |
[INFO] [stdout]     |                            expected 1 argument
[INFO] [stdout]     |
[INFO] [stdout] note: associated function defined here
[INFO] [stdout]    --> /opt/rustwide/cargo-home/registry/src/github.com-1ecc6299db9ec823/rand-0.8.4/src/rng.rs:129:8
[INFO] [stdout]     |
[INFO] [stdout] 129 |     fn gen_range<T, R>(&mut self, range: R) -> T
[INFO] [stdout]     |        ^^^^^^^^^
[INFO] [stdout] 
[INFO] [stdout] 
[INFO] [stdout] error[E0061]: this function takes 1 argument but 2 arguments were supplied
[INFO] [stdout]    --> benches/hashmap_benchmark.rs:277:28
[INFO] [stdout]     |
[INFO] [stdout] 277 |     let search_count = rng.gen_range(SEARCH_COUNT_MIN, SEARCH_COUNT_MAX);
[INFO] [stdout]     |                            ^^^^^^^^^ ----------------  ---------------- supplied 2 arguments
[INFO] [stdout]     |                            |
[INFO] [stdout]     |                            expected 1 argument
[INFO] [stdout]     |
[INFO] [stdout] note: associated function defined here
[INFO] [stdout]    --> /opt/rustwide/cargo-home/registry/src/github.com-1ecc6299db9ec823/rand-0.8.4/src/rng.rs:129:8
[INFO] [stdout]     |
[INFO] [stdout] 129 |     fn gen_range<T, R>(&mut self, range: R) -> T
[INFO] [stdout]     |        ^^^^^^^^^
[INFO] [stdout] 
[INFO] [stdout] 
[INFO] [stdout] error[E0061]: this function takes 1 argument but 2 arguments were supplied
[INFO] [stdout]    --> benches/hashmap_benchmark.rs:290:23
[INFO] [stdout]     |
[INFO] [stdout] 290 |         list.push(rng.gen_range(0, search_limit as u32));
[INFO] [stdout]     |                       ^^^^^^^^^ -  ------------------- supplied 2 arguments
[INFO] [stdout]     |                       |
[INFO] [stdout]     |                       expected 1 argument
[INFO] [stdout]     |
[INFO] [stdout] note: associated function defined here
[INFO] [stdout]    --> /opt/rustwide/cargo-home/registry/src/github.com-1ecc6299db9ec823/rand-0.8.4/src/rng.rs:129:8
[INFO] [stdout]     |
[INFO] [stdout] 129 |     fn gen_range<T, R>(&mut self, range: R) -> T
[INFO] [stdout]     |        ^^^^^^^^^
[INFO] [stdout] 
[INFO] [stdout] 
[INFO] [stdout] error[E0061]: this function takes 1 argument but 2 arguments were supplied
[INFO] [stdout]    --> benches/hashmap_benchmark.rs:303:25
[INFO] [stdout]     |
[INFO] [stdout] 303 |         let mut r = rng.gen_range(0, remaining_elems);
[INFO] [stdout]     |                         ^^^^^^^^^ -  --------------- supplied 2 arguments
[INFO] [stdout]     |                         |
[INFO] [stdout]     |                         expected 1 argument
[INFO] [stdout]     |
[INFO] [stdout] note: associated function defined here
[INFO] [stdout]    --> /opt/rustwide/cargo-home/registry/src/github.com-1ecc6299db9ec823/rand-0.8.4/src/rng.rs:129:8
[INFO] [stdout]     |
[INFO] [stdout] 129 |     fn gen_range<T, R>(&mut self, range: R) -> T
[INFO] [stdout]     |        ^^^^^^^^^
[INFO] [stdout] 
[INFO] [stdout] 
[INFO] [stdout] error: aborting due to 8 previous errors
[INFO] [stdout] 
[INFO] [stdout] 
[INFO] [stdout] For more information about this error, try `rustc --explain E0061`.
[INFO] [stdout] 
[INFO] [stderr] error: could not compile `concread` due to 9 previous errors
[INFO] [stderr] warning: build failed, waiting for other jobs to finish...
[INFO] [stderr] error: build failed
[INFO] running `Command { std: "docker" "inspect" "1bc340a8b50d9f9b41fe6055c094ad75c8d2a884af1413abc9c81b5a765456ce", kill_on_drop: false }`
[INFO] running `Command { std: "docker" "rm" "-f" "1bc340a8b50d9f9b41fe6055c094ad75c8d2a884af1413abc9c81b5a765456ce", kill_on_drop: false }`
[INFO] [stdout] 1bc340a8b50d9f9b41fe6055c094ad75c8d2a884af1413abc9c81b5a765456ce
