[INFO] fetching crate cn-stratum 0.4.1...
[INFO] checking cn-stratum-0.4.1 against 1.55.0 for beta-1.56-3
[INFO] extracting crate cn-stratum 0.4.1 into /workspace/builds/worker-95/source
[INFO] validating manifest of crates.io crate cn-stratum 0.4.1 on toolchain 1.55.0
[INFO] running `Command { std: "/workspace/cargo-home/bin/cargo" "+1.55.0" "metadata" "--manifest-path" "Cargo.toml" "--no-deps", kill_on_drop: false }`
[INFO] started tweaking crates.io crate cn-stratum 0.4.1
[INFO] finished tweaking crates.io crate cn-stratum 0.4.1
[INFO] tweaked toml for crates.io crate cn-stratum 0.4.1 written to /workspace/builds/worker-95/source/Cargo.toml
[INFO] running `Command { std: "/workspace/cargo-home/bin/cargo" "+1.55.0" "generate-lockfile" "--manifest-path" "Cargo.toml" "-Zno-index-update", kill_on_drop: false }`
[INFO] [stderr]     Blocking waiting for file lock on package cache
[INFO] running `Command { std: "/workspace/cargo-home/bin/cargo" "+1.55.0" "fetch" "--manifest-path" "Cargo.toml", kill_on_drop: false }`
[INFO] [stderr]     Blocking waiting for file lock on package cache
[INFO] [stderr]     Blocking waiting for file lock on package cache
[INFO] running `Command { std: "docker" "create" "-v" "/var/lib/crater-agent-workspace/builds/worker-95/target:/opt/rustwide/target:rw,Z" "-v" "/var/lib/crater-agent-workspace/builds/worker-95/source:/opt/rustwide/workdir:ro,Z" "-v" "/var/lib/crater-agent-workspace/cargo-home:/opt/rustwide/cargo-home:ro,Z" "-v" "/var/lib/crater-agent-workspace/rustup-home:/opt/rustwide/rustup-home:ro,Z" "-e" "SOURCE_DIR=/opt/rustwide/workdir" "-e" "CARGO_TARGET_DIR=/opt/rustwide/target" "-e" "CARGO_HOME=/opt/rustwide/cargo-home" "-e" "RUSTUP_HOME=/opt/rustwide/rustup-home" "-w" "/opt/rustwide/workdir" "-m" "1610612736" "--user" "0:0" "--network" "none" "ghcr.io/rust-lang/crates-build-env/linux@sha256:a89201d6b5b9fd45c15d5952ece0a0129e7e80cb26ec023fd59cf09bc26f1604" "/opt/rustwide/cargo-home/bin/cargo" "+1.55.0" "metadata" "--no-deps" "--format-version=1", kill_on_drop: false }`
[INFO] [stdout] 6d538202e8282b4c6dfc404e5ec51535a1e51eb672db6e0e1616ea5133583bc1
[INFO] running `Command { std: "docker" "start" "-a" "6d538202e8282b4c6dfc404e5ec51535a1e51eb672db6e0e1616ea5133583bc1", kill_on_drop: false }`
[INFO] running `Command { std: "docker" "inspect" "6d538202e8282b4c6dfc404e5ec51535a1e51eb672db6e0e1616ea5133583bc1", kill_on_drop: false }`
[INFO] running `Command { std: "docker" "rm" "-f" "6d538202e8282b4c6dfc404e5ec51535a1e51eb672db6e0e1616ea5133583bc1", kill_on_drop: false }`
[INFO] [stdout] 6d538202e8282b4c6dfc404e5ec51535a1e51eb672db6e0e1616ea5133583bc1
[INFO] running `Command { std: "docker" "create" "-v" "/var/lib/crater-agent-workspace/builds/worker-95/target:/opt/rustwide/target:rw,Z" "-v" "/var/lib/crater-agent-workspace/builds/worker-95/source:/opt/rustwide/workdir:ro,Z" "-v" "/var/lib/crater-agent-workspace/cargo-home:/opt/rustwide/cargo-home:ro,Z" "-v" "/var/lib/crater-agent-workspace/rustup-home:/opt/rustwide/rustup-home:ro,Z" "-e" "SOURCE_DIR=/opt/rustwide/workdir" "-e" "CARGO_TARGET_DIR=/opt/rustwide/target" "-e" "CARGO_INCREMENTAL=0" "-e" "RUST_BACKTRACE=full" "-e" "RUSTFLAGS=--cap-lints=warn" "-e" "CARGO_HOME=/opt/rustwide/cargo-home" "-e" "RUSTUP_HOME=/opt/rustwide/rustup-home" "-w" "/opt/rustwide/workdir" "-m" "1610612736" "--user" "0:0" "--network" "none" "ghcr.io/rust-lang/crates-build-env/linux@sha256:a89201d6b5b9fd45c15d5952ece0a0129e7e80cb26ec023fd59cf09bc26f1604" "/opt/rustwide/cargo-home/bin/cargo" "+1.55.0" "check" "--frozen" "--all" "--all-targets" "--message-format=json", kill_on_drop: false }`
[INFO] [stdout] fd2bbc9d08448ef6e07e81f865bfaca4d18079b2ce0182aec0d04d03e6968760
[INFO] running `Command { std: "docker" "start" "-a" "fd2bbc9d08448ef6e07e81f865bfaca4d18079b2ce0182aec0d04d03e6968760", kill_on_drop: false }`
[INFO] [stderr]    Compiling syn v1.0.80
[INFO] [stderr]    Compiling memchr v2.4.1
[INFO] [stderr]    Compiling libc v0.2.103
[INFO] [stderr]    Compiling cc v1.0.71
[INFO] [stderr]    Compiling serde v1.0.130
[INFO] [stderr]     Checking gimli v0.25.0
[INFO] [stderr]    Compiling arrayvec v0.4.12
[INFO] [stderr]    Compiling failure_derive v0.1.8
[INFO] [stderr]    Compiling miniz_oxide v0.4.4
[INFO] [stderr]     Checking object v0.26.2
[INFO] [stderr]    Compiling backtrace v0.3.61
[INFO] [stderr]     Checking addr2line v0.16.0
[INFO] [stderr]    Compiling synstructure v0.12.6
[INFO] [stderr]     Checking serde_json v1.0.68
[INFO] [stderr]    Compiling serde_derive v1.0.130
[INFO] [stderr]     Checking failure v0.1.8
[INFO] [stderr]     Checking cn-stratum v0.4.1 (/opt/rustwide/workdir)
[INFO] [stdout] error: cannot find derive macro `Deserialize` in this scope
[INFO] [stdout]    --> src/hexbytes.rs:130:14
[INFO] [stdout]     |
[INFO] [stdout] 130 |     #[derive(Deserialize)]
[INFO] [stdout]     |              ^^^^^^^^^^^
[INFO] [stdout] 
[INFO] [stdout] 
[INFO] [stdout] error: cannot find attribute `serde` in this scope
[INFO] [stdout]    --> src/hexbytes.rs:131:25
[INFO] [stdout]     |
[INFO] [stdout] 131 |     struct Hex64leOut(#[serde(deserialize_with = "hex64le_to_int")] (u64, usize));
[INFO] [stdout]     |                         ^^^^^
[INFO] [stdout] 
[INFO] [stdout] 
[INFO] [stdout] warning: `...` range patterns are deprecated
[INFO] [stdout]   --> src/hexbytes.rs:11:12
[INFO] [stdout]    |
[INFO] [stdout] 11 |         0x0...0x9 => Ok(x + b'0'),
[INFO] [stdout]    |            ^^^ help: use `..=` for an inclusive range
[INFO] [stdout]    |
[INFO] [stdout]    = note: `#[warn(ellipsis_inclusive_range_patterns)]` on by default
[INFO] [stdout]    = warning: this is accepted in the current edition (Rust 2018) but is a hard error in Rust 2021!
[INFO] [stdout]    = note: for more information, see issue #80165 <https://github.com/rust-lang/rust/issues/80165>
[INFO] [stdout] 
[INFO] [stdout] 
[INFO] [stdout] warning: `...` range patterns are deprecated
[INFO] [stdout]   --> src/hexbytes.rs:12:12
[INFO] [stdout]    |
[INFO] [stdout] 12 |         0xa...0xf => Ok(x - 0xa + b'a'),
[INFO] [stdout]    |            ^^^ help: use `..=` for an inclusive range
[INFO] [stdout]    |
[INFO] [stdout]    = warning: this is accepted in the current edition (Rust 2018) but is a hard error in Rust 2021!
[INFO] [stdout]    = note: for more information, see issue #80165 <https://github.com/rust-lang/rust/issues/80165>
[INFO] [stdout] 
[INFO] [stdout] 
[INFO] [stdout] warning: `...` range patterns are deprecated
[INFO] [stdout]   --> src/hexbytes.rs:19:13
[INFO] [stdout]    |
[INFO] [stdout] 19 |         b'0'...b'9' => Ok(x - b'0'),
[INFO] [stdout]    |             ^^^ help: use `..=` for an inclusive range
[INFO] [stdout]    |
[INFO] [stdout]    = warning: this is accepted in the current edition (Rust 2018) but is a hard error in Rust 2021!
[INFO] [stdout]    = note: for more information, see issue #80165 <https://github.com/rust-lang/rust/issues/80165>
[INFO] [stdout] 
[INFO] [stdout] 
[INFO] [stdout] warning: `...` range patterns are deprecated
[INFO] [stdout]   --> src/hexbytes.rs:20:13
[INFO] [stdout]    |
[INFO] [stdout] 20 |         b'a'...b'f' => Ok(x - b'a' + 0xa),
[INFO] [stdout]    |             ^^^ help: use `..=` for an inclusive range
[INFO] [stdout]    |
[INFO] [stdout]    = warning: this is accepted in the current edition (Rust 2018) but is a hard error in Rust 2021!
[INFO] [stdout]    = note: for more information, see issue #80165 <https://github.com/rust-lang/rust/issues/80165>
[INFO] [stdout] 
[INFO] [stdout] 
[INFO] [stdout] warning: `...` range patterns are deprecated
[INFO] [stdout]   --> src/hexbytes.rs:11:12
[INFO] [stdout]    |
[INFO] [stdout] 11 |         0x0...0x9 => Ok(x + b'0'),
[INFO] [stdout]    |            ^^^ help: use `..=` for an inclusive range
[INFO] [stdout]    |
[INFO] [stdout]    = note: `#[warn(ellipsis_inclusive_range_patterns)]` on by default
[INFO] [stdout]    = warning: this is accepted in the current edition (Rust 2018) but is a hard error in Rust 2021!
[INFO] [stdout]    = note: for more information, see issue #80165 <https://github.com/rust-lang/rust/issues/80165>
[INFO] [stdout] 
[INFO] [stdout] 
[INFO] [stdout] warning: `...` range patterns are deprecated
[INFO] [stdout]   --> src/hexbytes.rs:12:12
[INFO] [stdout]    |
[INFO] [stdout] 12 |         0xa...0xf => Ok(x - 0xa + b'a'),
[INFO] [stdout]    |            ^^^ help: use `..=` for an inclusive range
[INFO] [stdout]    |
[INFO] [stdout]    = warning: this is accepted in the current edition (Rust 2018) but is a hard error in Rust 2021!
[INFO] [stdout]    = note: for more information, see issue #80165 <https://github.com/rust-lang/rust/issues/80165>
[INFO] [stdout] 
[INFO] [stdout] 
[INFO] [stdout] warning: `...` range patterns are deprecated
[INFO] [stdout]   --> src/hexbytes.rs:19:13
[INFO] [stdout]    |
[INFO] [stdout] 19 |         b'0'...b'9' => Ok(x - b'0'),
[INFO] [stdout]    |             ^^^ help: use `..=` for an inclusive range
[INFO] [stdout]    |
[INFO] [stdout]    = warning: this is accepted in the current edition (Rust 2018) but is a hard error in Rust 2021!
[INFO] [stdout]    = note: for more information, see issue #80165 <https://github.com/rust-lang/rust/issues/80165>
[INFO] [stdout] 
[INFO] [stdout] 
[INFO] [stdout] warning: `...` range patterns are deprecated
[INFO] [stdout]   --> src/hexbytes.rs:20:13
[INFO] [stdout]    |
[INFO] [stdout] 20 |         b'a'...b'f' => Ok(x - b'a' + 0xa),
[INFO] [stdout]    |             ^^^ help: use `..=` for an inclusive range
[INFO] [stdout]    |
[INFO] [stdout]    = warning: this is accepted in the current edition (Rust 2018) but is a hard error in Rust 2021!
[INFO] [stdout]    = note: for more information, see issue #80165 <https://github.com/rust-lang/rust/issues/80165>
[INFO] [stdout] 
[INFO] [stdout] 
[INFO] [stdout] warning: unused import: `super::*`
[INFO] [stdout]    --> src/hexbytes.rs:127:9
[INFO] [stdout]     |
[INFO] [stdout] 127 |     use super::*;
[INFO] [stdout]     |         ^^^^^^^^
[INFO] [stdout]     |
[INFO] [stdout]     = note: `#[warn(unused_imports)]` on by default
[INFO] [stdout] 
[INFO] [stdout] 
[INFO] [stdout] error[E0277]: the trait bound `Hex64leOut: Deserialize<'_>` is not satisfied
[INFO] [stdout]     --> src/hexbytes.rs:135:38
[INFO] [stdout]      |
[INFO] [stdout] 135  |         let Hex64leOut((val, len)) = serde_json::from_str("\"00\"").unwrap();
[INFO] [stdout]      |                                      ^^^^^^^^^^^^^^^^^^^^ the trait `Deserialize<'_>` is not implemented for `Hex64leOut`
[INFO] [stdout]      | 
[INFO] [stdout]     ::: /opt/rustwide/cargo-home/registry/src/github.com-1ecc6299db9ec823/serde_json-1.0.68/src/de.rs:2587:8
[INFO] [stdout]      |
[INFO] [stdout] 2587 |     T: de::Deserialize<'a>,
[INFO] [stdout]      |        ------------------- required by this bound in `serde_json::from_str`
[INFO] [stdout] 
[INFO] [stdout] 
[INFO] [stdout] error[E0277]: the trait bound `Hex64leOut: Deserialize<'_>` is not satisfied
[INFO] [stdout]     --> src/hexbytes.rs:142:38
[INFO] [stdout]      |
[INFO] [stdout] 142  |         let Hex64leOut((val, len)) = serde_json::from_str("\"000102\"").unwrap();
[INFO] [stdout]      |                                      ^^^^^^^^^^^^^^^^^^^^ the trait `Deserialize<'_>` is not implemented for `Hex64leOut`
[INFO] [stdout]      | 
[INFO] [stdout]     ::: /opt/rustwide/cargo-home/registry/src/github.com-1ecc6299db9ec823/serde_json-1.0.68/src/de.rs:2587:8
[INFO] [stdout]      |
[INFO] [stdout] 2587 |     T: de::Deserialize<'a>,
[INFO] [stdout]      |        ------------------- required by this bound in `serde_json::from_str`
[INFO] [stdout] 
[INFO] [stdout] 
[INFO] [stdout] error[E0277]: the trait bound `Hex64leOut: Deserialize<'_>` is not satisfied
[INFO] [stdout]     --> src/hexbytes.rs:149:38
[INFO] [stdout]      |
[INFO] [stdout] 149  |         let Hex64leOut((val, len)) = serde_json::from_str("\"1020304050607080\"").unwrap();
[INFO] [stdout]      |                                      ^^^^^^^^^^^^^^^^^^^^ the trait `Deserialize<'_>` is not implemented for `Hex64leOut`
[INFO] [stdout]      | 
[INFO] [stdout]     ::: /opt/rustwide/cargo-home/registry/src/github.com-1ecc6299db9ec823/serde_json-1.0.68/src/de.rs:2587:8
[INFO] [stdout]      |
[INFO] [stdout] 2587 |     T: de::Deserialize<'a>,
[INFO] [stdout]      |        ------------------- required by this bound in `serde_json::from_str`
[INFO] [stdout] 
[INFO] [stdout] 
[INFO] [stdout] error: aborting due to 5 previous errors; 5 warnings emitted
[INFO] [stdout] 
[INFO] [stdout] 
[INFO] [stdout] For more information about this error, try `rustc --explain E0277`.
[INFO] [stdout] 
[INFO] [stderr] error: could not compile `cn-stratum` due to 6 previous errors; 5 warnings emitted
[INFO] [stderr] warning: build failed, waiting for other jobs to finish...
[INFO] [stdout] warning: 4 warnings emitted
[INFO] [stdout] 
[INFO] [stdout] 
[INFO] [stderr] error: build failed
[INFO] running `Command { std: "docker" "inspect" "fd2bbc9d08448ef6e07e81f865bfaca4d18079b2ce0182aec0d04d03e6968760", kill_on_drop: false }`
[INFO] running `Command { std: "docker" "rm" "-f" "fd2bbc9d08448ef6e07e81f865bfaca4d18079b2ce0182aec0d04d03e6968760", kill_on_drop: false }`
[INFO] [stdout] fd2bbc9d08448ef6e07e81f865bfaca4d18079b2ce0182aec0d04d03e6968760
