[INFO] fetching crate ckb-verification 0.100.0...
[INFO] checking ckb-verification-0.100.0 against beta-2021-10-15 for beta-1.56-3
[INFO] extracting crate ckb-verification 0.100.0 into /workspace/builds/worker-36/source
[INFO] validating manifest of crates.io crate ckb-verification 0.100.0 on toolchain beta-2021-10-15
[INFO] running `Command { std: "/workspace/cargo-home/bin/cargo" "+beta-2021-10-15" "metadata" "--manifest-path" "Cargo.toml" "--no-deps", kill_on_drop: false }`
[INFO] started tweaking crates.io crate ckb-verification 0.100.0
[INFO] finished tweaking crates.io crate ckb-verification 0.100.0
[INFO] tweaked toml for crates.io crate ckb-verification 0.100.0 written to /workspace/builds/worker-36/source/Cargo.toml
[INFO] running `Command { std: "/workspace/cargo-home/bin/cargo" "+beta-2021-10-15" "generate-lockfile" "--manifest-path" "Cargo.toml" "-Zno-index-update", kill_on_drop: false }`
[INFO] [stderr]     Blocking waiting for file lock on package cache
[INFO] running `Command { std: "/workspace/cargo-home/bin/cargo" "+beta-2021-10-15" "fetch" "--manifest-path" "Cargo.toml", kill_on_drop: false }`
[INFO] [stderr]     Blocking waiting for file lock on package cache
[INFO] [stderr]     Blocking waiting for file lock on package cache
[INFO] running `Command { std: "docker" "create" "-v" "/var/lib/crater-agent-workspace/builds/worker-36/target:/opt/rustwide/target:rw,Z" "-v" "/var/lib/crater-agent-workspace/builds/worker-36/source:/opt/rustwide/workdir:ro,Z" "-v" "/var/lib/crater-agent-workspace/cargo-home:/opt/rustwide/cargo-home:ro,Z" "-v" "/var/lib/crater-agent-workspace/rustup-home:/opt/rustwide/rustup-home:ro,Z" "-e" "SOURCE_DIR=/opt/rustwide/workdir" "-e" "CARGO_TARGET_DIR=/opt/rustwide/target" "-e" "CARGO_HOME=/opt/rustwide/cargo-home" "-e" "RUSTUP_HOME=/opt/rustwide/rustup-home" "-w" "/opt/rustwide/workdir" "-m" "1610612736" "--user" "0:0" "--network" "none" "ghcr.io/rust-lang/crates-build-env/linux@sha256:a89201d6b5b9fd45c15d5952ece0a0129e7e80cb26ec023fd59cf09bc26f1604" "/opt/rustwide/cargo-home/bin/cargo" "+beta-2021-10-15" "metadata" "--no-deps" "--format-version=1", kill_on_drop: false }`
[INFO] [stdout] c77923d859b514d4af46697019e701c46b47dca7efb8a0ea7c30f7ee39e22547
[INFO] running `Command { std: "docker" "start" "-a" "c77923d859b514d4af46697019e701c46b47dca7efb8a0ea7c30f7ee39e22547", kill_on_drop: false }`
[INFO] running `Command { std: "docker" "inspect" "c77923d859b514d4af46697019e701c46b47dca7efb8a0ea7c30f7ee39e22547", kill_on_drop: false }`
[INFO] running `Command { std: "docker" "rm" "-f" "c77923d859b514d4af46697019e701c46b47dca7efb8a0ea7c30f7ee39e22547", kill_on_drop: false }`
[INFO] [stdout] c77923d859b514d4af46697019e701c46b47dca7efb8a0ea7c30f7ee39e22547
[INFO] running `Command { std: "docker" "create" "-v" "/var/lib/crater-agent-workspace/builds/worker-36/target:/opt/rustwide/target:rw,Z" "-v" "/var/lib/crater-agent-workspace/builds/worker-36/source:/opt/rustwide/workdir:ro,Z" "-v" "/var/lib/crater-agent-workspace/cargo-home:/opt/rustwide/cargo-home:ro,Z" "-v" "/var/lib/crater-agent-workspace/rustup-home:/opt/rustwide/rustup-home:ro,Z" "-e" "SOURCE_DIR=/opt/rustwide/workdir" "-e" "CARGO_TARGET_DIR=/opt/rustwide/target" "-e" "CARGO_INCREMENTAL=0" "-e" "RUST_BACKTRACE=full" "-e" "RUSTFLAGS=--cap-lints=warn" "-e" "CARGO_HOME=/opt/rustwide/cargo-home" "-e" "RUSTUP_HOME=/opt/rustwide/rustup-home" "-w" "/opt/rustwide/workdir" "-m" "1610612736" "--user" "0:0" "--network" "none" "ghcr.io/rust-lang/crates-build-env/linux@sha256:a89201d6b5b9fd45c15d5952ece0a0129e7e80cb26ec023fd59cf09bc26f1604" "/opt/rustwide/cargo-home/bin/cargo" "+beta-2021-10-15" "check" "--frozen" "--all" "--all-targets" "--message-format=json", kill_on_drop: false }`
[INFO] [stdout] b5f2a55235a1c7e5927bb16afa40e3faab0fe8de3ca36627c7145831f8fd650a
[INFO] running `Command { std: "docker" "start" "-a" "b5f2a55235a1c7e5927bb16afa40e3faab0fe8de3ca36627c7145831f8fd650a", kill_on_drop: false }`
[INFO] [stderr]     Blocking waiting for file lock on package cache
[INFO] [stderr]    Compiling syn v1.0.80
[INFO] [stderr]    Compiling serde v1.0.130
[INFO] [stderr]    Compiling getrandom v0.1.16
[INFO] [stderr]    Compiling cfg-if v1.0.0
[INFO] [stderr]    Compiling ppv-lite86 v0.2.14
[INFO] [stderr]    Compiling heapsize v0.4.2
[INFO] [stderr]    Compiling faster-hex v0.6.1
[INFO] [stderr]    Compiling crossbeam-utils v0.8.5
[INFO] [stderr]    Compiling anyhow v1.0.44
[INFO] [stderr]    Compiling convert_case v0.4.0
[INFO] [stderr]    Compiling siphasher v0.3.7
[INFO] [stderr]    Compiling adler v1.0.2
[INFO] [stderr]    Compiling same-file v1.0.6
[INFO] [stderr]    Compiling lazy_static v1.4.0
[INFO] [stderr]     Checking bit-vec v0.5.1
[INFO] [stderr]    Compiling cfg-if v0.1.10
[INFO] [stderr]    Compiling futures-core v0.3.17
[INFO] [stderr]    Compiling once_cell v1.8.0
[INFO] [stderr]    Compiling bitflags v1.3.2
[INFO] [stderr]    Compiling futures-task v0.3.17
[INFO] [stderr]    Compiling futures-channel v0.3.17
[INFO] [stderr]     Checking futures-sink v0.3.17
[INFO] [stderr]     Checking futures-io v0.3.17
[INFO] [stderr]     Checking pin-project-lite v0.2.7
[INFO] [stderr]     Checking itoa v0.4.8
[INFO] [stderr]     Checking plain v0.2.3
[INFO] [stderr]     Checking eaglesong v0.1.0
[INFO] [stderr]     Checking ckb-constant v0.100.0
[INFO] [stderr]    Compiling ckb-script v0.100.0
[INFO] [stderr]     Checking remove_dir_all v0.5.3
[INFO] [stderr]     Checking ckb-vm-definitions v0.20.0-rc6
[INFO] [stderr]    Compiling blake2b-rs v0.1.5
[INFO] [stderr]     Checking merkle-cbt v0.3.0
[INFO] [stderr]    Compiling futures-macro v0.3.17
[INFO] [stderr]    Compiling secp256k1-sys v0.3.0
[INFO] [stderr]    Compiling futures-util v0.3.17
[INFO] [stderr]    Compiling ckb-vm v0.20.0-rc6
[INFO] [stderr]    Compiling libc v0.2.103
[INFO] [stderr]    Compiling ahash v0.7.6
[INFO] [stderr]     Checking getrandom v0.2.3
[INFO] [stderr]     Checking mapr v0.8.0
[INFO] [stderr]     Checking ckb-logger v0.100.0
[INFO] [stderr]     Checking flate2 v1.0.22
[INFO] [stderr]     Checking dashmap v4.0.2
[INFO] [stderr]    Compiling crc32fast v1.2.1
[INFO] [stderr]     Checking phf_shared v0.8.0
[INFO] [stderr]    Compiling walkdir v2.3.2
[INFO] [stderr]    Compiling miniz_oxide v0.4.4
[INFO] [stderr]     Checking rand_core v0.6.3
[INFO] [stderr]    Compiling phf v0.8.0
[INFO] [stderr]     Checking rand_chacha v0.3.1
[INFO] [stderr]     Checking hashbrown v0.11.2
[INFO] [stderr]     Checking secp256k1 v0.19.0
[INFO] [stderr]     Checking rand v0.8.4
[INFO] [stderr]     Checking rand_core v0.5.1
[INFO] [stderr]     Checking crossbeam-channel v0.5.1
[INFO] [stderr]    Compiling ckb-hash v0.100.0
[INFO] [stderr]    Compiling serde_derive v1.0.130
[INFO] [stderr]    Compiling thiserror-impl v1.0.30
[INFO] [stderr]    Compiling numext-constructor v0.1.6
[INFO] [stderr]    Compiling derive_more v0.99.16
[INFO] [stderr]    Compiling scroll_derive v0.10.5
[INFO] [stderr]    Compiling includedir v0.6.0
[INFO] [stderr]    Compiling rand_chacha v0.2.2
[INFO] [stderr]    Compiling rand_pcg v0.2.1
[INFO] [stderr]     Checking lru v0.6.6
[INFO] [stderr]     Checking ckb-channel v0.100.0
[INFO] [stderr]     Checking tempfile v3.2.0
[INFO] [stderr]    Compiling rand v0.7.3
[INFO] [stderr]     Checking faketime v0.2.1
[INFO] [stderr]    Compiling phf_generator v0.8.0
[INFO] [stderr]     Checking scroll v0.10.2
[INFO] [stderr]    Compiling phf_codegen v0.8.0
[INFO] [stderr]    Compiling includedir_codegen v0.6.0
[INFO] [stderr]     Checking goblin v0.2.3
[INFO] [stderr]     Checking goblin v0.4.0
[INFO] [stderr]    Compiling thiserror v1.0.30
[INFO] [stderr]    Compiling ckb-system-scripts v0.5.3
[INFO] [stderr]     Checking futures-executor v0.3.17
[INFO] [stderr]     Checking futures v0.3.17
[INFO] [stderr]     Checking opentelemetry v0.15.0
[INFO] [stderr]     Checking ckb-metrics v0.100.0
[INFO] [stderr]     Checking ckb-occupied-capacity-core v0.100.0
[INFO] [stderr]     Checking ckb-fixed-hash-core v0.100.0
[INFO] [stderr]     Checking numext-fixed-uint-core v0.1.6
[INFO] [stderr]     Checking bytes v1.1.0
[INFO] [stderr]     Checking serde_json v1.0.68
[INFO] [stderr]     Checking toml v0.5.8
[INFO] [stderr]     Checking molecule v0.7.2
[INFO] [stderr]    Compiling ckb-occupied-capacity-macros v0.100.0
[INFO] [stderr]    Compiling ckb-fixed-hash-macros v0.100.0
[INFO] [stderr]     Checking ckb-occupied-capacity v0.100.0
[INFO] [stderr]    Compiling ckb-error v0.100.0
[INFO] [stderr]     Checking ckb-fixed-hash v0.100.0
[INFO] [stderr]     Checking ckb-crypto v0.100.0
[INFO] [stderr]     Checking ckb-verification-traits v0.100.0
[INFO] [stderr]    Compiling numext-fixed-uint-hack v0.1.6
[INFO] [stderr]     Checking numext-fixed-uint v0.1.6
[INFO] [stderr]    Compiling ckb-rational v0.100.0
[INFO] [stderr]     Checking ckb-types v0.100.0
[INFO] [stderr]     Checking ckb-traits v0.100.0
[INFO] [stderr]     Checking ckb-jsonrpc-types v0.100.0
[INFO] [stderr]     Checking ckb-pow v0.100.0
[INFO] [stderr]     Checking ckb-dao-utils v0.100.0
[INFO] [stderr]    Compiling ckb-resource v0.100.0
[INFO] [stderr]     Checking ckb-chain-spec v0.100.0
[INFO] [stderr]     Checking ckb-dao v0.100.0
[INFO] [stderr]     Checking ckb-verification v0.100.0 (/opt/rustwide/workdir)
[INFO] [stdout] error[E0432]: unresolved import `ckb_test_chain_utils`
[INFO] [stdout]  --> src/tests/header_verifier.rs:9:5
[INFO] [stdout]   |
[INFO] [stdout] 9 | use ckb_test_chain_utils::{MockMedianTime, MOCK_MEDIAN_TIME_COUNT};
[INFO] [stdout]   |     ^^^^^^^^^^^^^^^^^^^^ use of undeclared crate or module `ckb_test_chain_utils`
[INFO] [stdout] 
[INFO] [stdout] 
[INFO] [stdout] error[E0432]: unresolved import `ckb_test_chain_utils`
[INFO] [stdout]  --> src/tests/transaction_verifier.rs:9:5
[INFO] [stdout]   |
[INFO] [stdout] 9 | use ckb_test_chain_utils::{MockMedianTime, MOCK_MEDIAN_TIME_COUNT};
[INFO] [stdout]   |     ^^^^^^^^^^^^^^^^^^^^ use of undeclared crate or module `ckb_test_chain_utils`
[INFO] [stdout] 
[INFO] [stdout] 
[INFO] [stdout] error[E0432]: unresolved import `ckb_resource`
[INFO] [stdout]   --> src/tests/genesis_verifier.rs:57:9
[INFO] [stdout]    |
[INFO] [stdout] 57 |     use ckb_resource::{Resource, AVAILABLE_SPECS};
[INFO] [stdout]    |         ^^^^^^^^^^^^ use of undeclared crate or module `ckb_resource`
[INFO] [stdout] 
[INFO] [stdout] 
[INFO] [stdout] error[E0599]: no method named `as_ref` found for struct `Arc<_>` in the current scope
[INFO] [stdout]    --> src/tests/transaction_verifier.rs:404:38
[INFO] [stdout]     |
[INFO] [stdout] 404 |             .parent_hash(parent_hash.as_ref().to_owned())
[INFO] [stdout]     |                                      ^^^^^^ method not found in `Arc<_>`
[INFO] [stdout]     |
[INFO] [stdout]     = note: `parent_hash` is a function, perhaps you wish to call it
[INFO] [stdout] 
[INFO] [stdout] 
[INFO] [stdout] error[E0599]: no method named `as_ref` found for struct `Arc<_>` in the current scope
[INFO] [stdout]    --> src/tests/transaction_verifier.rs:515:38
[INFO] [stdout]     |
[INFO] [stdout] 515 |             .parent_hash(parent_hash.as_ref().to_owned())
[INFO] [stdout]     |                                      ^^^^^^ method not found in `Arc<_>`
[INFO] [stdout]     |
[INFO] [stdout]     = note: `parent_hash` is a function, perhaps you wish to call it
[INFO] [stdout] 
[INFO] [stdout] 
[INFO] [stdout] error[E0599]: no method named `as_ref` found for struct `Arc<_>` in the current scope
[INFO] [stdout]    --> src/tests/transaction_verifier.rs:527:38
[INFO] [stdout]     |
[INFO] [stdout] 527 |             .parent_hash(parent_hash.as_ref().to_owned())
[INFO] [stdout]     |                                      ^^^^^^ method not found in `Arc<_>`
[INFO] [stdout]     |
[INFO] [stdout]     = note: `parent_hash` is a function, perhaps you wish to call it
[INFO] [stdout] 
[INFO] [stdout] 
[INFO] [stdout] error[E0599]: no method named `as_ref` found for struct `Arc<_>` in the current scope
[INFO] [stdout]    --> src/tests/transaction_verifier.rs:552:38
[INFO] [stdout]     |
[INFO] [stdout] 552 |             .parent_hash(parent_hash.as_ref().to_owned())
[INFO] [stdout]     |                                      ^^^^^^ method not found in `Arc<_>`
[INFO] [stdout]     |
[INFO] [stdout]     = note: `parent_hash` is a function, perhaps you wish to call it
[INFO] [stdout] 
[INFO] [stdout] 
[INFO] [stderr] error: could not compile `ckb-verification` due to 8 previous errors
[INFO] [stdout] error: aborting due to 7 previous errors
[INFO] [stdout] 
[INFO] [stdout] 
[INFO] [stdout] Some errors have detailed explanations: E0432, E0599.
[INFO] [stdout] 
[INFO] [stdout] For more information about an error, try `rustc --explain E0432`.
[INFO] [stdout] 
[INFO] [stderr] warning: build failed, waiting for other jobs to finish...
[INFO] [stderr] error: build failed
[INFO] running `Command { std: "docker" "inspect" "b5f2a55235a1c7e5927bb16afa40e3faab0fe8de3ca36627c7145831f8fd650a", kill_on_drop: false }`
[INFO] running `Command { std: "docker" "rm" "-f" "b5f2a55235a1c7e5927bb16afa40e3faab0fe8de3ca36627c7145831f8fd650a", kill_on_drop: false }`
[INFO] [stdout] b5f2a55235a1c7e5927bb16afa40e3faab0fe8de3ca36627c7145831f8fd650a
