[INFO] fetching crate ckb-rational 0.100.0...
[INFO] checking ckb-rational-0.100.0 against beta-2021-10-15 for beta-1.56-3
[INFO] extracting crate ckb-rational 0.100.0 into /workspace/builds/worker-88/source
[INFO] validating manifest of crates.io crate ckb-rational 0.100.0 on toolchain beta-2021-10-15
[INFO] running `Command { std: "/workspace/cargo-home/bin/cargo" "+beta-2021-10-15" "metadata" "--manifest-path" "Cargo.toml" "--no-deps", kill_on_drop: false }`
[INFO] started tweaking crates.io crate ckb-rational 0.100.0
[INFO] finished tweaking crates.io crate ckb-rational 0.100.0
[INFO] tweaked toml for crates.io crate ckb-rational 0.100.0 written to /workspace/builds/worker-88/source/Cargo.toml
[INFO] running `Command { std: "/workspace/cargo-home/bin/cargo" "+beta-2021-10-15" "generate-lockfile" "--manifest-path" "Cargo.toml" "-Zno-index-update", kill_on_drop: false }`
[INFO] [stderr]     Blocking waiting for file lock on package cache
[INFO] running `Command { std: "/workspace/cargo-home/bin/cargo" "+beta-2021-10-15" "fetch" "--manifest-path" "Cargo.toml", kill_on_drop: false }`
[INFO] [stderr]     Blocking waiting for file lock on package cache
[INFO] [stderr]     Blocking waiting for file lock on package cache
[INFO] running `Command { std: "docker" "create" "-v" "/var/lib/crater-agent-workspace/builds/worker-88/target:/opt/rustwide/target:rw,Z" "-v" "/var/lib/crater-agent-workspace/builds/worker-88/source:/opt/rustwide/workdir:ro,Z" "-v" "/var/lib/crater-agent-workspace/cargo-home:/opt/rustwide/cargo-home:ro,Z" "-v" "/var/lib/crater-agent-workspace/rustup-home:/opt/rustwide/rustup-home:ro,Z" "-e" "SOURCE_DIR=/opt/rustwide/workdir" "-e" "CARGO_TARGET_DIR=/opt/rustwide/target" "-e" "CARGO_HOME=/opt/rustwide/cargo-home" "-e" "RUSTUP_HOME=/opt/rustwide/rustup-home" "-w" "/opt/rustwide/workdir" "-m" "1610612736" "--user" "0:0" "--network" "none" "ghcr.io/rust-lang/crates-build-env/linux@sha256:a89201d6b5b9fd45c15d5952ece0a0129e7e80cb26ec023fd59cf09bc26f1604" "/opt/rustwide/cargo-home/bin/cargo" "+beta-2021-10-15" "metadata" "--no-deps" "--format-version=1", kill_on_drop: false }`
[INFO] [stdout] ec399ea6ddb764cfc8e4087407d539e1c6dee98800075250400c26f1da59840d
[INFO] running `Command { std: "docker" "start" "-a" "ec399ea6ddb764cfc8e4087407d539e1c6dee98800075250400c26f1da59840d", kill_on_drop: false }`
[INFO] running `Command { std: "docker" "inspect" "ec399ea6ddb764cfc8e4087407d539e1c6dee98800075250400c26f1da59840d", kill_on_drop: false }`
[INFO] running `Command { std: "docker" "rm" "-f" "ec399ea6ddb764cfc8e4087407d539e1c6dee98800075250400c26f1da59840d", kill_on_drop: false }`
[INFO] [stdout] ec399ea6ddb764cfc8e4087407d539e1c6dee98800075250400c26f1da59840d
[INFO] running `Command { std: "docker" "create" "-v" "/var/lib/crater-agent-workspace/builds/worker-88/target:/opt/rustwide/target:rw,Z" "-v" "/var/lib/crater-agent-workspace/builds/worker-88/source:/opt/rustwide/workdir:ro,Z" "-v" "/var/lib/crater-agent-workspace/cargo-home:/opt/rustwide/cargo-home:ro,Z" "-v" "/var/lib/crater-agent-workspace/rustup-home:/opt/rustwide/rustup-home:ro,Z" "-e" "SOURCE_DIR=/opt/rustwide/workdir" "-e" "CARGO_TARGET_DIR=/opt/rustwide/target" "-e" "CARGO_INCREMENTAL=0" "-e" "RUST_BACKTRACE=full" "-e" "RUSTFLAGS=--cap-lints=warn" "-e" "CARGO_HOME=/opt/rustwide/cargo-home" "-e" "RUSTUP_HOME=/opt/rustwide/rustup-home" "-w" "/opt/rustwide/workdir" "-m" "1610612736" "--user" "0:0" "--network" "none" "ghcr.io/rust-lang/crates-build-env/linux@sha256:a89201d6b5b9fd45c15d5952ece0a0129e7e80cb26ec023fd59cf09bc26f1604" "/opt/rustwide/cargo-home/bin/cargo" "+beta-2021-10-15" "check" "--frozen" "--all" "--all-targets" "--message-format=json", kill_on_drop: false }`
[INFO] [stdout] 8700227f6416f31065d829c831e85b5fe426f49d46cc58b6bb294c1b1a21f823
[INFO] running `Command { std: "docker" "start" "-a" "8700227f6416f31065d829c831e85b5fe426f49d46cc58b6bb294c1b1a21f823", kill_on_drop: false }`
[INFO] [stderr]     Blocking waiting for file lock on package cache
[INFO] [stderr]    Compiling libc v0.2.103
[INFO] [stderr]    Compiling getrandom v0.1.16
[INFO] [stderr]    Compiling syn v1.0.80
[INFO] [stderr]    Compiling heapsize v0.4.2
[INFO] [stderr]    Compiling ppv-lite86 v0.2.14
[INFO] [stderr]    Compiling rand_core v0.5.1
[INFO] [stderr]    Compiling rand_chacha v0.2.2
[INFO] [stderr]    Compiling rand v0.7.3
[INFO] [stderr]    Compiling thiserror-impl v1.0.30
[INFO] [stderr]    Compiling numext-constructor v0.1.6
[INFO] [stderr]    Compiling serde_derive v1.0.130
[INFO] [stderr]    Compiling thiserror v1.0.30
[INFO] [stderr]     Checking serde v1.0.130
[INFO] [stderr]    Compiling numext-fixed-uint-core v0.1.6
[INFO] [stderr]    Compiling numext-fixed-uint-hack v0.1.6
[INFO] [stderr]     Checking numext-fixed-uint v0.1.6
[INFO] [stderr]     Checking ckb-rational v0.100.0 (/opt/rustwide/workdir)
[INFO] [stdout] error[E0433]: failed to resolve: use of undeclared crate or module `proptest`
[INFO] [stdout]  --> src/tests.rs:4:5
[INFO] [stdout]   |
[INFO] [stdout] 4 | use proptest::prelude::*;
[INFO] [stdout]   |     ^^^^^^^^ use of undeclared crate or module `proptest`
[INFO] [stdout] 
[INFO] [stdout] 
[INFO] [stdout] error[E0433]: failed to resolve: use of undeclared crate or module `proptest`
[INFO] [stdout]  --> src/tests.rs:3:5
[INFO] [stdout]   |
[INFO] [stdout] 3 | use proptest::arbitrary::Arbitrary;
[INFO] [stdout]   |     ^^^^^^^^ use of undeclared crate or module `proptest`
[INFO] [stdout] 
[INFO] [stdout] 
[INFO] [stdout] error[E0433]: failed to resolve: use of undeclared crate or module `proptest`
[INFO] [stdout]  --> src/tests.rs:5:5
[INFO] [stdout]   |
[INFO] [stdout] 5 | use proptest::strategy::{NewTree, Strategy, ValueTree};
[INFO] [stdout]   |     ^^^^^^^^ use of undeclared crate or module `proptest`
[INFO] [stdout] 
[INFO] [stdout] 
[INFO] [stdout] error[E0433]: failed to resolve: use of undeclared crate or module `proptest`
[INFO] [stdout]  --> src/tests.rs:6:5
[INFO] [stdout]   |
[INFO] [stdout] 6 | use proptest::test_runner::{TestRng, TestRunner};
[INFO] [stdout]   |     ^^^^^^^^ use of undeclared crate or module `proptest`
[INFO] [stdout] 
[INFO] [stdout] 
[INFO] [stdout] error[E0432]: unresolved imports `proptest::arbitrary::Arbitrary`, `proptest::strategy::NewTree`, `proptest::strategy::Strategy`, `proptest::strategy::ValueTree`, `proptest::test_runner::TestRng`, `proptest::test_runner::TestRunner`
[INFO] [stdout]  --> src/tests.rs:3:5
[INFO] [stdout]   |
[INFO] [stdout] 3 | use proptest::arbitrary::Arbitrary;
[INFO] [stdout]   |     ^^^^^^^^^^^^^^^^^^^^^^^^^^^^^^
[INFO] [stdout] 4 | use proptest::prelude::*;
[INFO] [stdout] 5 | use proptest::strategy::{NewTree, Strategy, ValueTree};
[INFO] [stdout]   |                          ^^^^^^^  ^^^^^^^^  ^^^^^^^^^
[INFO] [stdout] 6 | use proptest::test_runner::{TestRng, TestRunner};
[INFO] [stdout]   |                             ^^^^^^^  ^^^^^^^^^^
[INFO] [stdout] 
[INFO] [stdout] 
[INFO] [stdout] error: cannot find macro `proptest` in this scope
[INFO] [stdout]    --> src/tests.rs:214:1
[INFO] [stdout]     |
[INFO] [stdout] 214 | proptest! {
[INFO] [stdout]     | ^^^^^^^^
[INFO] [stdout] 
[INFO] [stdout] 
[INFO] [stdout] error: cannot find macro `proptest` in this scope
[INFO] [stdout]    --> src/tests.rs:234:1
[INFO] [stdout]     |
[INFO] [stdout] 234 | proptest! {
[INFO] [stdout]     | ^^^^^^^^
[INFO] [stdout] 
[INFO] [stdout] 
[INFO] [stdout] error: cannot find macro `proptest` in this scope
[INFO] [stdout]    --> src/tests.rs:254:1
[INFO] [stdout]     |
[INFO] [stdout] 254 | proptest! {
[INFO] [stdout]     | ^^^^^^^^
[INFO] [stdout] 
[INFO] [stdout] 
[INFO] [stdout] error: cannot find macro `proptest` in this scope
[INFO] [stdout]    --> src/tests.rs:274:1
[INFO] [stdout]     |
[INFO] [stdout] 274 | proptest! {
[INFO] [stdout]     | ^^^^^^^^
[INFO] [stdout] 
[INFO] [stdout] 
[INFO] [stdout] error: cannot find macro `proptest` in this scope
[INFO] [stdout]    --> src/tests.rs:297:1
[INFO] [stdout]     |
[INFO] [stdout] 297 | proptest! {
[INFO] [stdout]     | ^^^^^^^^
[INFO] [stdout] 
[INFO] [stdout] 
[INFO] [stdout] error[E0412]: cannot find type `TestRng` in this scope
[INFO] [stdout]   --> src/tests.rs:14:30
[INFO] [stdout]    |
[INFO] [stdout] 14 |     pub fn nonzero(rng: &mut TestRng) -> Self {
[INFO] [stdout]    |                              ^^^^^^^ not found in this scope
[INFO] [stdout] 
[INFO] [stdout] 
[INFO] [stdout] error[E0412]: cannot find type `TestRunner` in this scope
[INFO] [stdout]   --> src/tests.rs:66:29
[INFO] [stdout]    |
[INFO] [stdout] 66 |     pub fn new(runner: &mut TestRunner) -> Self {
[INFO] [stdout]    |                             ^^^^^^^^^^ not found in this scope
[INFO] [stdout] 
[INFO] [stdout] 
[INFO] [stdout] error[E0405]: cannot find trait `ValueTree` in this scope
[INFO] [stdout]   --> src/tests.rs:79:6
[INFO] [stdout]    |
[INFO] [stdout] 79 | impl ValueTree for U256LeBytesValueTree {
[INFO] [stdout]    |      ^^^^^^^^^ not found in this scope
[INFO] [stdout] 
[INFO] [stdout] 
[INFO] [stdout] error[E0405]: cannot find trait `Strategy` in this scope
[INFO] [stdout]    --> src/tests.rs:115:6
[INFO] [stdout]     |
[INFO] [stdout] 115 | impl Strategy for U256LeBytesStrategy {
[INFO] [stdout]     |      ^^^^^^^^ not found in this scope
[INFO] [stdout] 
[INFO] [stdout] 
[INFO] [stdout] error[E0412]: cannot find type `TestRunner` in this scope
[INFO] [stdout]    --> src/tests.rs:119:37
[INFO] [stdout]     |
[INFO] [stdout] 119 |     fn new_tree(&self, runner: &mut TestRunner) -> NewTree<Self> {
[INFO] [stdout]     |                                     ^^^^^^^^^^ not found in this scope
[INFO] [stdout] 
[INFO] [stdout] 
[INFO] [stdout] error[E0412]: cannot find type `NewTree` in this scope
[INFO] [stdout]    --> src/tests.rs:119:52
[INFO] [stdout]     |
[INFO] [stdout] 119 |     fn new_tree(&self, runner: &mut TestRunner) -> NewTree<Self> {
[INFO] [stdout]     |                                                    ^^^^^^^ not found in this scope
[INFO] [stdout] 
[INFO] [stdout] 
[INFO] [stdout] error[E0405]: cannot find trait `Arbitrary` in this scope
[INFO] [stdout]    --> src/tests.rs:127:6
[INFO] [stdout]     |
[INFO] [stdout] 127 | impl Arbitrary for U256LeBytes {
[INFO] [stdout]     |      ^^^^^^^^^ not found in this scope
[INFO] [stdout] 
[INFO] [stdout] 
[INFO] [stdout] error: aborting due to 17 previous errors
[INFO] [stdout] 
[INFO] [stdout] 
[INFO] [stdout] Some errors have detailed explanations: E0405, E0412, E0432, E0433.
[INFO] [stdout] 
[INFO] [stdout] For more information about an error, try `rustc --explain E0405`.
[INFO] [stdout] 
[INFO] [stderr] error: could not compile `ckb-rational` due to 18 previous errors
[INFO] [stderr] warning: build failed, waiting for other jobs to finish...
[INFO] [stderr] error: build failed
[INFO] running `Command { std: "docker" "inspect" "8700227f6416f31065d829c831e85b5fe426f49d46cc58b6bb294c1b1a21f823", kill_on_drop: false }`
[INFO] running `Command { std: "docker" "rm" "-f" "8700227f6416f31065d829c831e85b5fe426f49d46cc58b6bb294c1b1a21f823", kill_on_drop: false }`
[INFO] [stdout] 8700227f6416f31065d829c831e85b5fe426f49d46cc58b6bb294c1b1a21f823
