[INFO] fetching crate ckb-logger-service 0.100.0...
[INFO] checking ckb-logger-service-0.100.0 against 1.55.0 for beta-1.56-3
[INFO] extracting crate ckb-logger-service 0.100.0 into /workspace/builds/worker-81/source
[INFO] validating manifest of crates.io crate ckb-logger-service 0.100.0 on toolchain 1.55.0
[INFO] running `Command { std: "/workspace/cargo-home/bin/cargo" "+1.55.0" "metadata" "--manifest-path" "Cargo.toml" "--no-deps", kill_on_drop: false }`
[INFO] started tweaking crates.io crate ckb-logger-service 0.100.0
[INFO] finished tweaking crates.io crate ckb-logger-service 0.100.0
[INFO] tweaked toml for crates.io crate ckb-logger-service 0.100.0 written to /workspace/builds/worker-81/source/Cargo.toml
[INFO] running `Command { std: "/workspace/cargo-home/bin/cargo" "+1.55.0" "generate-lockfile" "--manifest-path" "Cargo.toml" "-Zno-index-update", kill_on_drop: false }`
[INFO] [stderr]     Blocking waiting for file lock on package cache
[INFO] running `Command { std: "/workspace/cargo-home/bin/cargo" "+1.55.0" "fetch" "--manifest-path" "Cargo.toml", kill_on_drop: false }`
[INFO] [stderr]     Blocking waiting for file lock on package cache
[INFO] [stderr]     Blocking waiting for file lock on package cache
[INFO] running `Command { std: "docker" "create" "-v" "/var/lib/crater-agent-workspace/builds/worker-81/target:/opt/rustwide/target:rw,Z" "-v" "/var/lib/crater-agent-workspace/builds/worker-81/source:/opt/rustwide/workdir:ro,Z" "-v" "/var/lib/crater-agent-workspace/cargo-home:/opt/rustwide/cargo-home:ro,Z" "-v" "/var/lib/crater-agent-workspace/rustup-home:/opt/rustwide/rustup-home:ro,Z" "-e" "SOURCE_DIR=/opt/rustwide/workdir" "-e" "CARGO_TARGET_DIR=/opt/rustwide/target" "-e" "CARGO_HOME=/opt/rustwide/cargo-home" "-e" "RUSTUP_HOME=/opt/rustwide/rustup-home" "-w" "/opt/rustwide/workdir" "-m" "1610612736" "--user" "0:0" "--network" "none" "ghcr.io/rust-lang/crates-build-env/linux@sha256:a89201d6b5b9fd45c15d5952ece0a0129e7e80cb26ec023fd59cf09bc26f1604" "/opt/rustwide/cargo-home/bin/cargo" "+1.55.0" "metadata" "--no-deps" "--format-version=1", kill_on_drop: false }`
[INFO] [stdout] 03d2d08cf3d468a01c1ec9b6bf43a5405ac25b5405f0153cf2a16a25dc094896
[INFO] running `Command { std: "docker" "start" "-a" "03d2d08cf3d468a01c1ec9b6bf43a5405ac25b5405f0153cf2a16a25dc094896", kill_on_drop: false }`
[INFO] running `Command { std: "docker" "inspect" "03d2d08cf3d468a01c1ec9b6bf43a5405ac25b5405f0153cf2a16a25dc094896", kill_on_drop: false }`
[INFO] running `Command { std: "docker" "rm" "-f" "03d2d08cf3d468a01c1ec9b6bf43a5405ac25b5405f0153cf2a16a25dc094896", kill_on_drop: false }`
[INFO] [stdout] 03d2d08cf3d468a01c1ec9b6bf43a5405ac25b5405f0153cf2a16a25dc094896
[INFO] running `Command { std: "docker" "create" "-v" "/var/lib/crater-agent-workspace/builds/worker-81/target:/opt/rustwide/target:rw,Z" "-v" "/var/lib/crater-agent-workspace/builds/worker-81/source:/opt/rustwide/workdir:ro,Z" "-v" "/var/lib/crater-agent-workspace/cargo-home:/opt/rustwide/cargo-home:ro,Z" "-v" "/var/lib/crater-agent-workspace/rustup-home:/opt/rustwide/rustup-home:ro,Z" "-e" "SOURCE_DIR=/opt/rustwide/workdir" "-e" "CARGO_TARGET_DIR=/opt/rustwide/target" "-e" "CARGO_INCREMENTAL=0" "-e" "RUST_BACKTRACE=full" "-e" "RUSTFLAGS=--cap-lints=warn" "-e" "CARGO_HOME=/opt/rustwide/cargo-home" "-e" "RUSTUP_HOME=/opt/rustwide/rustup-home" "-w" "/opt/rustwide/workdir" "-m" "1610612736" "--user" "0:0" "--network" "none" "ghcr.io/rust-lang/crates-build-env/linux@sha256:a89201d6b5b9fd45c15d5952ece0a0129e7e80cb26ec023fd59cf09bc26f1604" "/opt/rustwide/cargo-home/bin/cargo" "+1.55.0" "check" "--frozen" "--all" "--all-targets" "--message-format=json", kill_on_drop: false }`
[INFO] [stdout] 0329701c68ee7de1cecc6c8c366f55d8591fad416c5deaf8ffd2823af56862da
[INFO] running `Command { std: "docker" "start" "-a" "0329701c68ee7de1cecc6c8c366f55d8591fad416c5deaf8ffd2823af56862da", kill_on_drop: false }`
[INFO] [stderr]     Checking termcolor v1.1.2
[INFO] [stderr]    Compiling parking_lot_core v0.8.5
[INFO] [stderr]     Checking object v0.26.2
[INFO] [stderr]     Checking time v0.1.43
[INFO] [stderr]     Checking ckb-channel v0.100.0
[INFO] [stderr]    Compiling serde_derive v1.0.130
[INFO] [stderr]     Checking parking_lot v0.11.2
[INFO] [stderr]     Checking env_logger v0.6.2
[INFO] [stderr]     Checking chrono v0.4.19
[INFO] [stderr]     Checking ckb-util v0.100.0
[INFO] [stderr]     Checking backtrace v0.3.61
[INFO] [stderr]     Checking serde v1.0.130
[INFO] [stderr]     Checking ckb-logger-config v0.100.0
[INFO] [stderr]     Checking ckb-logger-service v0.100.0 (/opt/rustwide/workdir)
[INFO] [stdout] error[E0432]: unresolved import `ckb_logger`
[INFO] [stdout]  --> tests/utils/mod.rs:9:5
[INFO] [stdout]   |
[INFO] [stdout] 9 | use ckb_logger::Level;
[INFO] [stdout]   |     ^^^^^^^^^^ use of undeclared crate or module `ckb_logger`
[INFO] [stdout] 
[INFO] [stdout] 
[INFO] [stdout] error[E0432]: unresolved import `tempfile`
[INFO] [stdout]   --> tests/utils/mod.rs:11:5
[INFO] [stdout]    |
[INFO] [stdout] 11 | use tempfile::TempDir;
[INFO] [stdout]    |     ^^^^^^^^ use of undeclared crate or module `tempfile`
[INFO] [stdout] 
[INFO] [stdout] 
[INFO] [stdout] error[E0433]: failed to resolve: use of undeclared crate or module `ckb_logger`
[INFO] [stdout]    --> tests/utils/mod.rs:103:5
[INFO] [stdout]     |
[INFO] [stdout] 103 |     ckb_logger::error!("{}", log_message);
[INFO] [stdout]     |     ^^^^^^^^^^ use of undeclared crate or module `ckb_logger`
[INFO] [stdout] 
[INFO] [stdout] 
[INFO] [stdout] error[E0433]: failed to resolve: use of undeclared crate or module `ckb_logger`
[INFO] [stdout]    --> tests/utils/mod.rs:104:5
[INFO] [stdout]     |
[INFO] [stdout] 104 |     ckb_logger::warn!("{}", log_message);
[INFO] [stdout]     |     ^^^^^^^^^^ use of undeclared crate or module `ckb_logger`
[INFO] [stdout] 
[INFO] [stdout] 
[INFO] [stdout] error[E0433]: failed to resolve: use of undeclared crate or module `ckb_logger`
[INFO] [stdout]    --> tests/utils/mod.rs:105:5
[INFO] [stdout]     |
[INFO] [stdout] 105 |     ckb_logger::info!("{}", log_message);
[INFO] [stdout]     |     ^^^^^^^^^^ use of undeclared crate or module `ckb_logger`
[INFO] [stdout] 
[INFO] [stdout] 
[INFO] [stdout] error[E0433]: failed to resolve: use of undeclared crate or module `ckb_logger`
[INFO] [stdout]    --> tests/utils/mod.rs:106:5
[INFO] [stdout]     |
[INFO] [stdout] 106 |     ckb_logger::debug!("{}", log_message);
[INFO] [stdout]     |     ^^^^^^^^^^ use of undeclared crate or module `ckb_logger`
[INFO] [stdout] 
[INFO] [stdout] 
[INFO] [stdout] error[E0433]: failed to resolve: use of undeclared crate or module `ckb_logger`
[INFO] [stdout]    --> tests/utils/mod.rs:107:5
[INFO] [stdout]     |
[INFO] [stdout] 107 |     ckb_logger::trace!("{}", log_message);
[INFO] [stdout]     |     ^^^^^^^^^^ use of undeclared crate or module `ckb_logger`
[INFO] [stdout] 
[INFO] [stdout] 
[INFO] [stdout] error[E0433]: failed to resolve: use of undeclared crate or module `ckb_logger`
[INFO] [stdout]    --> tests/utils/mod.rs:139:9
[INFO] [stdout]     |
[INFO] [stdout] 139 |         ckb_logger::error!("{}", line_content);
[INFO] [stdout]     |         ^^^^^^^^^^ use of undeclared crate or module `ckb_logger`
[INFO] [stdout] 
[INFO] [stdout] 
[INFO] [stdout] error[E0432]: unresolved import `ckb_logger`
[INFO] [stdout]  --> tests/utils/mod.rs:9:5
[INFO] [stdout]   |
[INFO] [stdout] 9 | use ckb_logger::Level;
[INFO] [stdout]   |     ^^^^^^^^^^ use of undeclared crate or module `ckb_logger`
[INFO] [stdout] 
[INFO] [stdout] 
[INFO] [stdout] error[E0432]: unresolved import `tempfile`
[INFO] [stdout]   --> tests/utils/mod.rs:11:5
[INFO] [stdout]    |
[INFO] [stdout] 11 | use tempfile::TempDir;
[INFO] [stdout]    |     ^^^^^^^^ use of undeclared crate or module `tempfile`
[INFO] [stdout] 
[INFO] [stdout] 
[INFO] [stdout] error[E0433]: failed to resolve: use of undeclared crate or module `ckb_logger`
[INFO] [stdout]    --> tests/utils/mod.rs:103:5
[INFO] [stdout]     |
[INFO] [stdout] 103 |     ckb_logger::error!("{}", log_message);
[INFO] [stdout]     |     ^^^^^^^^^^ use of undeclared crate or module `ckb_logger`
[INFO] [stdout] 
[INFO] [stdout] 
[INFO] [stdout] error[E0433]: failed to resolve: use of undeclared crate or module `ckb_logger`
[INFO] [stdout]    --> tests/utils/mod.rs:104:5
[INFO] [stdout]     |
[INFO] [stdout] 104 |     ckb_logger::warn!("{}", log_message);
[INFO] [stdout]     |     ^^^^^^^^^^ use of undeclared crate or module `ckb_logger`
[INFO] [stdout] 
[INFO] [stdout] 
[INFO] [stdout] error[E0433]: failed to resolve: use of undeclared crate or module `ckb_logger`
[INFO] [stdout]    --> tests/utils/mod.rs:105:5
[INFO] [stdout]     |
[INFO] [stdout] 105 |     ckb_logger::info!("{}", log_message);
[INFO] [stdout]     |     ^^^^^^^^^^ use of undeclared crate or module `ckb_logger`
[INFO] [stdout] 
[INFO] [stdout] 
[INFO] [stdout] error[E0433]: failed to resolve: use of undeclared crate or module `ckb_logger`
[INFO] [stdout]    --> tests/utils/mod.rs:106:5
[INFO] [stdout]     |
[INFO] [stdout] 106 |     ckb_logger::debug!("{}", log_message);
[INFO] [stdout]     |     ^^^^^^^^^^ use of undeclared crate or module `ckb_logger`
[INFO] [stdout] 
[INFO] [stdout] 
[INFO] [stdout] error[E0433]: failed to resolve: use of undeclared crate or module `ckb_logger`
[INFO] [stdout]    --> tests/utils/mod.rs:107:5
[INFO] [stdout]     |
[INFO] [stdout] 107 |     ckb_logger::trace!("{}", log_message);
[INFO] [stdout]     |     ^^^^^^^^^^ use of undeclared crate or module `ckb_logger`
[INFO] [stdout] 
[INFO] [stdout] 
[INFO] [stdout] error[E0433]: failed to resolve: use of undeclared crate or module `ckb_logger`
[INFO] [stdout]    --> tests/utils/mod.rs:139:9
[INFO] [stdout]     |
[INFO] [stdout] 139 |         ckb_logger::error!("{}", line_content);
[INFO] [stdout]     |         ^^^^^^^^^^ use of undeclared crate or module `ckb_logger`
[INFO] [stdout] 
[INFO] [stdout] 
[INFO] [stdout] error[E0433]: failed to resolve: use of undeclared crate or module `tempfile`
[INFO] [stdout]   --> tests/utils/mod.rs:89:29
[INFO] [stdout]    |
[INFO] [stdout] 89 |     let tmp_dir = tempfile::Builder::new().tempdir().unwrap();
[INFO] [stdout]    |                             ^^^^^^^ not found in `tempfile`
[INFO] [stdout]    |
[INFO] [stdout] help: consider importing one of these items
[INFO] [stdout]    |
[INFO] [stdout] 3  | use env_logger::Builder;
[INFO] [stdout]    |
[INFO] [stdout] 3  | use env_logger::filter::Builder;
[INFO] [stdout]    |
[INFO] [stdout] 3  | use std::thread::Builder;
[INFO] [stdout]    |
[INFO] [stdout] 
[INFO] [stdout] 
[INFO] [stdout] error[E0433]: failed to resolve: use of undeclared crate or module `tempfile`
[INFO] [stdout]   --> tests/utils/mod.rs:89:29
[INFO] [stdout]    |
[INFO] [stdout] 89 |     let tmp_dir = tempfile::Builder::new().tempdir().unwrap();
[INFO] [stdout]    |                             ^^^^^^^ not found in `tempfile`
[INFO] [stdout]    |
[INFO] [stdout] help: consider importing one of these items
[INFO] [stdout]    |
[INFO] [stdout] 3  | use env_logger::Builder;
[INFO] [stdout]    |
[INFO] [stdout] 3  | use env_logger::filter::Builder;
[INFO] [stdout]    |
[INFO] [stdout] 3  | use std::thread::Builder;
[INFO] [stdout]    |
[INFO] [stdout] 
[INFO] [stdout] 
[INFO] [stdout] error[E0432]: unresolved import `ckb_logger`
[INFO] [stdout]  --> tests/extra_loggers.rs:1:5
[INFO] [stdout]   |
[INFO] [stdout] 1 | use ckb_logger::Level;
[INFO] [stdout]   |     ^^^^^^^^^^ use of undeclared crate or module `ckb_logger`
[INFO] [stdout] 
[INFO] [stdout] 
[INFO] [stdout] error[E0432]: unresolved import `ckb_logger`
[INFO] [stdout]  --> tests/utils/mod.rs:9:5
[INFO] [stdout]   |
[INFO] [stdout] 9 | use ckb_logger::Level;
[INFO] [stdout]   |     ^^^^^^^^^^ use of undeclared crate or module `ckb_logger`
[INFO] [stdout] 
[INFO] [stdout] 
[INFO] [stdout] error[E0432]: unresolved import `tempfile`
[INFO] [stdout]   --> tests/utils/mod.rs:11:5
[INFO] [stdout]    |
[INFO] [stdout] 11 | use tempfile::TempDir;
[INFO] [stdout]    |     ^^^^^^^^ use of undeclared crate or module `tempfile`
[INFO] [stdout] 
[INFO] [stdout] 
[INFO] [stdout] error[E0433]: failed to resolve: use of undeclared crate or module `ckb_logger`
[INFO] [stdout]    --> tests/utils/mod.rs:103:5
[INFO] [stdout]     |
[INFO] [stdout] 103 |     ckb_logger::error!("{}", log_message);
[INFO] [stdout]     |     ^^^^^^^^^^ use of undeclared crate or module `ckb_logger`
[INFO] [stdout] 
[INFO] [stdout] 
[INFO] [stdout] error[E0433]: failed to resolve: use of undeclared crate or module `ckb_logger`
[INFO] [stdout]    --> tests/utils/mod.rs:104:5
[INFO] [stdout]     |
[INFO] [stdout] 104 |     ckb_logger::warn!("{}", log_message);
[INFO] [stdout]     |     ^^^^^^^^^^ use of undeclared crate or module `ckb_logger`
[INFO] [stdout] 
[INFO] [stdout] 
[INFO] [stdout] error[E0433]: failed to resolve: use of undeclared crate or module `ckb_logger`
[INFO] [stdout]    --> tests/utils/mod.rs:105:5
[INFO] [stdout]     |
[INFO] [stdout] 105 |     ckb_logger::info!("{}", log_message);
[INFO] [stdout]     |     ^^^^^^^^^^ use of undeclared crate or module `ckb_logger`
[INFO] [stdout] 
[INFO] [stdout] 
[INFO] [stdout] error[E0433]: failed to resolve: use of undeclared crate or module `ckb_logger`
[INFO] [stdout]    --> tests/utils/mod.rs:106:5
[INFO] [stdout]     |
[INFO] [stdout] 106 |     ckb_logger::debug!("{}", log_message);
[INFO] [stdout]     |     ^^^^^^^^^^ use of undeclared crate or module `ckb_logger`
[INFO] [stdout] 
[INFO] [stdout] 
[INFO] [stdout] error[E0432]: unresolved import `ckb_logger`
[INFO] [stdout]  --> tests/has_panic_info.rs:1:5
[INFO] [stdout]   |
[INFO] [stdout] 1 | use ckb_logger::Level;
[INFO] [stdout]   |     ^^^^^^^^^^ use of undeclared crate or module `ckb_logger`
[INFO] [stdout] 
[INFO] [stdout] 
[INFO] [stdout] error[E0433]: failed to resolve: use of undeclared crate or module `ckb_logger`
[INFO] [stdout]    --> tests/utils/mod.rs:107:5
[INFO] [stdout]     |
[INFO] [stdout] 107 |     ckb_logger::trace!("{}", log_message);
[INFO] [stdout]     |     ^^^^^^^^^^ use of undeclared crate or module `ckb_logger`
[INFO] [stdout] 
[INFO] [stdout] 
[INFO] [stdout] error[E0432]: unresolved import `ckb_logger`
[INFO] [stdout]  --> tests/utils/mod.rs:9:5
[INFO] [stdout]   |
[INFO] [stdout] 9 | use ckb_logger::Level;
[INFO] [stdout]   |     ^^^^^^^^^^ use of undeclared crate or module `ckb_logger`
[INFO] [stdout] 
[INFO] [stdout] 
[INFO] [stdout] error[E0433]: failed to resolve: use of undeclared crate or module `ckb_logger`
[INFO] [stdout]    --> tests/utils/mod.rs:139:9
[INFO] [stdout]     |
[INFO] [stdout] 139 |         ckb_logger::error!("{}", line_content);
[INFO] [stdout]     |         ^^^^^^^^^^ use of undeclared crate or module `ckb_logger`
[INFO] [stdout] 
[INFO] [stdout] 
[INFO] [stdout] error[E0432]: unresolved import `tempfile`
[INFO] [stdout]   --> tests/utils/mod.rs:11:5
[INFO] [stdout]    |
[INFO] [stdout] 11 | use tempfile::TempDir;
[INFO] [stdout]    |     ^^^^^^^^ use of undeclared crate or module `tempfile`
[INFO] [stdout] 
[INFO] [stdout] 
[INFO] [stdout] error: aborting due to 9 previous errors
[INFO] [stdout] 
[INFO] [stdout] 
[INFO] [stdout] error[E0433]: failed to resolve: use of undeclared crate or module `ckb_logger`
[INFO] [stdout]    --> tests/utils/mod.rs:103:5
[INFO] [stdout]     |
[INFO] [stdout] 103 |     ckb_logger::error!("{}", log_message);
[INFO] [stdout]     |     ^^^^^^^^^^ use of undeclared crate or module `ckb_logger`
[INFO] [stdout] 
[INFO] [stdout] 
[INFO] [stdout] Some errors have detailed explanations: E0432, E0433.
[INFO] [stdout] 
[INFO] [stdout] error[E0433]: failed to resolve: use of undeclared crate or module `ckb_logger`
[INFO] [stdout]    --> tests/utils/mod.rs:104:5
[INFO] [stdout]     |
[INFO] [stdout] 104 |     ckb_logger::warn!("{}", log_message);
[INFO] [stdout]     |     ^^^^^^^^^^ use of undeclared crate or module `ckb_logger`
[INFO] [stdout] 
[INFO] [stdout] 
[INFO] [stdout] For more information about an error, try `rustc --explain E0432`.
[INFO] [stdout] 
[INFO] [stdout] error[E0433]: failed to resolve: use of undeclared crate or module `ckb_logger`
[INFO] [stdout]    --> tests/utils/mod.rs:105:5
[INFO] [stdout]     |
[INFO] [stdout] 105 |     ckb_logger::info!("{}", log_message);
[INFO] [stdout]     |     ^^^^^^^^^^ use of undeclared crate or module `ckb_logger`
[INFO] [stdout] 
[INFO] [stdout] 
[INFO] [stdout] error[E0433]: failed to resolve: use of undeclared crate or module `ckb_logger`
[INFO] [stdout]    --> tests/utils/mod.rs:106:5
[INFO] [stdout]     |
[INFO] [stdout] 106 |     ckb_logger::debug!("{}", log_message);
[INFO] [stdout]     |     ^^^^^^^^^^ use of undeclared crate or module `ckb_logger`
[INFO] [stdout] 
[INFO] [stdout] 
[INFO] [stdout] error[E0433]: failed to resolve: use of undeclared crate or module `ckb_logger`
[INFO] [stdout]    --> tests/utils/mod.rs:107:5
[INFO] [stdout]     |
[INFO] [stdout] 107 |     ckb_logger::trace!("{}", log_message);
[INFO] [stdout]     |     ^^^^^^^^^^ use of undeclared crate or module `ckb_logger`
[INFO] [stdout] 
[INFO] [stdout] 
[INFO] [stdout] error[E0433]: failed to resolve: use of undeclared crate or module `ckb_logger`
[INFO] [stdout]    --> tests/utils/mod.rs:139:9
[INFO] [stdout]     |
[INFO] [stdout] 139 |         ckb_logger::error!("{}", line_content);
[INFO] [stdout]     |         ^^^^^^^^^^ use of undeclared crate or module `ckb_logger`
[INFO] [stdout] 
[INFO] [stdout] 
[INFO] [stdout] error[E0433]: failed to resolve: use of undeclared crate or module `ckb_logger`
[INFO] [stdout]   --> tests/has_panic_info.rs:22:9
[INFO] [stdout]    |
[INFO] [stdout] 22 |         ckb_logger::error!("{}", line_content);
[INFO] [stdout]    |         ^^^^^^^^^^ use of undeclared crate or module `ckb_logger`
[INFO] [stdout] 
[INFO] [stdout] 
[INFO] [stdout] error[E0433]: failed to resolve: use of undeclared crate or module `tempfile`
[INFO] [stdout]   --> tests/utils/mod.rs:89:29
[INFO] [stdout]    |
[INFO] [stdout] 89 |     let tmp_dir = tempfile::Builder::new().tempdir().unwrap();
[INFO] [stdout]    |                             ^^^^^^^ not found in `tempfile`
[INFO] [stdout]    |
[INFO] [stdout] help: consider importing one of these items
[INFO] [stdout]    |
[INFO] [stdout] 3  | use env_logger::Builder;
[INFO] [stdout]    |
[INFO] [stdout] 3  | use env_logger::filter::Builder;
[INFO] [stdout]    |
[INFO] [stdout] 3  | use std::thread::Builder;
[INFO] [stdout]    |
[INFO] [stdout] 
[INFO] [stdout] 
[INFO] [stderr] error: could not compile `ckb-logger-service` due to 10 previous errors
[INFO] [stderr] warning: build failed, waiting for other jobs to finish...
[INFO] [stdout] error[E0433]: failed to resolve: use of undeclared crate or module `tempfile`
[INFO] [stdout]   --> tests/utils/mod.rs:89:29
[INFO] [stdout]    |
[INFO] [stdout] 89 |     let tmp_dir = tempfile::Builder::new().tempdir().unwrap();
[INFO] [stdout]    |                             ^^^^^^^ not found in `tempfile`
[INFO] [stdout]    |
[INFO] [stdout] help: consider importing one of these items
[INFO] [stdout]    |
[INFO] [stdout] 3  | use env_logger::Builder;
[INFO] [stdout]    |
[INFO] [stdout] 3  | use env_logger::filter::Builder;
[INFO] [stdout]    |
[INFO] [stdout] 3  | use std::thread::Builder;
[INFO] [stdout]    |
[INFO] [stdout] 
[INFO] [stdout] 
[INFO] [stdout] error: aborting due to 9 previous errors
[INFO] [stdout] 
[INFO] [stdout] 
[INFO] [stdout] Some errors have detailed explanations: E0432, E0433.
[INFO] [stdout] 
[INFO] [stdout] For more information about an error, try `rustc --explain E0432`.
[INFO] [stdout] 
[INFO] [stdout] error: aborting due to 10 previous errors
[INFO] [stdout] 
[INFO] [stdout] 
[INFO] [stdout] Some errors have detailed explanations: E0432, E0433.
[INFO] [stdout] 
[INFO] [stdout] For more information about an error, try `rustc --explain E0432`.
[INFO] [stdout] 
[INFO] [stdout] error[E0432]: unresolved import `ckb_logger`
[INFO] [stdout]  --> tests/utils/mod.rs:9:5
[INFO] [stdout]   |
[INFO] [stdout] 9 | use ckb_logger::Level;
[INFO] [stdout]   |     ^^^^^^^^^^ use of undeclared crate or module `ckb_logger`
[INFO] [stdout] 
[INFO] [stdout] 
[INFO] [stdout] error[E0432]: unresolved import `tempfile`
[INFO] [stdout]   --> tests/utils/mod.rs:11:5
[INFO] [stdout]    |
[INFO] [stdout] 11 | use tempfile::TempDir;
[INFO] [stdout]    |     ^^^^^^^^ use of undeclared crate or module `tempfile`
[INFO] [stdout] 
[INFO] [stdout] 
[INFO] [stdout] error[E0433]: failed to resolve: use of undeclared crate or module `ckb_logger`
[INFO] [stdout]    --> tests/utils/mod.rs:103:5
[INFO] [stdout]     |
[INFO] [stdout] 103 |     ckb_logger::error!("{}", log_message);
[INFO] [stdout]     |     ^^^^^^^^^^ use of undeclared crate or module `ckb_logger`
[INFO] [stdout] 
[INFO] [stdout] 
[INFO] [stdout] error[E0433]: failed to resolve: use of undeclared crate or module `ckb_logger`
[INFO] [stdout]    --> tests/utils/mod.rs:104:5
[INFO] [stdout]     |
[INFO] [stdout] 104 |     ckb_logger::warn!("{}", log_message);
[INFO] [stdout]     |     ^^^^^^^^^^ use of undeclared crate or module `ckb_logger`
[INFO] [stdout] 
[INFO] [stdout] 
[INFO] [stdout] error[E0433]: failed to resolve: use of undeclared crate or module `ckb_logger`
[INFO] [stdout]    --> tests/utils/mod.rs:105:5
[INFO] [stdout]     |
[INFO] [stdout] 105 |     ckb_logger::info!("{}", log_message);
[INFO] [stdout]     |     ^^^^^^^^^^ use of undeclared crate or module `ckb_logger`
[INFO] [stdout] 
[INFO] [stdout] 
[INFO] [stdout] error[E0433]: failed to resolve: use of undeclared crate or module `ckb_logger`
[INFO] [stdout]    --> tests/utils/mod.rs:106:5
[INFO] [stdout]     |
[INFO] [stdout] 106 |     ckb_logger::debug!("{}", log_message);
[INFO] [stdout]     |     ^^^^^^^^^^ use of undeclared crate or module `ckb_logger`
[INFO] [stdout] 
[INFO] [stdout] 
[INFO] [stdout] error[E0433]: failed to resolve: use of undeclared crate or module `ckb_logger`
[INFO] [stdout]    --> tests/utils/mod.rs:107:5
[INFO] [stdout]     |
[INFO] [stdout] 107 |     ckb_logger::trace!("{}", log_message);
[INFO] [stdout]     |     ^^^^^^^^^^ use of undeclared crate or module `ckb_logger`
[INFO] [stdout] 
[INFO] [stdout] 
[INFO] [stdout] error[E0433]: failed to resolve: use of undeclared crate or module `ckb_logger`
[INFO] [stdout]    --> tests/utils/mod.rs:139:9
[INFO] [stdout]     |
[INFO] [stdout] 139 |         ckb_logger::error!("{}", line_content);
[INFO] [stdout]     |         ^^^^^^^^^^ use of undeclared crate or module `ckb_logger`
[INFO] [stdout] 
[INFO] [stdout] 
[INFO] [stdout] error[E0432]: unresolved import `ckb_logger`
[INFO] [stdout]  --> tests/update_main_logger.rs:1:5
[INFO] [stdout]   |
[INFO] [stdout] 1 | use ckb_logger::Level;
[INFO] [stdout]   |     ^^^^^^^^^^ use of undeclared crate or module `ckb_logger`
[INFO] [stdout] 
[INFO] [stdout] 
[INFO] [stdout] error: aborting due to 11 previous errors
[INFO] [stdout] 
[INFO] [stdout] 
[INFO] [stdout] Some errors have detailed explanations: E0432, E0433.
[INFO] [stdout] 
[INFO] [stdout] For more information about an error, try `rustc --explain E0432`.
[INFO] [stdout] 
[INFO] [stdout] error[E0432]: unresolved import `ckb_logger`
[INFO] [stdout]  --> tests/utils/mod.rs:9:5
[INFO] [stdout]   |
[INFO] [stdout] 9 | use ckb_logger::Level;
[INFO] [stdout]   |     ^^^^^^^^^^ use of undeclared crate or module `ckb_logger`
[INFO] [stdout] 
[INFO] [stdout] 
[INFO] [stdout] error[E0432]: unresolved import `tempfile`
[INFO] [stdout]   --> tests/utils/mod.rs:11:5
[INFO] [stdout]    |
[INFO] [stdout] 11 | use tempfile::TempDir;
[INFO] [stdout]    |     ^^^^^^^^ use of undeclared crate or module `tempfile`
[INFO] [stdout] 
[INFO] [stdout] 
[INFO] [stdout] error[E0433]: failed to resolve: use of undeclared crate or module `ckb_logger`
[INFO] [stdout]    --> tests/utils/mod.rs:103:5
[INFO] [stdout]     |
[INFO] [stdout] 103 |     ckb_logger::error!("{}", log_message);
[INFO] [stdout]     |     ^^^^^^^^^^ use of undeclared crate or module `ckb_logger`
[INFO] [stdout] 
[INFO] [stdout] 
[INFO] [stdout] error[E0433]: failed to resolve: use of undeclared crate or module `ckb_logger`
[INFO] [stdout]    --> tests/utils/mod.rs:104:5
[INFO] [stdout]     |
[INFO] [stdout] 104 |     ckb_logger::warn!("{}", log_message);
[INFO] [stdout]     |     ^^^^^^^^^^ use of undeclared crate or module `ckb_logger`
[INFO] [stdout] 
[INFO] [stdout] 
[INFO] [stdout] error[E0433]: failed to resolve: use of undeclared crate or module `ckb_logger`
[INFO] [stdout]    --> tests/utils/mod.rs:105:5
[INFO] [stdout]     |
[INFO] [stdout] 105 |     ckb_logger::info!("{}", log_message);
[INFO] [stdout]     |     ^^^^^^^^^^ use of undeclared crate or module `ckb_logger`
[INFO] [stdout] 
[INFO] [stdout] 
[INFO] [stdout] error[E0433]: failed to resolve: use of undeclared crate or module `ckb_logger`
[INFO] [stdout]    --> tests/utils/mod.rs:106:5
[INFO] [stdout]     |
[INFO] [stdout] 106 |     ckb_logger::debug!("{}", log_message);
[INFO] [stdout]     |     ^^^^^^^^^^ use of undeclared crate or module `ckb_logger`
[INFO] [stdout] 
[INFO] [stdout] 
[INFO] [stdout] error[E0433]: failed to resolve: use of undeclared crate or module `ckb_logger`
[INFO] [stdout]    --> tests/utils/mod.rs:107:5
[INFO] [stdout]     |
[INFO] [stdout] 107 |     ckb_logger::trace!("{}", log_message);
[INFO] [stdout]     |     ^^^^^^^^^^ use of undeclared crate or module `ckb_logger`
[INFO] [stdout] 
[INFO] [stdout] 
[INFO] [stdout] error[E0433]: failed to resolve: use of undeclared crate or module `ckb_logger`
[INFO] [stdout]    --> tests/utils/mod.rs:139:9
[INFO] [stdout]     |
[INFO] [stdout] 139 |         ckb_logger::error!("{}", line_content);
[INFO] [stdout]     |         ^^^^^^^^^^ use of undeclared crate or module `ckb_logger`
[INFO] [stdout] 
[INFO] [stdout] 
[INFO] [stdout] error[E0433]: failed to resolve: use of undeclared crate or module `tempfile`
[INFO] [stdout]   --> tests/utils/mod.rs:89:29
[INFO] [stdout]    |
[INFO] [stdout] 89 |     let tmp_dir = tempfile::Builder::new().tempdir().unwrap();
[INFO] [stdout]    |                             ^^^^^^^ not found in `tempfile`
[INFO] [stdout]    |
[INFO] [stdout] help: consider importing one of these items
[INFO] [stdout]    |
[INFO] [stdout] 3  | use env_logger::Builder;
[INFO] [stdout]    |
[INFO] [stdout] 3  | use env_logger::filter::Builder;
[INFO] [stdout]    |
[INFO] [stdout] 3  | use std::thread::Builder;
[INFO] [stdout]    |
[INFO] [stdout] 
[INFO] [stdout] 
[INFO] [stdout] error[E0432]: unresolved import `ckb_logger`
[INFO] [stdout]  --> tests/env_filter.rs:1:5
[INFO] [stdout]   |
[INFO] [stdout] 1 | use ckb_logger::Level;
[INFO] [stdout]   |     ^^^^^^^^^^ use of undeclared crate or module `ckb_logger`
[INFO] [stdout] 
[INFO] [stdout] 
[INFO] [stdout] error[E0432]: unresolved import `ckb_logger`
[INFO] [stdout]  --> tests/utils/mod.rs:9:5
[INFO] [stdout]   |
[INFO] [stdout] 9 | use ckb_logger::Level;
[INFO] [stdout]   |     ^^^^^^^^^^ use of undeclared crate or module `ckb_logger`
[INFO] [stdout] 
[INFO] [stdout] 
[INFO] [stdout] error[E0432]: unresolved import `tempfile`
[INFO] [stdout]   --> tests/utils/mod.rs:11:5
[INFO] [stdout]    |
[INFO] [stdout] 11 | use tempfile::TempDir;
[INFO] [stdout]    |     ^^^^^^^^ use of undeclared crate or module `tempfile`
[INFO] [stdout] 
[INFO] [stdout] 
[INFO] [stdout] error[E0433]: failed to resolve: use of undeclared crate or module `ckb_logger`
[INFO] [stdout]    --> tests/utils/mod.rs:103:5
[INFO] [stdout]     |
[INFO] [stdout] 103 |     ckb_logger::error!("{}", log_message);
[INFO] [stdout]     |     ^^^^^^^^^^ use of undeclared crate or module `ckb_logger`
[INFO] [stdout] 
[INFO] [stdout] 
[INFO] [stdout] error[E0433]: failed to resolve: use of undeclared crate or module `ckb_logger`
[INFO] [stdout]    --> tests/utils/mod.rs:104:5
[INFO] [stdout]     |
[INFO] [stdout] 104 |     ckb_logger::warn!("{}", log_message);
[INFO] [stdout]     |     ^^^^^^^^^^ use of undeclared crate or module `ckb_logger`
[INFO] [stdout] 
[INFO] [stdout] 
[INFO] [stdout] error[E0433]: failed to resolve: use of undeclared crate or module `ckb_logger`
[INFO] [stdout]    --> tests/utils/mod.rs:105:5
[INFO] [stdout]     |
[INFO] [stdout] 105 |     ckb_logger::info!("{}", log_message);
[INFO] [stdout]     |     ^^^^^^^^^^ use of undeclared crate or module `ckb_logger`
[INFO] [stdout] 
[INFO] [stdout] 
[INFO] [stdout] error[E0433]: failed to resolve: use of undeclared crate or module `ckb_logger`
[INFO] [stdout]    --> tests/utils/mod.rs:106:5
[INFO] [stdout]     |
[INFO] [stdout] 106 |     ckb_logger::debug!("{}", log_message);
[INFO] [stdout]     |     ^^^^^^^^^^ use of undeclared crate or module `ckb_logger`
[INFO] [stdout] 
[INFO] [stdout] 
[INFO] [stdout] error[E0433]: failed to resolve: use of undeclared crate or module `ckb_logger`
[INFO] [stdout]    --> tests/utils/mod.rs:107:5
[INFO] [stdout]     |
[INFO] [stdout] 107 |     ckb_logger::trace!("{}", log_message);
[INFO] [stdout]     |     ^^^^^^^^^^ use of undeclared crate or module `ckb_logger`
[INFO] [stdout] 
[INFO] [stdout] 
[INFO] [stdout] error[E0433]: failed to resolve: use of undeclared crate or module `ckb_logger`
[INFO] [stdout]    --> tests/utils/mod.rs:139:9
[INFO] [stdout]     |
[INFO] [stdout] 139 |         ckb_logger::error!("{}", line_content);
[INFO] [stdout]     |         ^^^^^^^^^^ use of undeclared crate or module `ckb_logger`
[INFO] [stdout] 
[INFO] [stdout] 
[INFO] [stdout] error[E0432]: unresolved import `ckb_logger`
[INFO] [stdout]  --> tests/empty_filter.rs:1:5
[INFO] [stdout]   |
[INFO] [stdout] 1 | use ckb_logger::Level;
[INFO] [stdout]   |     ^^^^^^^^^^ use of undeclared crate or module `ckb_logger`
[INFO] [stdout] 
[INFO] [stdout] 
[INFO] [stdout] error[E0432]: unresolved import `ckb_logger`
[INFO] [stdout]  --> tests/utils/mod.rs:9:5
[INFO] [stdout]   |
[INFO] [stdout] 9 | use ckb_logger::Level;
[INFO] [stdout]   |     ^^^^^^^^^^ use of undeclared crate or module `ckb_logger`
[INFO] [stdout] 
[INFO] [stdout] 
[INFO] [stdout] error[E0432]: unresolved import `tempfile`
[INFO] [stdout]   --> tests/utils/mod.rs:11:5
[INFO] [stdout]    |
[INFO] [stdout] 11 | use tempfile::TempDir;
[INFO] [stdout]    |     ^^^^^^^^ use of undeclared crate or module `tempfile`
[INFO] [stdout] 
[INFO] [stdout] 
[INFO] [stdout] error[E0433]: failed to resolve: use of undeclared crate or module `ckb_logger`
[INFO] [stdout]    --> tests/utils/mod.rs:103:5
[INFO] [stdout]     |
[INFO] [stdout] 103 |     ckb_logger::error!("{}", log_message);
[INFO] [stdout]     |     ^^^^^^^^^^ use of undeclared crate or module `ckb_logger`
[INFO] [stdout] 
[INFO] [stdout] 
[INFO] [stdout] error[E0433]: failed to resolve: use of undeclared crate or module `ckb_logger`
[INFO] [stdout]    --> tests/utils/mod.rs:104:5
[INFO] [stdout]     |
[INFO] [stdout] 104 |     ckb_logger::warn!("{}", log_message);
[INFO] [stdout]     |     ^^^^^^^^^^ use of undeclared crate or module `ckb_logger`
[INFO] [stdout] 
[INFO] [stdout] 
[INFO] [stdout] error[E0433]: failed to resolve: use of undeclared crate or module `ckb_logger`
[INFO] [stdout]    --> tests/utils/mod.rs:105:5
[INFO] [stdout]     |
[INFO] [stdout] 105 |     ckb_logger::info!("{}", log_message);
[INFO] [stdout]     |     ^^^^^^^^^^ use of undeclared crate or module `ckb_logger`
[INFO] [stdout] 
[INFO] [stdout] 
[INFO] [stdout] error[E0433]: failed to resolve: use of undeclared crate or module `ckb_logger`
[INFO] [stdout]    --> tests/utils/mod.rs:106:5
[INFO] [stdout]     |
[INFO] [stdout] 106 |     ckb_logger::debug!("{}", log_message);
[INFO] [stdout]     |     ^^^^^^^^^^ use of undeclared crate or module `ckb_logger`
[INFO] [stdout] 
[INFO] [stdout] 
[INFO] [stdout] error[E0433]: failed to resolve: use of undeclared crate or module `ckb_logger`
[INFO] [stdout]    --> tests/utils/mod.rs:107:5
[INFO] [stdout]     |
[INFO] [stdout] 107 |     ckb_logger::trace!("{}", log_message);
[INFO] [stdout]     |     ^^^^^^^^^^ use of undeclared crate or module `ckb_logger`
[INFO] [stdout] 
[INFO] [stdout] 
[INFO] [stdout] error[E0433]: failed to resolve: use of undeclared crate or module `ckb_logger`
[INFO] [stdout]    --> tests/utils/mod.rs:139:9
[INFO] [stdout]     |
[INFO] [stdout] 139 |         ckb_logger::error!("{}", line_content);
[INFO] [stdout]     |         ^^^^^^^^^^ use of undeclared crate or module `ckb_logger`
[INFO] [stdout] 
[INFO] [stdout] 
[INFO] [stdout] error[E0433]: failed to resolve: use of undeclared crate or module `tempfile`
[INFO] [stdout]   --> tests/utils/mod.rs:89:29
[INFO] [stdout]    |
[INFO] [stdout] 89 |     let tmp_dir = tempfile::Builder::new().tempdir().unwrap();
[INFO] [stdout]    |                             ^^^^^^^ not found in `tempfile`
[INFO] [stdout]    |
[INFO] [stdout] help: consider importing one of these items
[INFO] [stdout]    |
[INFO] [stdout] 3  | use env_logger::Builder;
[INFO] [stdout]    |
[INFO] [stdout] 3  | use env_logger::filter::Builder;
[INFO] [stdout]    |
[INFO] [stdout] 3  | use std::thread::Builder;
[INFO] [stdout]    |
[INFO] [stdout] 
[INFO] [stdout] 
[INFO] [stdout] error[E0433]: failed to resolve: use of undeclared crate or module `tempfile`
[INFO] [stdout]   --> tests/utils/mod.rs:89:29
[INFO] [stdout]    |
[INFO] [stdout] 89 |     let tmp_dir = tempfile::Builder::new().tempdir().unwrap();
[INFO] [stdout]    |                             ^^^^^^^ not found in `tempfile`
[INFO] [stdout]    |
[INFO] [stdout] help: consider importing one of these items
[INFO] [stdout]    |
[INFO] [stdout] 3  | use env_logger::Builder;
[INFO] [stdout]    |
[INFO] [stdout] 3  | use env_logger::filter::Builder;
[INFO] [stdout]    |
[INFO] [stdout] 3  | use std::thread::Builder;
[INFO] [stdout]    |
[INFO] [stdout] 
[INFO] [stdout] 
[INFO] [stdout] error: aborting due to 9 previous errors
[INFO] [stdout] 
[INFO] [stdout] 
[INFO] [stdout] Some errors have detailed explanations: E0432, E0433.
[INFO] [stdout] 
[INFO] [stdout] For more information about an error, try `rustc --explain E0432`.
[INFO] [stdout] 
[INFO] [stdout] error[E0433]: failed to resolve: use of undeclared crate or module `tempfile`
[INFO] [stdout]   --> tests/utils/mod.rs:89:29
[INFO] [stdout]    |
[INFO] [stdout] 89 |     let tmp_dir = tempfile::Builder::new().tempdir().unwrap();
[INFO] [stdout]    |                             ^^^^^^^ not found in `tempfile`
[INFO] [stdout]    |
[INFO] [stdout] help: consider importing one of these items
[INFO] [stdout]    |
[INFO] [stdout] 3  | use env_logger::Builder;
[INFO] [stdout]    |
[INFO] [stdout] 3  | use env_logger::filter::Builder;
[INFO] [stdout]    |
[INFO] [stdout] 3  | use std::thread::Builder;
[INFO] [stdout]    |
[INFO] [stdout] 
[INFO] [stdout] 
[INFO] [stdout] error: aborting due to 10 previous errors
[INFO] [stdout] 
[INFO] [stdout] 
[INFO] [stdout] Some errors have detailed explanations: E0432, E0433.
[INFO] [stdout] 
[INFO] [stdout] For more information about an error, try `rustc --explain E0432`.
[INFO] [stdout] 
[INFO] [stdout] error[E0432]: unresolved import `ckb_logger`
[INFO] [stdout]  --> tests/utils/mod.rs:9:5
[INFO] [stdout]   |
[INFO] [stdout] 9 | use ckb_logger::Level;
[INFO] [stdout]   |     ^^^^^^^^^^ use of undeclared crate or module `ckb_logger`
[INFO] [stdout] 
[INFO] [stdout] 
[INFO] [stdout] error[E0432]: unresolved import `tempfile`
[INFO] [stdout]   --> tests/utils/mod.rs:11:5
[INFO] [stdout]    |
[INFO] [stdout] 11 | use tempfile::TempDir;
[INFO] [stdout]    |     ^^^^^^^^ use of undeclared crate or module `tempfile`
[INFO] [stdout] 
[INFO] [stdout] 
[INFO] [stdout] error[E0433]: failed to resolve: use of undeclared crate or module `ckb_logger`
[INFO] [stdout]    --> tests/utils/mod.rs:103:5
[INFO] [stdout]     |
[INFO] [stdout] 103 |     ckb_logger::error!("{}", log_message);
[INFO] [stdout]     |     ^^^^^^^^^^ use of undeclared crate or module `ckb_logger`
[INFO] [stdout] 
[INFO] [stdout] 
[INFO] [stdout] error[E0433]: failed to resolve: use of undeclared crate or module `ckb_logger`
[INFO] [stdout]    --> tests/utils/mod.rs:104:5
[INFO] [stdout]     |
[INFO] [stdout] 104 |     ckb_logger::warn!("{}", log_message);
[INFO] [stdout]     |     ^^^^^^^^^^ use of undeclared crate or module `ckb_logger`
[INFO] [stdout] 
[INFO] [stdout] 
[INFO] [stdout] error[E0433]: failed to resolve: use of undeclared crate or module `ckb_logger`
[INFO] [stdout]    --> tests/utils/mod.rs:105:5
[INFO] [stdout]     |
[INFO] [stdout] 105 |     ckb_logger::info!("{}", log_message);
[INFO] [stdout]     |     ^^^^^^^^^^ use of undeclared crate or module `ckb_logger`
[INFO] [stdout] 
[INFO] [stdout] 
[INFO] [stdout] error[E0433]: failed to resolve: use of undeclared crate or module `ckb_logger`
[INFO] [stdout]    --> tests/utils/mod.rs:106:5
[INFO] [stdout]     |
[INFO] [stdout] 106 |     ckb_logger::debug!("{}", log_message);
[INFO] [stdout]     |     ^^^^^^^^^^ use of undeclared crate or module `ckb_logger`
[INFO] [stdout] 
[INFO] [stdout] 
[INFO] [stdout] error[E0433]: failed to resolve: use of undeclared crate or module `ckb_logger`
[INFO] [stdout]    --> tests/utils/mod.rs:107:5
[INFO] [stdout]     |
[INFO] [stdout] 107 |     ckb_logger::trace!("{}", log_message);
[INFO] [stdout]     |     ^^^^^^^^^^ use of undeclared crate or module `ckb_logger`
[INFO] [stdout] 
[INFO] [stdout] 
[INFO] [stdout] error[E0433]: failed to resolve: use of undeclared crate or module `ckb_logger`
[INFO] [stdout]    --> tests/utils/mod.rs:139:9
[INFO] [stdout]     |
[INFO] [stdout] 139 |         ckb_logger::error!("{}", line_content);
[INFO] [stdout]     |         ^^^^^^^^^^ use of undeclared crate or module `ckb_logger`
[INFO] [stdout] 
[INFO] [stdout] 
[INFO] [stdout] error[E0432]: unresolved import `ckb_logger`
[INFO] [stdout]  --> tests/without_color.rs:1:5
[INFO] [stdout]   |
[INFO] [stdout] 1 | use ckb_logger::Level;
[INFO] [stdout]   |     ^^^^^^^^^^ use of undeclared crate or module `ckb_logger`
[INFO] [stdout] 
[INFO] [stdout] 
[INFO] [stdout] error[E0432]: unresolved import `ckb_logger`
[INFO] [stdout]  --> tests/utils/mod.rs:9:5
[INFO] [stdout]   |
[INFO] [stdout] 9 | use ckb_logger::Level;
[INFO] [stdout]   |     ^^^^^^^^^^ use of undeclared crate or module `ckb_logger`
[INFO] [stdout] 
[INFO] [stdout] 
[INFO] [stdout] error[E0432]: unresolved import `tempfile`
[INFO] [stdout]   --> tests/utils/mod.rs:11:5
[INFO] [stdout]    |
[INFO] [stdout] 11 | use tempfile::TempDir;
[INFO] [stdout]    |     ^^^^^^^^ use of undeclared crate or module `tempfile`
[INFO] [stdout] 
[INFO] [stdout] 
[INFO] [stdout] error[E0433]: failed to resolve: use of undeclared crate or module `ckb_logger`
[INFO] [stdout]    --> tests/utils/mod.rs:103:5
[INFO] [stdout]     |
[INFO] [stdout] 103 |     ckb_logger::error!("{}", log_message);
[INFO] [stdout]     |     ^^^^^^^^^^ use of undeclared crate or module `ckb_logger`
[INFO] [stdout] 
[INFO] [stdout] 
[INFO] [stdout] error[E0433]: failed to resolve: use of undeclared crate or module `ckb_logger`
[INFO] [stdout]    --> tests/utils/mod.rs:104:5
[INFO] [stdout]     |
[INFO] [stdout] 104 |     ckb_logger::warn!("{}", log_message);
[INFO] [stdout]     |     ^^^^^^^^^^ use of undeclared crate or module `ckb_logger`
[INFO] [stdout] 
[INFO] [stdout] 
[INFO] [stdout] error[E0433]: failed to resolve: use of undeclared crate or module `ckb_logger`
[INFO] [stdout]    --> tests/utils/mod.rs:105:5
[INFO] [stdout]     |
[INFO] [stdout] 105 |     ckb_logger::info!("{}", log_message);
[INFO] [stdout]     |     ^^^^^^^^^^ use of undeclared crate or module `ckb_logger`
[INFO] [stdout] 
[INFO] [stdout] 
[INFO] [stdout] error[E0433]: failed to resolve: use of undeclared crate or module `ckb_logger`
[INFO] [stdout]    --> tests/utils/mod.rs:106:5
[INFO] [stdout]     |
[INFO] [stdout] 106 |     ckb_logger::debug!("{}", log_message);
[INFO] [stdout]     |     ^^^^^^^^^^ use of undeclared crate or module `ckb_logger`
[INFO] [stdout] 
[INFO] [stdout] 
[INFO] [stdout] error[E0433]: failed to resolve: use of undeclared crate or module `ckb_logger`
[INFO] [stdout]    --> tests/utils/mod.rs:107:5
[INFO] [stdout]     |
[INFO] [stdout] 107 |     ckb_logger::trace!("{}", log_message);
[INFO] [stdout]     |     ^^^^^^^^^^ use of undeclared crate or module `ckb_logger`
[INFO] [stdout] 
[INFO] [stdout] 
[INFO] [stdout] error[E0433]: failed to resolve: use of undeclared crate or module `ckb_logger`
[INFO] [stdout]    --> tests/utils/mod.rs:139:9
[INFO] [stdout]     |
[INFO] [stdout] 139 |         ckb_logger::error!("{}", line_content);
[INFO] [stdout]     |         ^^^^^^^^^^ use of undeclared crate or module `ckb_logger`
[INFO] [stdout] 
[INFO] [stdout] 
[INFO] [stdout] error[E0433]: failed to resolve: use of undeclared crate or module `ckb_logger`
[INFO] [stdout]   --> tests/without_color.rs:13:9
[INFO] [stdout]    |
[INFO] [stdout] 13 |         ckb_logger::error!("{}", line_content);
[INFO] [stdout]    |         ^^^^^^^^^^ use of undeclared crate or module `ckb_logger`
[INFO] [stdout] 
[INFO] [stdout] 
[INFO] [stdout] error[E0433]: failed to resolve: use of undeclared crate or module `tempfile`
[INFO] [stdout]   --> tests/utils/mod.rs:89:29
[INFO] [stdout]    |
[INFO] [stdout] 89 |     let tmp_dir = tempfile::Builder::new().tempdir().unwrap();
[INFO] [stdout]    |                             ^^^^^^^ not found in `tempfile`
[INFO] [stdout]    |
[INFO] [stdout] help: consider importing one of these items
[INFO] [stdout]    |
[INFO] [stdout] 3  | use env_logger::Builder;
[INFO] [stdout]    |
[INFO] [stdout] 3  | use env_logger::filter::Builder;
[INFO] [stdout]    |
[INFO] [stdout] 3  | use std::thread::Builder;
[INFO] [stdout]    |
[INFO] [stdout] 
[INFO] [stdout] 
[INFO] [stdout] error: aborting due to 10 previous errors
[INFO] [stdout] 
[INFO] [stdout] 
[INFO] [stdout] Some errors have detailed explanations: E0432, E0433.
[INFO] [stdout] 
[INFO] [stdout] For more information about an error, try `rustc --explain E0432`.
[INFO] [stdout] 
[INFO] [stdout] error: aborting due to 10 previous errors
[INFO] [stdout] 
[INFO] [stdout] 
[INFO] [stdout] Some errors have detailed explanations: E0432, E0433.
[INFO] [stdout] 
[INFO] [stdout] For more information about an error, try `rustc --explain E0432`.
[INFO] [stdout] 
[INFO] [stdout] error: aborting due to 9 previous errors
[INFO] [stdout] 
[INFO] [stdout] 
[INFO] [stdout] error[E0433]: failed to resolve: use of undeclared crate or module `tempfile`
[INFO] [stdout]   --> tests/utils/mod.rs:89:29
[INFO] [stdout]    |
[INFO] [stdout] 89 |     let tmp_dir = tempfile::Builder::new().tempdir().unwrap();
[INFO] [stdout]    |                             ^^^^^^^ not found in `tempfile`
[INFO] [stdout]    |
[INFO] [stdout] help: consider importing one of these items
[INFO] [stdout]    |
[INFO] [stdout] 3  | use env_logger::Builder;
[INFO] [stdout]    |
[INFO] [stdout] 3  | use env_logger::filter::Builder;
[INFO] [stdout]    |
[INFO] [stdout] 3  | use std::thread::Builder;
[INFO] [stdout]    |
[INFO] [stdout] 
[INFO] [stdout] 
[INFO] [stdout] Some errors have detailed explanations: E0432, E0433.
[INFO] [stdout] 
[INFO] [stdout] For more information about an error, try `rustc --explain E0432`.
[INFO] [stdout] 
[INFO] [stdout] error: aborting due to 11 previous errors
[INFO] [stdout] 
[INFO] [stdout] 
[INFO] [stdout] Some errors have detailed explanations: E0432, E0433.
[INFO] [stdout] 
[INFO] [stdout] For more information about an error, try `rustc --explain E0432`.
[INFO] [stdout] 
[INFO] [stderr] error: build failed
[INFO] running `Command { std: "docker" "inspect" "0329701c68ee7de1cecc6c8c366f55d8591fad416c5deaf8ffd2823af56862da", kill_on_drop: false }`
[INFO] running `Command { std: "docker" "rm" "-f" "0329701c68ee7de1cecc6c8c366f55d8591fad416c5deaf8ffd2823af56862da", kill_on_drop: false }`
[INFO] [stdout] 0329701c68ee7de1cecc6c8c366f55d8591fad416c5deaf8ffd2823af56862da
