[INFO] fetching crate ckb-jsonrpc-types 0.100.0...
[INFO] checking ckb-jsonrpc-types-0.100.0 against beta-2021-10-15 for beta-1.56-3
[INFO] extracting crate ckb-jsonrpc-types 0.100.0 into /workspace/builds/worker-60/source
[INFO] validating manifest of crates.io crate ckb-jsonrpc-types 0.100.0 on toolchain beta-2021-10-15
[INFO] running `Command { std: "/workspace/cargo-home/bin/cargo" "+beta-2021-10-15" "metadata" "--manifest-path" "Cargo.toml" "--no-deps", kill_on_drop: false }`
[INFO] started tweaking crates.io crate ckb-jsonrpc-types 0.100.0
[INFO] finished tweaking crates.io crate ckb-jsonrpc-types 0.100.0
[INFO] tweaked toml for crates.io crate ckb-jsonrpc-types 0.100.0 written to /workspace/builds/worker-60/source/Cargo.toml
[INFO] running `Command { std: "/workspace/cargo-home/bin/cargo" "+beta-2021-10-15" "generate-lockfile" "--manifest-path" "Cargo.toml" "-Zno-index-update", kill_on_drop: false }`
[INFO] [stderr]     Blocking waiting for file lock on package cache
[INFO] running `Command { std: "/workspace/cargo-home/bin/cargo" "+beta-2021-10-15" "fetch" "--manifest-path" "Cargo.toml", kill_on_drop: false }`
[INFO] [stderr]     Blocking waiting for file lock on package cache
[INFO] [stderr]     Blocking waiting for file lock on package cache
[INFO] running `Command { std: "docker" "create" "-v" "/var/lib/crater-agent-workspace/builds/worker-60/target:/opt/rustwide/target:rw,Z" "-v" "/var/lib/crater-agent-workspace/builds/worker-60/source:/opt/rustwide/workdir:ro,Z" "-v" "/var/lib/crater-agent-workspace/cargo-home:/opt/rustwide/cargo-home:ro,Z" "-v" "/var/lib/crater-agent-workspace/rustup-home:/opt/rustwide/rustup-home:ro,Z" "-e" "SOURCE_DIR=/opt/rustwide/workdir" "-e" "CARGO_TARGET_DIR=/opt/rustwide/target" "-e" "CARGO_HOME=/opt/rustwide/cargo-home" "-e" "RUSTUP_HOME=/opt/rustwide/rustup-home" "-w" "/opt/rustwide/workdir" "-m" "1610612736" "--user" "0:0" "--network" "none" "ghcr.io/rust-lang/crates-build-env/linux@sha256:a89201d6b5b9fd45c15d5952ece0a0129e7e80cb26ec023fd59cf09bc26f1604" "/opt/rustwide/cargo-home/bin/cargo" "+beta-2021-10-15" "metadata" "--no-deps" "--format-version=1", kill_on_drop: false }`
[INFO] [stdout] 7ffb69b0bf7df85a3676df9687797bc667298cefa5b107c3e1d385b06963c17a
[INFO] running `Command { std: "docker" "start" "-a" "7ffb69b0bf7df85a3676df9687797bc667298cefa5b107c3e1d385b06963c17a", kill_on_drop: false }`
[INFO] running `Command { std: "docker" "inspect" "7ffb69b0bf7df85a3676df9687797bc667298cefa5b107c3e1d385b06963c17a", kill_on_drop: false }`
[INFO] running `Command { std: "docker" "rm" "-f" "7ffb69b0bf7df85a3676df9687797bc667298cefa5b107c3e1d385b06963c17a", kill_on_drop: false }`
[INFO] [stdout] 7ffb69b0bf7df85a3676df9687797bc667298cefa5b107c3e1d385b06963c17a
[INFO] running `Command { std: "docker" "create" "-v" "/var/lib/crater-agent-workspace/builds/worker-60/target:/opt/rustwide/target:rw,Z" "-v" "/var/lib/crater-agent-workspace/builds/worker-60/source:/opt/rustwide/workdir:ro,Z" "-v" "/var/lib/crater-agent-workspace/cargo-home:/opt/rustwide/cargo-home:ro,Z" "-v" "/var/lib/crater-agent-workspace/rustup-home:/opt/rustwide/rustup-home:ro,Z" "-e" "SOURCE_DIR=/opt/rustwide/workdir" "-e" "CARGO_TARGET_DIR=/opt/rustwide/target" "-e" "CARGO_INCREMENTAL=0" "-e" "RUST_BACKTRACE=full" "-e" "RUSTFLAGS=--cap-lints=warn" "-e" "CARGO_HOME=/opt/rustwide/cargo-home" "-e" "RUSTUP_HOME=/opt/rustwide/rustup-home" "-w" "/opt/rustwide/workdir" "-m" "1610612736" "--user" "0:0" "--network" "none" "ghcr.io/rust-lang/crates-build-env/linux@sha256:a89201d6b5b9fd45c15d5952ece0a0129e7e80cb26ec023fd59cf09bc26f1604" "/opt/rustwide/cargo-home/bin/cargo" "+beta-2021-10-15" "check" "--frozen" "--all" "--all-targets" "--message-format=json", kill_on_drop: false }`
[INFO] [stdout] 3ebeb5281896d6b339b15f6f8d539ce639454e71705e105cdb7b2a78fd447f9e
[INFO] running `Command { std: "docker" "start" "-a" "3ebeb5281896d6b339b15f6f8d539ce639454e71705e105cdb7b2a78fd447f9e", kill_on_drop: false }`
[INFO] [stderr]     Blocking waiting for file lock on package cache
[INFO] [stderr]    Compiling syn v1.0.80
[INFO] [stderr]    Compiling cc v1.0.71
[INFO] [stderr]    Compiling serde v1.0.130
[INFO] [stderr]    Compiling crossbeam-utils v0.8.5
[INFO] [stderr]    Compiling libc v0.2.103
[INFO] [stderr]     Checking crossbeam-channel v0.5.1
[INFO] [stderr]    Compiling getrandom v0.1.16
[INFO] [stderr]    Compiling blake2b-rs v0.1.5
[INFO] [stderr]    Compiling rand_core v0.5.1
[INFO] [stderr]     Checking ckb-channel v0.100.0
[INFO] [stderr]    Compiling serde_derive v1.0.130
[INFO] [stderr]    Compiling thiserror-impl v1.0.30
[INFO] [stderr]    Compiling numext-constructor v0.1.6
[INFO] [stderr]    Compiling derive_more v0.99.16
[INFO] [stderr]     Checking ckb-hash v0.100.0
[INFO] [stderr]    Compiling rand_chacha v0.2.2
[INFO] [stderr]    Compiling rand v0.7.3
[INFO] [stderr]    Compiling thiserror v1.0.30
[INFO] [stderr]     Checking ckb-occupied-capacity-core v0.100.0
[INFO] [stderr]     Checking numext-fixed-uint-core v0.1.6
[INFO] [stderr]     Checking ckb-fixed-hash-core v0.100.0
[INFO] [stderr]     Checking bytes v1.1.0
[INFO] [stderr]     Checking serde_json v1.0.68
[INFO] [stderr]     Checking molecule v0.7.2
[INFO] [stderr]    Compiling ckb-occupied-capacity-macros v0.100.0
[INFO] [stderr]    Compiling ckb-fixed-hash-macros v0.100.0
[INFO] [stderr]     Checking ckb-occupied-capacity v0.100.0
[INFO] [stderr]     Checking ckb-error v0.100.0
[INFO] [stderr]     Checking ckb-fixed-hash v0.100.0
[INFO] [stderr]    Compiling numext-fixed-uint-hack v0.1.6
[INFO] [stderr]     Checking numext-fixed-uint v0.1.6
[INFO] [stderr]     Checking ckb-rational v0.100.0
[INFO] [stderr]     Checking ckb-types v0.100.0
[INFO] [stderr]     Checking ckb-jsonrpc-types v0.100.0 (/opt/rustwide/workdir)
[INFO] [stdout] error[E0433]: failed to resolve: use of undeclared crate or module `proptest`
[INFO] [stdout]  --> src/tests/blockchain.rs:3:5
[INFO] [stdout]   |
[INFO] [stdout] 3 | use proptest::{collection::size_range, prelude::*};
[INFO] [stdout]   |     ^^^^^^^^ use of undeclared crate or module `proptest`
[INFO] [stdout] 
[INFO] [stdout] 
[INFO] [stdout] error[E0432]: unresolved import `regex`
[INFO] [stdout]  --> src/tests/bytes.rs:1:5
[INFO] [stdout]   |
[INFO] [stdout] 1 | use regex::Regex;
[INFO] [stdout]   |     ^^^^^ use of undeclared crate or module `regex`
[INFO] [stdout] 
[INFO] [stdout] 
[INFO] [stdout] error[E0432]: unresolved imports `lazy_static`, `proptest::collection::size_range`
[INFO] [stdout]  --> src/tests/blockchain.rs:2:5
[INFO] [stdout]   |
[INFO] [stdout] 2 | use lazy_static::lazy_static;
[INFO] [stdout]   |     ^^^^^^^^^^^ use of undeclared crate or module `lazy_static`
[INFO] [stdout] 3 | use proptest::{collection::size_range, prelude::*};
[INFO] [stdout]   |                ^^^^^^^^^^^^^^^^^^^^^^
[INFO] [stdout] 
[INFO] [stdout] 
[INFO] [stdout] error[E0432]: unresolved import `regex`
[INFO] [stdout]  --> src/tests/blockchain.rs:4:5
[INFO] [stdout]   |
[INFO] [stdout] 4 | use regex::Regex;
[INFO] [stdout]   |     ^^^^^ use of undeclared crate or module `regex`
[INFO] [stdout] 
[INFO] [stdout] 
[INFO] [stdout] error: cannot find macro `prop_assert_eq` in this scope
[INFO] [stdout]    --> src/tests/blockchain.rs:151:5
[INFO] [stdout]     |
[INFO] [stdout] 151 |     prop_assert_eq!(decode_block.data(), block.data());
[INFO] [stdout]     |     ^^^^^^^^^^^^^^
[INFO] [stdout] 
[INFO] [stdout] 
[INFO] [stdout] error: cannot find macro `prop_assert_eq` in this scope
[INFO] [stdout]    --> src/tests/blockchain.rs:152:5
[INFO] [stdout]     |
[INFO] [stdout] 152 |     prop_assert_eq!(decode_block, block);
[INFO] [stdout]     |     ^^^^^^^^^^^^^^
[INFO] [stdout] 
[INFO] [stdout] 
[INFO] [stdout] error: cannot determine resolution for the macro `lazy_static`
[INFO] [stdout]    --> src/tests/blockchain.rs:157:5
[INFO] [stdout]     |
[INFO] [stdout] 157 |     lazy_static! {
[INFO] [stdout]     |     ^^^^^^^^^^^
[INFO] [stdout]     |
[INFO] [stdout]     = note: import resolution is stuck, try simplifying macro imports
[INFO] [stdout] 
[INFO] [stdout] 
[INFO] [stdout] error: cannot find macro `proptest` in this scope
[INFO] [stdout]    --> src/tests/blockchain.rs:165:1
[INFO] [stdout]     |
[INFO] [stdout] 165 | proptest! {
[INFO] [stdout]     | ^^^^^^^^
[INFO] [stdout] 
[INFO] [stdout] 
[INFO] [stdout] error[E0412]: cannot find type `TestCaseError` in this scope
[INFO] [stdout]    --> src/tests/blockchain.rs:144:63
[INFO] [stdout]     |
[INFO] [stdout] 144 | fn _test_block_convert(data: Bytes, arg: Bytes) -> Result<(), TestCaseError> {
[INFO] [stdout]     |                       -                                       ^^^^^^^^^^^^^ not found in this scope
[INFO] [stdout]     |                       |
[INFO] [stdout]     |                       help: you might be missing a type parameter: `<TestCaseError>`
[INFO] [stdout] 
[INFO] [stdout] 
[INFO] [stdout] error[E0425]: cannot find value `RE` in this scope
[INFO] [stdout]    --> src/tests/blockchain.rs:160:17
[INFO] [stdout]     |
[INFO] [stdout] 160 |     for caps in RE.captures_iter(json) {
[INFO] [stdout]     |                 ^^ not found in this scope
[INFO] [stdout] 
[INFO] [stdout] 
[INFO] [stdout] error: aborting due to 10 previous errors
[INFO] [stdout] 
[INFO] [stdout] 
[INFO] [stdout] Some errors have detailed explanations: E0412, E0425, E0432, E0433.
[INFO] [stdout] 
[INFO] [stdout] For more information about an error, try `rustc --explain E0412`.
[INFO] [stdout] 
[INFO] [stderr] error: could not compile `ckb-jsonrpc-types` due to 11 previous errors
[INFO] [stderr] warning: build failed, waiting for other jobs to finish...
[INFO] [stderr] error: build failed
[INFO] running `Command { std: "docker" "inspect" "3ebeb5281896d6b339b15f6f8d539ce639454e71705e105cdb7b2a78fd447f9e", kill_on_drop: false }`
[INFO] running `Command { std: "docker" "rm" "-f" "3ebeb5281896d6b339b15f6f8d539ce639454e71705e105cdb7b2a78fd447f9e", kill_on_drop: false }`
[INFO] [stdout] 3ebeb5281896d6b339b15f6f8d539ce639454e71705e105cdb7b2a78fd447f9e
