[INFO] fetching crate ckb-app-config 0.100.0...
[INFO] checking ckb-app-config-0.100.0 against 1.55.0 for beta-1.56-3
[INFO] extracting crate ckb-app-config 0.100.0 into /workspace/builds/worker-97/source
[INFO] validating manifest of crates.io crate ckb-app-config 0.100.0 on toolchain 1.55.0
[INFO] running `Command { std: "/workspace/cargo-home/bin/cargo" "+1.55.0" "metadata" "--manifest-path" "Cargo.toml" "--no-deps", kill_on_drop: false }`
[INFO] started tweaking crates.io crate ckb-app-config 0.100.0
[INFO] finished tweaking crates.io crate ckb-app-config 0.100.0
[INFO] tweaked toml for crates.io crate ckb-app-config 0.100.0 written to /workspace/builds/worker-97/source/Cargo.toml
[INFO] running `Command { std: "/workspace/cargo-home/bin/cargo" "+1.55.0" "generate-lockfile" "--manifest-path" "Cargo.toml" "-Zno-index-update", kill_on_drop: false }`
[INFO] [stderr]     Blocking waiting for file lock on package cache
[INFO] running `Command { std: "/workspace/cargo-home/bin/cargo" "+1.55.0" "fetch" "--manifest-path" "Cargo.toml", kill_on_drop: false }`
[INFO] [stderr]     Blocking waiting for file lock on package cache
[INFO] [stderr]     Blocking waiting for file lock on package cache
[INFO] running `Command { std: "docker" "create" "-v" "/var/lib/crater-agent-workspace/builds/worker-97/target:/opt/rustwide/target:rw,Z" "-v" "/var/lib/crater-agent-workspace/builds/worker-97/source:/opt/rustwide/workdir:ro,Z" "-v" "/var/lib/crater-agent-workspace/cargo-home:/opt/rustwide/cargo-home:ro,Z" "-v" "/var/lib/crater-agent-workspace/rustup-home:/opt/rustwide/rustup-home:ro,Z" "-e" "SOURCE_DIR=/opt/rustwide/workdir" "-e" "CARGO_TARGET_DIR=/opt/rustwide/target" "-e" "CARGO_HOME=/opt/rustwide/cargo-home" "-e" "RUSTUP_HOME=/opt/rustwide/rustup-home" "-w" "/opt/rustwide/workdir" "-m" "1610612736" "--user" "0:0" "--network" "none" "ghcr.io/rust-lang/crates-build-env/linux@sha256:a89201d6b5b9fd45c15d5952ece0a0129e7e80cb26ec023fd59cf09bc26f1604" "/opt/rustwide/cargo-home/bin/cargo" "+1.55.0" "metadata" "--no-deps" "--format-version=1", kill_on_drop: false }`
[INFO] [stdout] 48492490174c5a25cf4488641bf6976cf57264c33b4800e207952cdc2bb59800
[INFO] running `Command { std: "docker" "start" "-a" "48492490174c5a25cf4488641bf6976cf57264c33b4800e207952cdc2bb59800", kill_on_drop: false }`
[INFO] running `Command { std: "docker" "inspect" "48492490174c5a25cf4488641bf6976cf57264c33b4800e207952cdc2bb59800", kill_on_drop: false }`
[INFO] running `Command { std: "docker" "rm" "-f" "48492490174c5a25cf4488641bf6976cf57264c33b4800e207952cdc2bb59800", kill_on_drop: false }`
[INFO] [stdout] 48492490174c5a25cf4488641bf6976cf57264c33b4800e207952cdc2bb59800
[INFO] running `Command { std: "docker" "create" "-v" "/var/lib/crater-agent-workspace/builds/worker-97/target:/opt/rustwide/target:rw,Z" "-v" "/var/lib/crater-agent-workspace/builds/worker-97/source:/opt/rustwide/workdir:ro,Z" "-v" "/var/lib/crater-agent-workspace/cargo-home:/opt/rustwide/cargo-home:ro,Z" "-v" "/var/lib/crater-agent-workspace/rustup-home:/opt/rustwide/rustup-home:ro,Z" "-e" "SOURCE_DIR=/opt/rustwide/workdir" "-e" "CARGO_TARGET_DIR=/opt/rustwide/target" "-e" "CARGO_INCREMENTAL=0" "-e" "RUST_BACKTRACE=full" "-e" "RUSTFLAGS=--cap-lints=warn" "-e" "CARGO_HOME=/opt/rustwide/cargo-home" "-e" "RUSTUP_HOME=/opt/rustwide/rustup-home" "-w" "/opt/rustwide/workdir" "-m" "1610612736" "--user" "0:0" "--network" "none" "ghcr.io/rust-lang/crates-build-env/linux@sha256:a89201d6b5b9fd45c15d5952ece0a0129e7e80cb26ec023fd59cf09bc26f1604" "/opt/rustwide/cargo-home/bin/cargo" "+1.55.0" "check" "--frozen" "--all" "--all-targets" "--message-format=json", kill_on_drop: false }`
[INFO] [stdout] 85ca2115b60aa181595d582793183610fffd8291c05966b63b2bb9795b488eb3
[INFO] running `Command { std: "docker" "start" "-a" "85ca2115b60aa181595d582793183610fffd8291c05966b63b2bb9795b488eb3", kill_on_drop: false }`
[INFO] [stderr]     Blocking waiting for file lock on package cache
[INFO] [stderr]    Compiling syn v1.0.80
[INFO] [stderr]    Compiling serde v1.0.130
[INFO] [stderr]    Compiling ppv-lite86 v0.2.14
[INFO] [stderr]    Compiling faster-hex v0.6.1
[INFO] [stderr]    Compiling heapsize v0.4.2
[INFO] [stderr]    Compiling anyhow v1.0.44
[INFO] [stderr]    Compiling siphasher v0.3.7
[INFO] [stderr]    Compiling adler v1.0.2
[INFO] [stderr]    Compiling same-file v1.0.6
[INFO] [stderr]    Compiling futures-core v0.3.17
[INFO] [stderr]    Compiling memchr v2.4.1
[INFO] [stderr]     Checking bit-vec v0.5.1
[INFO] [stderr]    Compiling typenum v1.14.0
[INFO] [stderr]    Compiling futures-channel v0.3.17
[INFO] [stderr]     Checking futures-sink v0.3.17
[INFO] [stderr]    Compiling futures-task v0.3.17
[INFO] [stderr]    Compiling cfg-if v0.1.10
[INFO] [stderr]    Compiling bitflags v1.3.2
[INFO] [stderr]    Compiling once_cell v1.8.0
[INFO] [stderr]     Checking futures-io v0.3.17
[INFO] [stderr]     Checking slab v0.4.5
[INFO] [stderr]    Compiling openssl v0.10.36
[INFO] [stderr]     Checking foreign-types-shared v0.1.1
[INFO] [stderr]     Checking unsigned-varint v0.6.0
[INFO] [stderr]     Checking bs58 v0.3.1
[INFO] [stderr]    Compiling tentacle-secio v0.5.0
[INFO] [stderr]     Checking cpufeatures v0.2.1
[INFO] [stderr]     Checking opaque-debug v0.3.0
[INFO] [stderr]     Checking eaglesong v0.1.0
[INFO] [stderr]     Checking ckb-constant v0.100.0
[INFO] [stderr]     Checking path-clean v0.1.0
[INFO] [stderr]     Checking ckb-build-info v0.100.0
[INFO] [stderr]    Compiling miniz_oxide v0.4.4
[INFO] [stderr]    Compiling futures-macro v0.3.17
[INFO] [stderr]    Compiling futures-util v0.3.17
[INFO] [stderr]    Compiling tokio v1.12.0
[INFO] [stderr]    Compiling libc v0.2.103
[INFO] [stderr]    Compiling blake2b-rs v0.1.5
[INFO] [stderr]     Checking merkle-cbt v0.3.0
[INFO] [stderr]    Compiling secp256k1-sys v0.3.0
[INFO] [stderr]    Compiling generic-array v0.14.4
[INFO] [stderr]    Compiling ring v0.16.20
[INFO] [stderr]     Checking getrandom v0.1.16
[INFO] [stderr]    Compiling crc32fast v1.2.1
[INFO] [stderr]    Compiling crossbeam-utils v0.8.5
[INFO] [stderr]     Checking getrandom v0.2.3
[INFO] [stderr]    Compiling walkdir v2.3.2
[INFO] [stderr]    Compiling phf_shared v0.8.0
[INFO] [stderr]     Checking foreign-types v0.3.2
[INFO] [stderr]     Checking rand_core v0.6.3
[INFO] [stderr]     Checking rand_core v0.5.1
[INFO] [stderr]     Checking rand_pcg v0.2.1
[INFO] [stderr]     Checking rand_chacha v0.2.2
[INFO] [stderr]    Compiling crossbeam-channel v0.5.1
[INFO] [stderr]     Checking flate2 v1.0.22
[INFO] [stderr]    Compiling phf v0.8.0
[INFO] [stderr]     Checking secp256k1 v0.19.0
[INFO] [stderr]     Checking rand_chacha v0.3.1
[INFO] [stderr]    Compiling ckb-hash v0.100.0
[INFO] [stderr]     Checking rand v0.7.3
[INFO] [stderr]    Compiling ckb-channel v0.100.0
[INFO] [stderr]     Checking rand v0.8.4
[INFO] [stderr]     Checking includedir v0.6.0
[INFO] [stderr]     Checking digest v0.9.0
[INFO] [stderr]     Checking block-buffer v0.9.0
[INFO] [stderr]     Checking sha2 v0.9.8
[INFO] [stderr]     Checking tempfile v3.2.0
[INFO] [stderr]     Checking faketime v0.2.1
[INFO] [stderr]    Compiling phf_generator v0.8.0
[INFO] [stderr]    Compiling phf_codegen v0.8.0
[INFO] [stderr]    Compiling includedir_codegen v0.6.0
[INFO] [stderr]    Compiling serde_derive v1.0.130
[INFO] [stderr]    Compiling thiserror-impl v1.0.30
[INFO] [stderr]    Compiling numext-constructor v0.1.6
[INFO] [stderr]    Compiling derive_more v0.99.16
[INFO] [stderr]    Compiling ckb-system-scripts v0.5.3
[INFO] [stderr]    Compiling thiserror v1.0.30
[INFO] [stderr]     Checking futures-executor v0.3.17
[INFO] [stderr]     Checking futures v0.3.17
[INFO] [stderr]    Compiling ckb-occupied-capacity-core v0.100.0
[INFO] [stderr]    Compiling numext-fixed-uint-core v0.1.6
[INFO] [stderr]    Compiling ckb-fixed-hash-core v0.100.0
[INFO] [stderr]    Compiling bytes v1.1.0
[INFO] [stderr]     Checking serde_json v1.0.68
[INFO] [stderr]     Checking toml v0.5.8
[INFO] [stderr]     Checking ckb-logger-config v0.100.0
[INFO] [stderr]     Checking serde_plain v0.3.0
[INFO] [stderr]     Checking ckb-metrics-config v0.100.0
[INFO] [stderr]    Compiling ckb-occupied-capacity-macros v0.100.0
[INFO] [stderr]    Compiling molecule v0.7.2
[INFO] [stderr]     Checking tentacle-multiaddr v0.3.0
[INFO] [stderr]    Compiling ckb-fixed-hash-macros v0.100.0
[INFO] [stderr]     Checking ckb-occupied-capacity v0.100.0
[INFO] [stderr]     Checking ckb-fixed-hash v0.100.0
[INFO] [stderr]    Compiling ckb-error v0.100.0
[INFO] [stderr]     Checking ckb-crypto v0.100.0
[INFO] [stderr]     Checking tokio-util v0.6.8
[INFO] [stderr]    Compiling numext-fixed-uint-hack v0.1.6
[INFO] [stderr]     Checking numext-fixed-uint v0.1.6
[INFO] [stderr]    Compiling ckb-rational v0.100.0
[INFO] [stderr]    Compiling ckb-types v0.100.0
[INFO] [stderr]     Checking ckb-pow v0.100.0
[INFO] [stderr]     Checking ckb-traits v0.100.0
[INFO] [stderr]     Checking ckb-jsonrpc-types v0.100.0
[INFO] [stderr]     Checking ckb-dao-utils v0.100.0
[INFO] [stderr]    Compiling ckb-resource v0.100.0
[INFO] [stderr]     Checking ckb-chain-spec v0.100.0
[INFO] [stderr]     Checking ckb-app-config v0.100.0 (/opt/rustwide/workdir)
[INFO] [stdout] error[E0433]: failed to resolve: use of undeclared crate or module `tempfile`
[INFO] [stdout]  --> src/tests/app_config.rs:5:15
[INFO] [stdout]   |
[INFO] [stdout] 5 | fn mkdir() -> tempfile::TempDir {
[INFO] [stdout]   |               ^^^^^^^^ use of undeclared crate or module `tempfile`
[INFO] [stdout] 
[INFO] [stdout] 
[INFO] [stdout] error[E0433]: failed to resolve: use of undeclared crate or module `tempfile`
[INFO] [stdout]  --> src/tests/legacy.rs:8:15
[INFO] [stdout]   |
[INFO] [stdout] 8 | fn mkdir() -> tempfile::TempDir {
[INFO] [stdout]   |               ^^^^^^^^ use of undeclared crate or module `tempfile`
[INFO] [stdout] 
[INFO] [stdout] 
[INFO] [stdout] error[E0433]: failed to resolve: use of undeclared crate or module `tempfile`
[INFO] [stdout]  --> src/tests/app_config.rs:6:15
[INFO] [stdout]   |
[INFO] [stdout] 6 |     tempfile::Builder::new()
[INFO] [stdout]   |               ^^^^^^^ not found in `tempfile`
[INFO] [stdout]   |
[INFO] [stdout] help: consider importing one of these items
[INFO] [stdout]   |
[INFO] [stdout] 1 | use ckb_types::prelude::Builder;
[INFO] [stdout]   |
[INFO] [stdout] 1 | use std::thread::Builder;
[INFO] [stdout]   |
[INFO] [stdout] 
[INFO] [stdout] 
[INFO] [stdout] error[E0433]: failed to resolve: use of undeclared crate or module `tempfile`
[INFO] [stdout]  --> src/tests/legacy.rs:9:15
[INFO] [stdout]   |
[INFO] [stdout] 9 |     tempfile::Builder::new()
[INFO] [stdout]   |               ^^^^^^^ not found in `tempfile`
[INFO] [stdout]   |
[INFO] [stdout] help: consider importing one of these items
[INFO] [stdout]   |
[INFO] [stdout] 1 | use ckb_types::prelude::Builder;
[INFO] [stdout]   |
[INFO] [stdout] 1 | use std::thread::Builder;
[INFO] [stdout]   |
[INFO] [stdout] 
[INFO] [stdout] 
[INFO] [stdout] error: aborting due to 4 previous errors
[INFO] [stdout] 
[INFO] [stdout] 
[INFO] [stdout] For more information about this error, try `rustc --explain E0433`.
[INFO] [stdout] 
[INFO] [stderr] error: could not compile `ckb-app-config` due to 5 previous errors
[INFO] [stderr] warning: build failed, waiting for other jobs to finish...
[INFO] [stderr] error: build failed
[INFO] running `Command { std: "docker" "inspect" "85ca2115b60aa181595d582793183610fffd8291c05966b63b2bb9795b488eb3", kill_on_drop: false }`
[INFO] running `Command { std: "docker" "rm" "-f" "85ca2115b60aa181595d582793183610fffd8291c05966b63b2bb9795b488eb3", kill_on_drop: false }`
[INFO] [stdout] 85ca2115b60aa181595d582793183610fffd8291c05966b63b2bb9795b488eb3
