[INFO] fetching crate cita-secp256k1 0.1.0...
[INFO] checking cita-secp256k1-0.1.0 against beta-2021-10-15 for beta-1.56-3
[INFO] extracting crate cita-secp256k1 0.1.0 into /workspace/builds/worker-34/source
[INFO] validating manifest of crates.io crate cita-secp256k1 0.1.0 on toolchain beta-2021-10-15
[INFO] running `Command { std: "/workspace/cargo-home/bin/cargo" "+beta-2021-10-15" "metadata" "--manifest-path" "Cargo.toml" "--no-deps", kill_on_drop: false }`
[INFO] started tweaking crates.io crate cita-secp256k1 0.1.0
[INFO] finished tweaking crates.io crate cita-secp256k1 0.1.0
[INFO] tweaked toml for crates.io crate cita-secp256k1 0.1.0 written to /workspace/builds/worker-34/source/Cargo.toml
[INFO] running `Command { std: "/workspace/cargo-home/bin/cargo" "+beta-2021-10-15" "generate-lockfile" "--manifest-path" "Cargo.toml" "-Zno-index-update", kill_on_drop: false }`
[INFO] [stderr]     Blocking waiting for file lock on package cache
[INFO] running `Command { std: "/workspace/cargo-home/bin/cargo" "+beta-2021-10-15" "fetch" "--manifest-path" "Cargo.toml", kill_on_drop: false }`
[INFO] [stderr]     Blocking waiting for file lock on package cache
[INFO] [stderr]     Blocking waiting for file lock on package cache
[INFO] [stderr]  Downloading crates ...
[INFO] [stderr]   Downloaded bincode v0.8.0
[INFO] running `Command { std: "docker" "create" "-v" "/var/lib/crater-agent-workspace/builds/worker-34/target:/opt/rustwide/target:rw,Z" "-v" "/var/lib/crater-agent-workspace/builds/worker-34/source:/opt/rustwide/workdir:ro,Z" "-v" "/var/lib/crater-agent-workspace/cargo-home:/opt/rustwide/cargo-home:ro,Z" "-v" "/var/lib/crater-agent-workspace/rustup-home:/opt/rustwide/rustup-home:ro,Z" "-e" "SOURCE_DIR=/opt/rustwide/workdir" "-e" "CARGO_TARGET_DIR=/opt/rustwide/target" "-e" "CARGO_HOME=/opt/rustwide/cargo-home" "-e" "RUSTUP_HOME=/opt/rustwide/rustup-home" "-w" "/opt/rustwide/workdir" "-m" "1610612736" "--user" "0:0" "--network" "none" "ghcr.io/rust-lang/crates-build-env/linux@sha256:a89201d6b5b9fd45c15d5952ece0a0129e7e80cb26ec023fd59cf09bc26f1604" "/opt/rustwide/cargo-home/bin/cargo" "+beta-2021-10-15" "metadata" "--no-deps" "--format-version=1", kill_on_drop: false }`
[INFO] [stdout] 280fc616e078e042d7f4199400a78164e08dee8fcfdaeb7e9e2e96e48defbe70
[INFO] running `Command { std: "docker" "start" "-a" "280fc616e078e042d7f4199400a78164e08dee8fcfdaeb7e9e2e96e48defbe70", kill_on_drop: false }`
[INFO] running `Command { std: "docker" "inspect" "280fc616e078e042d7f4199400a78164e08dee8fcfdaeb7e9e2e96e48defbe70", kill_on_drop: false }`
[INFO] running `Command { std: "docker" "rm" "-f" "280fc616e078e042d7f4199400a78164e08dee8fcfdaeb7e9e2e96e48defbe70", kill_on_drop: false }`
[INFO] [stdout] 280fc616e078e042d7f4199400a78164e08dee8fcfdaeb7e9e2e96e48defbe70
[INFO] running `Command { std: "docker" "create" "-v" "/var/lib/crater-agent-workspace/builds/worker-34/target:/opt/rustwide/target:rw,Z" "-v" "/var/lib/crater-agent-workspace/builds/worker-34/source:/opt/rustwide/workdir:ro,Z" "-v" "/var/lib/crater-agent-workspace/cargo-home:/opt/rustwide/cargo-home:ro,Z" "-v" "/var/lib/crater-agent-workspace/rustup-home:/opt/rustwide/rustup-home:ro,Z" "-e" "SOURCE_DIR=/opt/rustwide/workdir" "-e" "CARGO_TARGET_DIR=/opt/rustwide/target" "-e" "CARGO_INCREMENTAL=0" "-e" "RUST_BACKTRACE=full" "-e" "RUSTFLAGS=--cap-lints=warn" "-e" "CARGO_HOME=/opt/rustwide/cargo-home" "-e" "RUSTUP_HOME=/opt/rustwide/rustup-home" "-w" "/opt/rustwide/workdir" "-m" "1610612736" "--user" "0:0" "--network" "none" "ghcr.io/rust-lang/crates-build-env/linux@sha256:a89201d6b5b9fd45c15d5952ece0a0129e7e80cb26ec023fd59cf09bc26f1604" "/opt/rustwide/cargo-home/bin/cargo" "+beta-2021-10-15" "check" "--frozen" "--all" "--all-targets" "--message-format=json", kill_on_drop: false }`
[INFO] [stdout] 0ed21b030f0162d984feab8b6a28436371a4ba6c2bfbf3d2d6a5845634c2477b
[INFO] running `Command { std: "docker" "start" "-a" "0ed21b030f0162d984feab8b6a28436371a4ba6c2bfbf3d2d6a5845634c2477b", kill_on_drop: false }`
[INFO] [stderr]     Blocking waiting for file lock on package cache
[INFO] [stderr]    Compiling serde v1.0.130
[INFO] [stderr]    Compiling syn v1.0.80
[INFO] [stderr]    Compiling crunchy v0.2.2
[INFO] [stderr]    Compiling radium v0.6.2
[INFO] [stderr]     Checking rustc-hex v2.1.0
[INFO] [stderr]     Checking static_assertions v1.1.0
[INFO] [stderr]     Checking tap v1.0.1
[INFO] [stderr]     Checking funty v1.1.0
[INFO] [stderr]     Checking wyz v0.2.0
[INFO] [stderr]     Checking bytes v1.1.0
[INFO] [stderr]     Checking byte-slice-cast v1.1.0
[INFO] [stderr]    Compiling tiny-keccak v2.0.2
[INFO] [stderr]     Checking arrayvec v0.7.1
[INFO] [stderr]     Checking hex v0.4.3
[INFO] [stderr]     Checking cita-crypto-trait v0.1.0
[INFO] [stderr]    Compiling num-traits v0.2.14
[INFO] [stderr]    Compiling rand v0.6.5
[INFO] [stderr]    Compiling secp256k1-sys v0.4.1
[INFO] [stderr]     Checking rand v0.8.4
[INFO] [stderr]     Checking rlp v0.5.1
[INFO] [stderr]     Checking uint v0.9.1
[INFO] [stderr]     Checking plain_hasher v0.2.3
[INFO] [stderr]     Checking fixed-hash v0.7.0
[INFO] [stderr]     Checking bitvec v0.20.4
[INFO] [stderr]     Checking impl-rlp v0.3.0
[INFO] [stderr]     Checking secp256k1 v0.20.3
[INFO] [stderr]     Checking num-traits v0.1.43
[INFO] [stderr]     Checking impl-serde v0.3.1
[INFO] [stderr]     Checking bincode v0.8.0
[INFO] [stderr]    Compiling toml v0.5.8
[INFO] [stderr]     Checking ethbloom v0.11.1
[INFO] [stderr]    Compiling thiserror-impl v1.0.30
[INFO] [stderr]    Compiling impl-trait-for-tuples v0.2.1
[INFO] [stderr]    Compiling thiserror v1.0.30
[INFO] [stderr]    Compiling proc-macro-crate v1.1.0
[INFO] [stderr]    Compiling parity-scale-codec-derive v2.3.1
[INFO] [stderr]     Checking parity-scale-codec v2.3.1
[INFO] [stderr]     Checking impl-codec v0.5.1
[INFO] [stderr]     Checking primitive-types v0.10.1
[INFO] [stderr]     Checking ethereum-types v0.12.1
[INFO] [stderr]     Checking cita-types v0.1.0
[INFO] [stderr]     Checking cita-hashable v0.1.0
[INFO] [stderr]     Checking cita-secp256k1 v0.1.0 (/opt/rustwide/workdir)
[INFO] [stdout] error[E0599]: no method named `crypt_hash` found for reference `&H512` in the current scope
[INFO] [stdout]   --> src/keypair.rs:24:23
[INFO] [stdout]    |
[INFO] [stdout] 24 |     H160::from(pubkey.crypt_hash())
[INFO] [stdout]    |                       ^^^^^^^^^^ method not found in `&H512`
[INFO] [stdout] 
[INFO] [stdout] 
[INFO] [stdout] error[E0599]: no method named `crypt_hash` found for reference `&H512` in the current scope
[INFO] [stdout]   --> src/keypair.rs:24:23
[INFO] [stdout]    |
[INFO] [stdout] 24 |     H160::from(pubkey.crypt_hash())
[INFO] [stdout]    |                       ^^^^^^^^^^ method not found in `&H512`
[INFO] [stdout] 
[INFO] [stdout] 
[INFO] [stdout] warning: unused import: `hashable::Hashable`
[INFO] [stdout]   --> src/keypair.rs:18:5
[INFO] [stdout]    |
[INFO] [stdout] 18 | use hashable::Hashable;
[INFO] [stdout]    |     ^^^^^^^^^^^^^^^^^^
[INFO] [stdout]    |
[INFO] [stdout]    = note: `#[warn(unused_imports)]` on by default
[INFO] [stdout] 
[INFO] [stdout] 
[INFO] [stdout] error: aborting due to previous error; 1 warning emitted
[INFO] [stdout] 
[INFO] [stdout] 
[INFO] [stdout] For more information about this error, try `rustc --explain E0599`.
[INFO] [stdout] 
[INFO] [stdout] error[E0599]: no method named `crypt_hash` found for struct `std::string::String` in the current scope
[INFO] [stdout]    --> src/signature.rs:402:27
[INFO] [stdout]     |
[INFO] [stdout] 402 |         let message = str.crypt_hash();
[INFO] [stdout]     |                           ^^^^^^^^^^ method not found in `std::string::String`
[INFO] [stdout] 
[INFO] [stdout] 
[INFO] [stderr] error: could not compile `cita-secp256k1` due to 2 previous errors; 1 warning emitted
[INFO] [stderr] warning: build failed, waiting for other jobs to finish...
[INFO] [stdout] error[E0599]: no method named `crypt_hash` found for struct `std::string::String` in the current scope
[INFO] [stdout]    --> src/signature.rs:413:27
[INFO] [stdout]     |
[INFO] [stdout] 413 |         let message = str.crypt_hash();
[INFO] [stdout]     |                           ^^^^^^^^^^ method not found in `std::string::String`
[INFO] [stdout] 
[INFO] [stdout] 
[INFO] [stdout] error[E0599]: no method named `crypt_hash` found for struct `std::string::String` in the current scope
[INFO] [stdout]    --> src/signature.rs:422:27
[INFO] [stdout]     |
[INFO] [stdout] 422 |         let message = str.crypt_hash();
[INFO] [stdout]     |                           ^^^^^^^^^^ method not found in `std::string::String`
[INFO] [stdout] 
[INFO] [stdout] 
[INFO] [stdout] error[E0599]: no method named `crypt_hash` found for struct `std::string::String` in the current scope
[INFO] [stdout]    --> src/signature.rs:431:27
[INFO] [stdout]     |
[INFO] [stdout] 431 |         let message = str.crypt_hash();
[INFO] [stdout]     |                           ^^^^^^^^^^ method not found in `std::string::String`
[INFO] [stdout] 
[INFO] [stdout] 
[INFO] [stdout] error[E0599]: no method named `crypt_hash` found for struct `std::string::String` in the current scope
[INFO] [stdout]    --> src/signature.rs:442:27
[INFO] [stdout]     |
[INFO] [stdout] 442 |         let message = str.crypt_hash();
[INFO] [stdout]     |                           ^^^^^^^^^^ method not found in `std::string::String`
[INFO] [stdout] 
[INFO] [stdout] 
[INFO] [stdout] error[E0599]: no method named `crypt_hash` found for struct `std::string::String` in the current scope
[INFO] [stdout]    --> src/signature.rs:456:27
[INFO] [stdout]     |
[INFO] [stdout] 456 |         let message = str.crypt_hash();
[INFO] [stdout]     |                           ^^^^^^^^^^ method not found in `std::string::String`
[INFO] [stdout] 
[INFO] [stdout] 
[INFO] [stdout] warning: unused import: `hashable::Hashable`
[INFO] [stdout]   --> src/keypair.rs:18:5
[INFO] [stdout]    |
[INFO] [stdout] 18 | use hashable::Hashable;
[INFO] [stdout]    |     ^^^^^^^^^^^^^^^^^^
[INFO] [stdout]    |
[INFO] [stdout]    = note: `#[warn(unused_imports)]` on by default
[INFO] [stdout] 
[INFO] [stdout] 
[INFO] [stdout] warning: unused import: `hashable::Hashable`
[INFO] [stdout]    --> src/signature.rs:395:9
[INFO] [stdout]     |
[INFO] [stdout] 395 |     use hashable::Hashable;
[INFO] [stdout]     |         ^^^^^^^^^^^^^^^^^^
[INFO] [stdout] 
[INFO] [stdout] 
[INFO] [stdout] error: aborting due to 7 previous errors; 2 warnings emitted
[INFO] [stdout] 
[INFO] [stdout] 
[INFO] [stdout] For more information about this error, try `rustc --explain E0599`.
[INFO] [stdout] 
[INFO] [stderr] error: build failed
[INFO] running `Command { std: "docker" "inspect" "0ed21b030f0162d984feab8b6a28436371a4ba6c2bfbf3d2d6a5845634c2477b", kill_on_drop: false }`
[INFO] running `Command { std: "docker" "rm" "-f" "0ed21b030f0162d984feab8b6a28436371a4ba6c2bfbf3d2d6a5845634c2477b", kill_on_drop: false }`
[INFO] [stdout] 0ed21b030f0162d984feab8b6a28436371a4ba6c2bfbf3d2d6a5845634c2477b
