[INFO] fetching crate cita-merklehash 0.1.0...
[INFO] checking cita-merklehash-0.1.0 against 1.55.0 for beta-1.56-3
[INFO] extracting crate cita-merklehash 0.1.0 into /workspace/builds/worker-54/source
[INFO] validating manifest of crates.io crate cita-merklehash 0.1.0 on toolchain 1.55.0
[INFO] running `Command { std: "/workspace/cargo-home/bin/cargo" "+1.55.0" "metadata" "--manifest-path" "Cargo.toml" "--no-deps", kill_on_drop: false }`
[INFO] started tweaking crates.io crate cita-merklehash 0.1.0
[INFO] finished tweaking crates.io crate cita-merklehash 0.1.0
[INFO] tweaked toml for crates.io crate cita-merklehash 0.1.0 written to /workspace/builds/worker-54/source/Cargo.toml
[INFO] running `Command { std: "/workspace/cargo-home/bin/cargo" "+1.55.0" "generate-lockfile" "--manifest-path" "Cargo.toml" "-Zno-index-update", kill_on_drop: false }`
[INFO] running `Command { std: "/workspace/cargo-home/bin/cargo" "+1.55.0" "fetch" "--manifest-path" "Cargo.toml", kill_on_drop: false }`
[INFO] [stderr]  Downloading crates ...
[INFO] [stderr]   Downloaded static_merkle_tree v1.1.0
[INFO] running `Command { std: "docker" "create" "-v" "/var/lib/crater-agent-workspace/builds/worker-54/target:/opt/rustwide/target:rw,Z" "-v" "/var/lib/crater-agent-workspace/builds/worker-54/source:/opt/rustwide/workdir:ro,Z" "-v" "/var/lib/crater-agent-workspace/cargo-home:/opt/rustwide/cargo-home:ro,Z" "-v" "/var/lib/crater-agent-workspace/rustup-home:/opt/rustwide/rustup-home:ro,Z" "-e" "SOURCE_DIR=/opt/rustwide/workdir" "-e" "CARGO_TARGET_DIR=/opt/rustwide/target" "-e" "CARGO_HOME=/opt/rustwide/cargo-home" "-e" "RUSTUP_HOME=/opt/rustwide/rustup-home" "-w" "/opt/rustwide/workdir" "-m" "1610612736" "--user" "0:0" "--network" "none" "ghcr.io/rust-lang/crates-build-env/linux@sha256:a89201d6b5b9fd45c15d5952ece0a0129e7e80cb26ec023fd59cf09bc26f1604" "/opt/rustwide/cargo-home/bin/cargo" "+1.55.0" "metadata" "--no-deps" "--format-version=1", kill_on_drop: false }`
[INFO] [stdout] 77535dae3a08846ecead9311209f882d5e54714ef5f71e9b06ef9f426a2f1f7f
[INFO] running `Command { std: "docker" "start" "-a" "77535dae3a08846ecead9311209f882d5e54714ef5f71e9b06ef9f426a2f1f7f", kill_on_drop: false }`
[INFO] running `Command { std: "docker" "inspect" "77535dae3a08846ecead9311209f882d5e54714ef5f71e9b06ef9f426a2f1f7f", kill_on_drop: false }`
[INFO] running `Command { std: "docker" "rm" "-f" "77535dae3a08846ecead9311209f882d5e54714ef5f71e9b06ef9f426a2f1f7f", kill_on_drop: false }`
[INFO] [stdout] 77535dae3a08846ecead9311209f882d5e54714ef5f71e9b06ef9f426a2f1f7f
[INFO] running `Command { std: "docker" "create" "-v" "/var/lib/crater-agent-workspace/builds/worker-54/target:/opt/rustwide/target:rw,Z" "-v" "/var/lib/crater-agent-workspace/builds/worker-54/source:/opt/rustwide/workdir:ro,Z" "-v" "/var/lib/crater-agent-workspace/cargo-home:/opt/rustwide/cargo-home:ro,Z" "-v" "/var/lib/crater-agent-workspace/rustup-home:/opt/rustwide/rustup-home:ro,Z" "-e" "SOURCE_DIR=/opt/rustwide/workdir" "-e" "CARGO_TARGET_DIR=/opt/rustwide/target" "-e" "CARGO_INCREMENTAL=0" "-e" "RUST_BACKTRACE=full" "-e" "RUSTFLAGS=--cap-lints=warn" "-e" "CARGO_HOME=/opt/rustwide/cargo-home" "-e" "RUSTUP_HOME=/opt/rustwide/rustup-home" "-w" "/opt/rustwide/workdir" "-m" "1610612736" "--user" "0:0" "--network" "none" "ghcr.io/rust-lang/crates-build-env/linux@sha256:a89201d6b5b9fd45c15d5952ece0a0129e7e80cb26ec023fd59cf09bc26f1604" "/opt/rustwide/cargo-home/bin/cargo" "+1.55.0" "check" "--frozen" "--all" "--all-targets" "--message-format=json", kill_on_drop: false }`
[INFO] [stdout] 41479ae495151d2e52f7700f6f430af5a84365d103fce76c9c4c4e368036637b
[INFO] running `Command { std: "docker" "start" "-a" "41479ae495151d2e52f7700f6f430af5a84365d103fce76c9c4c4e368036637b", kill_on_drop: false }`
[INFO] [stderr]     Blocking waiting for file lock on package cache
[INFO] [stderr]    Compiling serde v1.0.130
[INFO] [stderr]    Compiling syn v1.0.80
[INFO] [stderr]    Compiling libc v0.2.103
[INFO] [stderr]    Compiling crunchy v0.2.2
[INFO] [stderr]    Compiling radium v0.6.2
[INFO] [stderr]     Checking rustc-hex v2.1.0
[INFO] [stderr]     Checking static_assertions v1.1.0
[INFO] [stderr]     Checking tap v1.0.1
[INFO] [stderr]     Checking byteorder v1.4.3
[INFO] [stderr]     Checking bytes v1.1.0
[INFO] [stderr]     Checking funty v1.1.0
[INFO] [stderr]     Checking wyz v0.2.0
[INFO] [stderr]     Checking arrayvec v0.7.1
[INFO] [stderr]     Checking byte-slice-cast v1.1.0
[INFO] [stderr]    Compiling tiny-keccak v2.0.2
[INFO] [stderr]     Checking hex v0.4.3
[INFO] [stderr]     Checking static_merkle_tree v1.1.0
[INFO] [stderr]     Checking rlp v0.5.1
[INFO] [stderr]     Checking impl-rlp v0.3.0
[INFO] [stderr]     Checking uint v0.9.1
[INFO] [stderr]     Checking plain_hasher v0.2.3
[INFO] [stderr]     Checking bitvec v0.20.4
[INFO] [stderr]     Checking getrandom v0.2.3
[INFO] [stderr]     Checking rand_core v0.6.3
[INFO] [stderr]     Checking rand_chacha v0.3.1
[INFO] [stderr]     Checking rand v0.8.4
[INFO] [stderr]     Checking fixed-hash v0.7.0
[INFO] [stderr]     Checking impl-serde v0.3.1
[INFO] [stderr]    Compiling toml v0.5.8
[INFO] [stderr]     Checking ethbloom v0.11.1
[INFO] [stderr]    Compiling thiserror-impl v1.0.30
[INFO] [stderr]    Compiling impl-trait-for-tuples v0.2.1
[INFO] [stderr]    Compiling thiserror v1.0.30
[INFO] [stderr]    Compiling proc-macro-crate v1.1.0
[INFO] [stderr]    Compiling parity-scale-codec-derive v2.3.1
[INFO] [stderr]     Checking parity-scale-codec v2.3.1
[INFO] [stderr]     Checking impl-codec v0.5.1
[INFO] [stderr]     Checking primitive-types v0.10.1
[INFO] [stderr]     Checking ethereum-types v0.12.1
[INFO] [stderr]     Checking cita-types v0.1.0
[INFO] [stderr]     Checking cita-hashable v0.1.0
[INFO] [stderr]     Checking cita-merklehash v0.1.0 (/opt/rustwide/workdir)
[INFO] [stdout] error[E0432]: unresolved import `self::hashable::HASH_NULL_RLP`
[INFO] [stdout]   --> src/lib.rs:22:9
[INFO] [stdout]    |
[INFO] [stdout] 22 | pub use self::hashable::HASH_NULL_RLP as HASH_NULL;
[INFO] [stdout]    |         ^^^^^^^^^^^^^^^^^^^^^^^^^^^^^^^^^^^^^^^^^^ no `HASH_NULL_RLP` in the root
[INFO] [stdout] 
[INFO] [stdout] 
[INFO] [stdout] error[E0432]: unresolved import `self::hashable::HASH_NULL_RLP`
[INFO] [stdout]   --> src/lib.rs:22:9
[INFO] [stdout]    |
[INFO] [stdout] 22 | pub use self::hashable::HASH_NULL_RLP as HASH_NULL;
[INFO] [stdout]    |         ^^^^^^^^^^^^^^^^^^^^^^^^^^^^^^^^^^^^^^^^^^ no `HASH_NULL_RLP` in the root
[INFO] [stdout] 
[INFO] [stdout] 
[INFO] [stdout] error[E0599]: no method named `crypt_hash` found for struct `bytes::bytes_mut::BytesMut` in the current scope
[INFO] [stdout]   --> src/lib.rs:73:18
[INFO] [stdout]    |
[INFO] [stdout] 73 |     stream.out().crypt_hash()
[INFO] [stdout]    |                  ^^^^^^^^^^ method not found in `bytes::bytes_mut::BytesMut`
[INFO] [stdout] 
[INFO] [stdout] 
[INFO] [stdout] warning: unused import: `self::hashable::Hashable`
[INFO] [stdout]   --> src/lib.rs:17:5
[INFO] [stdout]    |
[INFO] [stdout] 17 | use self::hashable::Hashable;
[INFO] [stdout]    |     ^^^^^^^^^^^^^^^^^^^^^^^^
[INFO] [stdout]    |
[INFO] [stdout]    = note: `#[warn(unused_imports)]` on by default
[INFO] [stdout] 
[INFO] [stdout] 
[INFO] [stdout] error: aborting due to 2 previous errors; 1 warning emitted
[INFO] [stdout] 
[INFO] [stdout] 
[INFO] [stdout] Some errors have detailed explanations: E0432, E0599.
[INFO] [stdout] 
[INFO] [stdout] For more information about an error, try `rustc --explain E0432`.
[INFO] [stdout] 
[INFO] [stdout] error[E0599]: no method named `crypt_hash` found for struct `bytes::bytes_mut::BytesMut` in the current scope
[INFO] [stdout]   --> src/lib.rs:73:18
[INFO] [stdout]    |
[INFO] [stdout] 73 |     stream.out().crypt_hash()
[INFO] [stdout]    |                  ^^^^^^^^^^ method not found in `bytes::bytes_mut::BytesMut`
[INFO] [stdout] 
[INFO] [stdout] 
[INFO] [stdout] warning: unused import: `self::hashable::Hashable`
[INFO] [stdout]   --> src/lib.rs:17:5
[INFO] [stdout]    |
[INFO] [stdout] 17 | use self::hashable::Hashable;
[INFO] [stdout]    |     ^^^^^^^^^^^^^^^^^^^^^^^^
[INFO] [stdout]    |
[INFO] [stdout]    = note: `#[warn(unused_imports)]` on by default
[INFO] [stdout] 
[INFO] [stdout] 
[INFO] [stderr] error: could not compile `cita-merklehash` due to 3 previous errors; 1 warning emitted
[INFO] [stderr] warning: build failed, waiting for other jobs to finish...
[INFO] [stdout] error: aborting due to 2 previous errors; 1 warning emitted
[INFO] [stdout] 
[INFO] [stdout] 
[INFO] [stdout] Some errors have detailed explanations: E0432, E0599.
[INFO] [stdout] 
[INFO] [stdout] For more information about an error, try `rustc --explain E0432`.
[INFO] [stdout] 
[INFO] [stderr] error: build failed
[INFO] running `Command { std: "docker" "inspect" "41479ae495151d2e52f7700f6f430af5a84365d103fce76c9c4c4e368036637b", kill_on_drop: false }`
[INFO] running `Command { std: "docker" "rm" "-f" "41479ae495151d2e52f7700f6f430af5a84365d103fce76c9c4c4e368036637b", kill_on_drop: false }`
[INFO] [stdout] 41479ae495151d2e52f7700f6f430af5a84365d103fce76c9c4c4e368036637b
