[INFO] fetching crate cio-api 0.1.2...
[INFO] checking cio-api-0.1.2 against 1.55.0 for beta-1.56-3
[INFO] extracting crate cio-api 0.1.2 into /workspace/builds/worker-6/source
[INFO] validating manifest of crates.io crate cio-api 0.1.2 on toolchain 1.55.0
[INFO] running `Command { std: "/workspace/cargo-home/bin/cargo" "+1.55.0" "metadata" "--manifest-path" "Cargo.toml" "--no-deps", kill_on_drop: false }`
[INFO] started tweaking crates.io crate cio-api 0.1.2
[INFO] finished tweaking crates.io crate cio-api 0.1.2
[INFO] tweaked toml for crates.io crate cio-api 0.1.2 written to /workspace/builds/worker-6/source/Cargo.toml
[INFO] running `Command { std: "/workspace/cargo-home/bin/cargo" "+1.55.0" "generate-lockfile" "--manifest-path" "Cargo.toml" "-Zno-index-update", kill_on_drop: false }`
[INFO] [stderr]     Blocking waiting for file lock on package cache
[INFO] running `Command { std: "/workspace/cargo-home/bin/cargo" "+1.55.0" "fetch" "--manifest-path" "Cargo.toml", kill_on_drop: false }`
[INFO] [stderr]     Blocking waiting for file lock on package cache
[INFO] [stderr]  Downloading crates ...
[INFO] [stderr]   Downloaded airtable-api v0.1.34
[INFO] [stderr]   Downloaded chrono-humanize v0.0.11
[INFO] [stderr]   Downloaded google-drive v0.1.25
[INFO] [stderr]   Downloaded pandoc v0.8.6
[INFO] [stderr]   Downloaded html2text v0.1.14
[INFO] running `Command { std: "docker" "create" "-v" "/var/lib/crater-agent-workspace/builds/worker-6/target:/opt/rustwide/target:rw,Z" "-v" "/var/lib/crater-agent-workspace/builds/worker-6/source:/opt/rustwide/workdir:ro,Z" "-v" "/var/lib/crater-agent-workspace/cargo-home:/opt/rustwide/cargo-home:ro,Z" "-v" "/var/lib/crater-agent-workspace/rustup-home:/opt/rustwide/rustup-home:ro,Z" "-e" "SOURCE_DIR=/opt/rustwide/workdir" "-e" "CARGO_TARGET_DIR=/opt/rustwide/target" "-e" "CARGO_HOME=/opt/rustwide/cargo-home" "-e" "RUSTUP_HOME=/opt/rustwide/rustup-home" "-w" "/opt/rustwide/workdir" "-m" "1610612736" "--user" "0:0" "--network" "none" "ghcr.io/rust-lang/crates-build-env/linux@sha256:a89201d6b5b9fd45c15d5952ece0a0129e7e80cb26ec023fd59cf09bc26f1604" "/opt/rustwide/cargo-home/bin/cargo" "+1.55.0" "metadata" "--no-deps" "--format-version=1", kill_on_drop: false }`
[INFO] [stdout] 3446ab2713035240c84b32eca264a1be7e33f7bc5c83d9bf2fda760f12a8815c
[INFO] running `Command { std: "docker" "start" "-a" "3446ab2713035240c84b32eca264a1be7e33f7bc5c83d9bf2fda760f12a8815c", kill_on_drop: false }`
[INFO] running `Command { std: "docker" "inspect" "3446ab2713035240c84b32eca264a1be7e33f7bc5c83d9bf2fda760f12a8815c", kill_on_drop: false }`
[INFO] running `Command { std: "docker" "rm" "-f" "3446ab2713035240c84b32eca264a1be7e33f7bc5c83d9bf2fda760f12a8815c", kill_on_drop: false }`
[INFO] [stdout] 3446ab2713035240c84b32eca264a1be7e33f7bc5c83d9bf2fda760f12a8815c
[INFO] running `Command { std: "docker" "create" "-v" "/var/lib/crater-agent-workspace/builds/worker-6/target:/opt/rustwide/target:rw,Z" "-v" "/var/lib/crater-agent-workspace/builds/worker-6/source:/opt/rustwide/workdir:ro,Z" "-v" "/var/lib/crater-agent-workspace/cargo-home:/opt/rustwide/cargo-home:ro,Z" "-v" "/var/lib/crater-agent-workspace/rustup-home:/opt/rustwide/rustup-home:ro,Z" "-e" "SOURCE_DIR=/opt/rustwide/workdir" "-e" "CARGO_TARGET_DIR=/opt/rustwide/target" "-e" "CARGO_INCREMENTAL=0" "-e" "RUST_BACKTRACE=full" "-e" "RUSTFLAGS=--cap-lints=warn" "-e" "CARGO_HOME=/opt/rustwide/cargo-home" "-e" "RUSTUP_HOME=/opt/rustwide/rustup-home" "-w" "/opt/rustwide/workdir" "-m" "1610612736" "--user" "0:0" "--network" "none" "ghcr.io/rust-lang/crates-build-env/linux@sha256:a89201d6b5b9fd45c15d5952ece0a0129e7e80cb26ec023fd59cf09bc26f1604" "/opt/rustwide/cargo-home/bin/cargo" "+1.55.0" "check" "--frozen" "--all" "--all-targets" "--message-format=json", kill_on_drop: false }`
[INFO] [stdout] 847081b33b838b87c0a0aa9e89a26e646103df55f1e9a270bd23a666479a7dd2
[INFO] running `Command { std: "docker" "start" "-a" "847081b33b838b87c0a0aa9e89a26e646103df55f1e9a270bd23a666479a7dd2", kill_on_drop: false }`
[INFO] [stderr]    Compiling syn v1.0.80
[INFO] [stderr]    Compiling parking_lot_core v0.8.5
[INFO] [stderr]    Compiling futures-task v0.3.17
[INFO] [stderr]     Checking new_debug_unreachable v1.0.4
[INFO] [stderr]     Checking smallvec v1.7.0
[INFO] [stderr]     Checking mac v0.1.1
[INFO] [stderr]     Checking precomputed-hash v0.1.1
[INFO] [stderr]     Checking utf-8 v0.7.6
[INFO] [stderr]    Compiling schemars v0.8.6
[INFO] [stderr]     Checking uuid v0.8.2
[INFO] [stderr]     Checking dyn-clone v1.0.4
[INFO] [stderr]     Checking unicode-width v0.1.9
[INFO] [stderr]    Compiling tokio v1.12.0
[INFO] [stderr]    Compiling futures-util v0.3.17
[INFO] [stderr]     Checking instant v0.1.11
[INFO] [stderr]     Checking itertools v0.8.2
[INFO] [stderr]     Checking http-body v0.4.3
[INFO] [stderr]    Compiling phf_generator v0.8.0
[INFO] [stderr]     Checking futf v0.1.4
[INFO] [stderr]    Compiling string_cache_codegen v0.5.1
[INFO] [stderr]    Compiling phf_codegen v0.8.0
[INFO] [stderr]     Checking tendril v0.4.2
[INFO] [stderr]     Checking parking_lot v0.11.2
[INFO] [stderr]    Compiling markup5ever v0.10.1
[INFO] [stderr]     Checking pandoc v0.8.6
[INFO] [stderr]     Checking tokio-util v0.6.8
[INFO] [stderr]     Checking tokio-native-tls v0.3.0
[INFO] [stderr]    Compiling serde_derive_internals v0.25.0
[INFO] [stderr]     Checking h2 v0.3.6
[INFO] [stderr]     Checking hyper v0.14.13
[INFO] [stderr]    Compiling serde_derive v1.0.130
[INFO] [stderr]    Compiling html5ever v0.25.1
[INFO] [stderr]    Compiling schemars_derive v0.8.6
[INFO] [stderr]     Checking hyper-tls v0.5.0
[INFO] [stderr]     Checking serde v1.0.130
[INFO] [stderr]     Checking string_cache v0.8.2
[INFO] [stderr]     Checking serde_json v1.0.68
[INFO] [stderr]     Checking serde_urlencoded v0.7.0
[INFO] [stderr]     Checking chrono v0.4.19
[INFO] [stderr]     Checking chrono-humanize v0.0.11
[INFO] [stderr]     Checking reqwest v0.11.5
[INFO] [stderr]     Checking xml5ever v0.16.1
[INFO] [stderr]     Checking google-drive v0.1.25
[INFO] [stderr]     Checking airtable-api v0.1.34
[INFO] [stderr]     Checking markup5ever_rcdom v0.1.0
[INFO] [stderr]     Checking html2text v0.1.14
[INFO] [stderr]     Checking cio-api v0.1.2 (/opt/rustwide/workdir)
[INFO] [stdout] error[E0599]: no method named `unwrap` found for struct `std::string::String` in the current scope
[INFO] [stdout]    --> src/applicants.rs:721:42
[INFO] [stdout]     |
[INFO] [stdout] 721 |     let mime_type = drive_file.mime_type.unwrap();
[INFO] [stdout]     |                                          ^^^^^^ method not found in `std::string::String`
[INFO] [stdout] 
[INFO] [stdout] 
[INFO] [stdout] error[E0599]: no method named `unwrap` found for struct `std::string::String` in the current scope
[INFO] [stdout]    --> src/applicants.rs:721:42
[INFO] [stdout]     |
[INFO] [stdout] 721 |     let mime_type = drive_file.mime_type.unwrap();
[INFO] [stdout]     |                                          ^^^^^^ method not found in `std::string::String`
[INFO] [stdout] 
[INFO] [stdout] 
[INFO] [stdout] error[E0599]: no method named `unwrap` found for struct `std::string::String` in the current scope
[INFO] [stdout]    --> src/applicants.rs:722:32
[INFO] [stdout]     |
[INFO] [stdout] 722 |     let name = drive_file.name.unwrap();
[INFO] [stdout]     |                                ^^^^^^ method not found in `std::string::String`
[INFO] [stdout] 
[INFO] [stdout] 
[INFO] [stdout] error[E0599]: no method named `unwrap` found for struct `std::string::String` in the current scope
[INFO] [stdout]    --> src/applicants.rs:722:32
[INFO] [stdout]     |
[INFO] [stdout] 722 |     let name = drive_file.name.unwrap();
[INFO] [stdout]     |                                ^^^^^^ method not found in `std::string::String`
[INFO] [stdout] 
[INFO] [stdout] 
[INFO] [stdout] error[E0061]: this function takes 3 arguments but 2 arguments were supplied
[INFO] [stdout]    --> src/core.rs:271:13
[INFO] [stdout]     |
[INFO] [stdout] 271 |             Airtable::new(api_key.to_string(), BASE_ID_CUSTOMER_LEADS);
[INFO] [stdout]     |             ^^^^^^^^^^^^^ -------------------  ---------------------- supplied 2 arguments
[INFO] [stdout]     |             |
[INFO] [stdout]     |             expected 3 arguments
[INFO] [stdout]     |
[INFO] [stdout] note: associated function defined here
[INFO] [stdout]    --> /opt/rustwide/cargo-home/registry/src/github.com-1ecc6299db9ec823/airtable-api-0.1.34/src/lib.rs:73:12
[INFO] [stdout]     |
[INFO] [stdout] 73  |     pub fn new<K, B, E>(key: K, base_id: B, enterprise_account_id: E) -> Self
[INFO] [stdout]     |            ^^^
[INFO] [stdout] 
[INFO] [stdout] 
[INFO] [stdout] error[E0061]: this function takes 3 arguments but 2 arguments were supplied
[INFO] [stdout]    --> src/core.rs:271:13
[INFO] [stdout]     |
[INFO] [stdout] 271 |             Airtable::new(api_key.to_string(), BASE_ID_CUSTOMER_LEADS);
[INFO] [stdout]     |             ^^^^^^^^^^^^^ -------------------  ---------------------- supplied 2 arguments
[INFO] [stdout]     |             |
[INFO] [stdout]     |             expected 3 arguments
[INFO] [stdout]     |
[INFO] [stdout] note: associated function defined here
[INFO] [stdout]    --> /opt/rustwide/cargo-home/registry/src/github.com-1ecc6299db9ec823/airtable-api-0.1.34/src/lib.rs:73:12
[INFO] [stdout]     |
[INFO] [stdout] 73  |     pub fn new<K, B, E>(key: K, base_id: B, enterprise_account_id: E) -> Self
[INFO] [stdout]     |            ^^^
[INFO] [stdout] 
[INFO] [stdout] 
[INFO] [stdout] error[E0308]: mismatched types
[INFO] [stdout]    --> src/core.rs:275:17
[INFO] [stdout]     |
[INFO] [stdout] 275 |             id: None,
[INFO] [stdout]     |                 ^^^^ expected struct `std::string::String`, found enum `std::option::Option`
[INFO] [stdout]     |
[INFO] [stdout]     = note: expected struct `std::string::String`
[INFO] [stdout]                  found enum `std::option::Option<_>`
[INFO] [stdout] 
[INFO] [stdout] 
[INFO] [stdout] error[E0308]: mismatched types
[INFO] [stdout]    --> src/core.rs:275:17
[INFO] [stdout]     |
[INFO] [stdout] 275 |             id: None,
[INFO] [stdout]     |                 ^^^^ expected struct `std::string::String`, found enum `std::option::Option`
[INFO] [stdout]     |
[INFO] [stdout]     = note: expected struct `std::string::String`
[INFO] [stdout]                  found enum `std::option::Option<_>`
[INFO] [stdout] 
[INFO] [stdout] 
[INFO] [stdout] error: aborting due to 4 previous errors
[INFO] [stdout] 
[INFO] [stdout] 
[INFO] [stdout] Some errors have detailed explanations: E0061, E0308, E0599.
[INFO] [stdout] 
[INFO] [stdout] For more information about an error, try `rustc --explain E0061`.
[INFO] [stdout] 
[INFO] [stdout] error: aborting due to 4 previous errors
[INFO] [stdout] 
[INFO] [stdout] 
[INFO] [stdout] Some errors have detailed explanations: E0061, E0308, E0599.
[INFO] [stdout] 
[INFO] [stdout] For more information about an error, try `rustc --explain E0061`.
[INFO] [stdout] 
[INFO] [stderr] error: could not compile `cio-api` due to 5 previous errors
[INFO] [stderr] warning: build failed, waiting for other jobs to finish...
[INFO] [stderr] error: build failed
[INFO] running `Command { std: "docker" "inspect" "847081b33b838b87c0a0aa9e89a26e646103df55f1e9a270bd23a666479a7dd2", kill_on_drop: false }`
[INFO] running `Command { std: "docker" "rm" "-f" "847081b33b838b87c0a0aa9e89a26e646103df55f1e9a270bd23a666479a7dd2", kill_on_drop: false }`
[INFO] [stdout] 847081b33b838b87c0a0aa9e89a26e646103df55f1e9a270bd23a666479a7dd2
