[INFO] fetching crate chemfiles 0.10.1...
[INFO] checking chemfiles-0.10.1 against 1.55.0 for beta-1.56-3
[INFO] extracting crate chemfiles 0.10.1 into /workspace/builds/worker-88/source
[INFO] validating manifest of crates.io crate chemfiles 0.10.1 on toolchain 1.55.0
[INFO] running `Command { std: "/workspace/cargo-home/bin/cargo" "+1.55.0" "metadata" "--manifest-path" "Cargo.toml" "--no-deps", kill_on_drop: false }`
[INFO] started tweaking crates.io crate chemfiles 0.10.1
[INFO] finished tweaking crates.io crate chemfiles 0.10.1
[INFO] tweaked toml for crates.io crate chemfiles 0.10.1 written to /workspace/builds/worker-88/source/Cargo.toml
[INFO] crate crates.io crate chemfiles 0.10.1 already has a lockfile, it will not be regenerated
[INFO] running `Command { std: "/workspace/cargo-home/bin/cargo" "+1.55.0" "fetch" "--manifest-path" "Cargo.toml", kill_on_drop: false }`
[INFO] [stderr]     Blocking waiting for file lock on package cache
[INFO] [stderr]     Blocking waiting for file lock on package cache
[INFO] [stderr]  Downloading crates ...
[INFO] [stderr]   Downloaded chemfiles-sys v0.10.1
[INFO] running `Command { std: "docker" "create" "-v" "/var/lib/crater-agent-workspace/builds/worker-88/target:/opt/rustwide/target:rw,Z" "-v" "/var/lib/crater-agent-workspace/builds/worker-88/source:/opt/rustwide/workdir:ro,Z" "-v" "/var/lib/crater-agent-workspace/cargo-home:/opt/rustwide/cargo-home:ro,Z" "-v" "/var/lib/crater-agent-workspace/rustup-home:/opt/rustwide/rustup-home:ro,Z" "-e" "SOURCE_DIR=/opt/rustwide/workdir" "-e" "CARGO_TARGET_DIR=/opt/rustwide/target" "-e" "CARGO_HOME=/opt/rustwide/cargo-home" "-e" "RUSTUP_HOME=/opt/rustwide/rustup-home" "-w" "/opt/rustwide/workdir" "-m" "1610612736" "--user" "0:0" "--network" "none" "ghcr.io/rust-lang/crates-build-env/linux@sha256:a89201d6b5b9fd45c15d5952ece0a0129e7e80cb26ec023fd59cf09bc26f1604" "/opt/rustwide/cargo-home/bin/cargo" "+1.55.0" "metadata" "--no-deps" "--format-version=1", kill_on_drop: false }`
[INFO] [stdout] ee182a8448015cfac0a15eb3cd8aa2c449c61a5ae5d46af506395e5ce3ead097
[INFO] running `Command { std: "docker" "start" "-a" "ee182a8448015cfac0a15eb3cd8aa2c449c61a5ae5d46af506395e5ce3ead097", kill_on_drop: false }`
[INFO] running `Command { std: "docker" "inspect" "ee182a8448015cfac0a15eb3cd8aa2c449c61a5ae5d46af506395e5ce3ead097", kill_on_drop: false }`
[INFO] running `Command { std: "docker" "rm" "-f" "ee182a8448015cfac0a15eb3cd8aa2c449c61a5ae5d46af506395e5ce3ead097", kill_on_drop: false }`
[INFO] [stdout] ee182a8448015cfac0a15eb3cd8aa2c449c61a5ae5d46af506395e5ce3ead097
[INFO] running `Command { std: "docker" "create" "-v" "/var/lib/crater-agent-workspace/builds/worker-88/target:/opt/rustwide/target:rw,Z" "-v" "/var/lib/crater-agent-workspace/builds/worker-88/source:/opt/rustwide/workdir:ro,Z" "-v" "/var/lib/crater-agent-workspace/cargo-home:/opt/rustwide/cargo-home:ro,Z" "-v" "/var/lib/crater-agent-workspace/rustup-home:/opt/rustwide/rustup-home:ro,Z" "-e" "SOURCE_DIR=/opt/rustwide/workdir" "-e" "CARGO_TARGET_DIR=/opt/rustwide/target" "-e" "CARGO_INCREMENTAL=0" "-e" "RUST_BACKTRACE=full" "-e" "RUSTFLAGS=--cap-lints=warn" "-e" "CARGO_HOME=/opt/rustwide/cargo-home" "-e" "RUSTUP_HOME=/opt/rustwide/rustup-home" "-w" "/opt/rustwide/workdir" "-m" "1610612736" "--user" "0:0" "--network" "none" "ghcr.io/rust-lang/crates-build-env/linux@sha256:a89201d6b5b9fd45c15d5952ece0a0129e7e80cb26ec023fd59cf09bc26f1604" "/opt/rustwide/cargo-home/bin/cargo" "+1.55.0" "check" "--frozen" "--all" "--all-targets" "--message-format=json", kill_on_drop: false }`
[INFO] [stdout] 8f6e794eb441cc37eff43e1f4ced15f917ab737892041a433077def174fa9d8c
[INFO] running `Command { std: "docker" "start" "-a" "8f6e794eb441cc37eff43e1f4ced15f917ab737892041a433077def174fa9d8c", kill_on_drop: false }`
[INFO] [stderr]    Compiling cc v1.0.69
[INFO] [stderr]     Checking approx v0.4.0
[INFO] [stderr]    Compiling cmake v0.1.45
[INFO] [stderr]    Compiling chemfiles-sys v0.10.1
[INFO] [stderr] error: failed to run custom build command for `chemfiles-sys v0.10.1`
[INFO] [stderr] 
[INFO] [stderr] Caused by:
[INFO] [stderr]   process didn't exit successfully: `/opt/rustwide/target/debug/build/chemfiles-sys-aa582e1ec2051807/build-script-build` (exit status: 101)
[INFO] [stderr]   --- stdout
[INFO] [stderr]   running: "cmake" "/opt/rustwide/cargo-home/registry/src/github.com-1ecc6299db9ec823/chemfiles-sys-0.10.1/." "-DCMAKE_INSTALL_PREFIX=/opt/rustwide/target/debug/build/chemfiles-sys-f266ca10dfa463d3/out" "-DCMAKE_C_FLAGS= -ffunction-sections -fdata-sections -fPIC -m64" "-DCMAKE_C_COMPILER=/usr/bin/cc" "-DCMAKE_CXX_FLAGS= -ffunction-sections -fdata-sections -fPIC -m64" "-DCMAKE_CXX_COMPILER=/usr/bin/c++" "-DCMAKE_ASM_FLAGS= -ffunction-sections -fdata-sections -fPIC -m64" "-DCMAKE_ASM_COMPILER=/usr/bin/cc" "-DCMAKE_BUILD_TYPE=Debug"
[INFO] [stderr]   -- The C compiler identification is GNU 9.3.0
[INFO] [stderr]   -- The CXX compiler identification is GNU 9.3.0
[INFO] [stderr]   -- Check for working C compiler: /usr/bin/cc
[INFO] [stderr]   -- Check for working C compiler: /usr/bin/cc -- works
[INFO] [stderr]   -- Detecting C compiler ABI info
[INFO] [stderr]   -- Detecting C compiler ABI info - done
[INFO] [stderr]   -- Detecting C compile features
[INFO] [stderr]   -- Detecting C compile features - done
[INFO] [stderr]   -- Check for working CXX compiler: /usr/bin/c++
[INFO] [stderr]   -- Check for working CXX compiler: /usr/bin/c++ -- works
[INFO] [stderr]   -- Detecting CXX compiler ABI info
[INFO] [stderr]   -- Detecting CXX compiler ABI info - done
[INFO] [stderr]   -- Detecting CXX compile features
[INFO] [stderr]   -- Detecting CXX compile features - done
[INFO] [stderr]   -- Unpacking zlib sources
[INFO] [stderr]   -- Unpacking lzma sources
[INFO] [stderr]   -- Check if the system is big endian
[INFO] [stderr]   -- Searching 16 bit integer
[INFO] [stderr]   -- Using unsigned short
[INFO] [stderr]   -- Check if the system is big endian - little endian
[INFO] [stderr]   -- Unpacking bzip2 sources
[INFO] [stderr]   -- Unpacking fmt sources
[INFO] [stderr]   -- Unpacking toml11 sources
[INFO] [stderr]   -- Unpacking netcdf sources
[INFO] [stderr]   -- Unpacking tng sources
[INFO] [stderr]   -- Check if the system is big endian
[INFO] [stderr]   -- Searching 16 bit integer
[INFO] [stderr]   -- Using unsigned short
[INFO] [stderr]   -- Check if the system is big endian - little endian
[INFO] [stderr]   -- Unpacking molfiles sources
[INFO] [stderr]   -- Unpacking mmtf-cpp sources
[INFO] [stderr]   -- Unpacking pugixml sources
[INFO] [stderr]   -- Unpacking xdrfile sources
[INFO] [stderr]   -- Unpacking gemmi sources
[INFO] [stderr]   -- Configuring done
[INFO] [stderr]   -- Generating done
[INFO] [stderr]   -- Build files have been written to: /opt/rustwide/target/debug/build/chemfiles-sys-f266ca10dfa463d3/out/build
[INFO] [stderr]   running: "cmake" "--build" "." "--target" "install" "--config" "Debug" "--"
[INFO] [stderr]   Scanning dependencies of target pugixml
[INFO] [stderr]   Scanning dependencies of target fmt
[INFO] [stderr]   Scanning dependencies of target bzip2
[INFO] [stderr]   Scanning dependencies of target molfiles
[INFO] [stderr]   Scanning dependencies of target xdrfile
[INFO] [stderr]   Scanning dependencies of target zlib
[INFO] [stderr]   [  1%] Building CXX object chemfiles/external/fmt/CMakeFiles/fmt.dir/src/format.cc.o
[INFO] [stderr]   [  1%] Building C object chemfiles/external/molfiles/CMakeFiles/molfiles.dir/src/dcdplugin.c.o
[INFO] [stderr]   [  2%] Building C object chemfiles/external/molfiles/CMakeFiles/molfiles.dir/src/moldenplugin.c.o
[INFO] [stderr]   [  2%] Building CXX object chemfiles/external/fmt/CMakeFiles/fmt.dir/src/os.cc.o
[INFO] [stderr]   [  2%] Building CXX object chemfiles/external/CMakeFiles/pugixml.dir/pugixml/src/pugixml.cpp.o
[INFO] [stderr]   [  2%] Building C object chemfiles/external/molfiles/CMakeFiles/molfiles.dir/src/lammpsplugin.c.o
[INFO] [stderr]   [  2%] Building C object chemfiles/external/bzip2/CMakeFiles/bzip2.dir/blocksort.c.o
[INFO] [stderr]   [  2%] Building C object chemfiles/external/xdrfile/CMakeFiles/xdrfile.dir/src/xdrfile_trr.c.o
[INFO] [stderr]   [  3%] Building C object chemfiles/external/xdrfile/CMakeFiles/xdrfile.dir/src/xdrfile_xtc.c.o
[INFO] [stderr]   Scanning dependencies of target tng_io
[INFO] [stderr]   Scanning dependencies of target netcdf
[INFO] [stderr]   [  3%] Building C object chemfiles/external/zlib/CMakeFiles/zlib.dir/adler32.c.o
[INFO] [stderr]   [  3%] Building C object chemfiles/external/bzip2/CMakeFiles/bzip2.dir/randtable.c.o
[INFO] [stderr]   [  4%] Building C object chemfiles/external/xdrfile/CMakeFiles/xdrfile.dir/src/xdrfile.c.o
[INFO] [stderr]   [  4%] Building CXX object chemfiles/external/molfiles/CMakeFiles/molfiles.dir/src/gromacsplugin.cxx.o
[INFO] [stderr]   [  4%] Building C object chemfiles/external/bzip2/CMakeFiles/bzip2.dir/huffman.c.o
[INFO] [stderr]   [  5%] Building C object chemfiles/external/bzip2/CMakeFiles/bzip2.dir/crctable.c.o
[INFO] [stderr]   [  5%] Building C object chemfiles/external/zlib/CMakeFiles/zlib.dir/crc32.c.o
[INFO] [stderr]   [  6%] Building C object chemfiles/external/bzip2/CMakeFiles/bzip2.dir/bzlib.c.o
[INFO] [stderr]   [  7%] Building C object chemfiles/external/bzip2/CMakeFiles/bzip2.dir/compress.c.o
[INFO] [stderr]   [  8%] Building C object chemfiles/external/zlib/CMakeFiles/zlib.dir/gzlib.c.o
[INFO] [stderr]   [  8%] Building C object chemfiles/external/zlib/CMakeFiles/zlib.dir/gzread.c.o
[INFO] [stderr]   [  9%] Building C object chemfiles/external/zlib/CMakeFiles/zlib.dir/compress.c.o
[INFO] [stderr]   [  9%] Building C object chemfiles/external/zlib/CMakeFiles/zlib.dir/gzwrite.c.o
[INFO] [stderr]   [  9%] Building C object chemfiles/external/bzip2/CMakeFiles/bzip2.dir/decompress.c.o
[INFO] [stderr]   Scanning dependencies of target lzma
[INFO] [stderr]   [ 10%] Building C object chemfiles/external/zlib/CMakeFiles/zlib.dir/inflate.c.o
[INFO] [stderr]   [ 11%] Building C object chemfiles/external/zlib/CMakeFiles/zlib.dir/gzclose.c.o
[INFO] [stderr]   [ 11%] Building C object chemfiles/external/zlib/CMakeFiles/zlib.dir/infback.c.o
[INFO] [stderr]   [ 11%] Building C object chemfiles/external/zlib/CMakeFiles/zlib.dir/deflate.c.o
[INFO] [stderr]   [ 12%] Building C object chemfiles/external/tng/CMakeFiles/tng_io.dir/src/compression/bwlzh.c.o
[INFO] [stderr]   [ 12%] Building C object chemfiles/external/tng/CMakeFiles/tng_io.dir/src/compression/bwt.c.o
[INFO] [stderr]   [ 12%] Building C object chemfiles/external/netcdf/CMakeFiles/netcdf.dir/libsrc/dim.c.o
[INFO] [stderr]   [ 13%] Building C object chemfiles/external/tng/CMakeFiles/tng_io.dir/src/compression/dict.c.o
[INFO] [stderr]   [ 14%] Building C object chemfiles/external/zlib/CMakeFiles/zlib.dir/inftrees.c.o
[INFO] [stderr]   [ 15%] Building C object chemfiles/external/zlib/CMakeFiles/zlib.dir/trees.c.o
[INFO] [stderr]   [ 17%] Building C object chemfiles/external/netcdf/CMakeFiles/netcdf.dir/libsrc/nc3internal.c.o
[INFO] [stderr]   [ 17%] Building C object chemfiles/external/tng/CMakeFiles/tng_io.dir/src/compression/mtf.c.o
[INFO] [stderr]   [ 18%] Building C object chemfiles/external/tng/CMakeFiles/tng_io.dir/src/compression/huffman.c.o
[INFO] [stderr]   [ 18%] Building C object chemfiles/external/zlib/CMakeFiles/zlib.dir/inffast.c.o
[INFO] [stderr]   [ 19%] Building C object chemfiles/external/lzma/CMakeFiles/lzma.dir/liblzma/check/check.c.o
[INFO] [stderr]   [ 19%] Building C object chemfiles/external/tng/CMakeFiles/tng_io.dir/src/compression/huffmem.c.o
[INFO] [stderr]   [ 19%] Building C object chemfiles/external/tng/CMakeFiles/tng_io.dir/src/compression/fixpoint.c.o
[INFO] [stderr]   [ 20%] Building C object chemfiles/external/tng/CMakeFiles/tng_io.dir/src/compression/coder.c.o
[INFO] [stderr]   [ 20%] Building C object chemfiles/external/tng/CMakeFiles/tng_io.dir/src/compression/merge_sort.c.o
[INFO] [stderr]   [ 20%] Building C object chemfiles/external/tng/CMakeFiles/tng_io.dir/src/compression/rle.c.o
[INFO] [stderr]   [ 20%] Building C object chemfiles/external/tng/CMakeFiles/tng_io.dir/src/compression/warnmalloc.c.o
[INFO] [stderr]   [ 20%] Building C object chemfiles/external/zlib/CMakeFiles/zlib.dir/uncompr.c.o
[INFO] [stderr]   [ 20%] Building C object chemfiles/external/netcdf/CMakeFiles/netcdf.dir/liblib/nc_initialize.c.o
[INFO] [stderr]   [ 20%] Building C object chemfiles/external/netcdf/CMakeFiles/netcdf.dir/libsrc/attr.c.o
[INFO] [stderr]   [ 21%] Building C object chemfiles/external/tng/CMakeFiles/tng_io.dir/src/compression/lz77.c.o
[INFO] [stderr]   [ 22%] Building C object chemfiles/external/netcdf/CMakeFiles/netcdf.dir/libsrc/ncx.c.o
[INFO] [stderr]   [ 23%] Building C object chemfiles/external/zlib/CMakeFiles/zlib.dir/zutil.c.o
[INFO] [stderr]   [ 23%] Building C object chemfiles/external/tng/CMakeFiles/tng_io.dir/src/compression/tng_compress.c.o
[INFO] [stderr]   [ 24%] Building C object chemfiles/external/netcdf/CMakeFiles/netcdf.dir/libsrc/lookup3.c.o
[INFO] [stderr]   [ 24%] Building C object chemfiles/external/netcdf/CMakeFiles/netcdf.dir/libsrc/ncio.c.o
[INFO] [stderr]   [ 25%] Building C object chemfiles/external/tng/CMakeFiles/tng_io.dir/src/compression/vals16.c.o
[INFO] [stderr]   [ 25%] Building C object chemfiles/external/lzma/CMakeFiles/lzma.dir/liblzma/check/crc32_fast.c.o
[INFO] [stderr]   [ 25%] Building C object chemfiles/external/netcdf/CMakeFiles/netcdf.dir/libsrc/nc3dispatch.c.o
[INFO] [stderr]   [ 25%] Building C object chemfiles/external/netcdf/CMakeFiles/netcdf.dir/libsrc/memio.c.o
[INFO] [stderr]   [ 26%] Building C object chemfiles/external/tng/CMakeFiles/tng_io.dir/src/compression/widemuldiv.c.o
[INFO] [stderr]   [ 26%] Building C object chemfiles/external/netcdf/CMakeFiles/netcdf.dir/libsrc/posixio.c.o
[INFO] [stderr]   [ 27%] Building C object chemfiles/external/netcdf/CMakeFiles/netcdf.dir/libsrc/var.c.o
[INFO] [stderr]   [ 27%] Building C object chemfiles/external/netcdf/CMakeFiles/netcdf.dir/libsrc/v1hpg.c.o
[INFO] [stderr]   [ 27%] Building C object chemfiles/external/lzma/CMakeFiles/lzma.dir/liblzma/common/alone_decoder.c.o
[INFO] [stderr]   [ 28%] Building C object chemfiles/external/lzma/CMakeFiles/lzma.dir/liblzma/check/crc64_table.c.o
[INFO] [stderr]   [ 29%] Building C object chemfiles/external/lzma/CMakeFiles/lzma.dir/liblzma/check/crc32_table.c.o
[INFO] [stderr]   [ 30%] Building C object chemfiles/external/netcdf/CMakeFiles/netcdf.dir/libsrc/putget.c.o
[INFO] [stderr]   [ 30%] Building C object chemfiles/external/lzma/CMakeFiles/lzma.dir/liblzma/check/sha256.c.o
[INFO] [stderr]   Scanning dependencies of target chemfiles_objects
[INFO] [stderr]   [ 30%] Building C object chemfiles/external/tng/CMakeFiles/tng_io.dir/src/lib/tng_io.c.o
[INFO] [stderr]   [ 30%] Building C object chemfiles/external/lzma/CMakeFiles/lzma.dir/liblzma/common/auto_decoder.c.o
[INFO] [stderr]   [ 31%] Building C object chemfiles/external/lzma/CMakeFiles/lzma.dir/liblzma/common/block_buffer_decoder.c.o
[INFO] [stderr]   [ 32%] Building C object chemfiles/external/tng/CMakeFiles/tng_io.dir/src/compression/xtc3.c.o
[INFO] [stderr]   [ 32%] Building C object chemfiles/external/tng/CMakeFiles/tng_io.dir/src/compression/xtc2.c.o
[INFO] [stderr]   [ 32%] Building C object chemfiles/external/netcdf/CMakeFiles/netcdf.dir/libdispatch/crc32.c.o
[INFO] [stderr]   [ 32%] Building C object chemfiles/external/lzma/CMakeFiles/lzma.dir/liblzma/common/block_buffer_encoder.c.o
[INFO] [stderr]   [ 33%] Building C object chemfiles/external/lzma/CMakeFiles/lzma.dir/liblzma/common/block_decoder.c.o
[INFO] [stderr]   [ 34%] Building C object chemfiles/external/tng/CMakeFiles/tng_io.dir/src/lib/md5.c.o
[INFO] [stderr]   [ 34%] Building C object chemfiles/external/netcdf/CMakeFiles/netcdf.dir/libdispatch/datt.c.o
[INFO] [stderr]   [ 35%] Building C object chemfiles/external/lzma/CMakeFiles/lzma.dir/liblzma/common/alone_encoder.c.o
[INFO] [stderr]   [ 35%] Building C object chemfiles/external/netcdf/CMakeFiles/netcdf.dir/libdispatch/dattinq.c.o
[INFO] [stderr]   [ 35%] Building CXX object chemfiles/CMakeFiles/chemfiles_objects.dir/src/Atom.cpp.o
[INFO] [stderr]   [ 36%] Building C object chemfiles/external/lzma/CMakeFiles/lzma.dir/liblzma/common/block_header_decoder.c.o
[INFO] [stderr]   [ 36%] Building C object chemfiles/external/lzma/CMakeFiles/lzma.dir/liblzma/check/crc64_fast.c.o
[INFO] [stderr]   [ 36%] Building C object chemfiles/external/lzma/CMakeFiles/lzma.dir/liblzma/common/block_encoder.c.o
[INFO] [stderr]   [ 37%] Building CXX object chemfiles/CMakeFiles/chemfiles_objects.dir/src/Connectivity.cpp.o
[INFO] [stderr]   [ 38%] Building CXX object chemfiles/CMakeFiles/chemfiles_objects.dir/src/File.cpp.o
[INFO] [stderr]   [ 39%] Building CXX object chemfiles/CMakeFiles/chemfiles_objects.dir/src/Configuration.cpp.o
[INFO] [stderr]   [ 39%] Building C object chemfiles/external/netcdf/CMakeFiles/netcdf.dir/libdispatch/dattget.c.o
[INFO] [stderr]   [ 39%] Building C object chemfiles/external/netcdf/CMakeFiles/netcdf.dir/libdispatch/dcopy.c.o
[INFO] [stderr]   [ 40%] Building C object chemfiles/external/lzma/CMakeFiles/lzma.dir/liblzma/common/common.c.o
[INFO] [stderr]   [ 41%] Building C object chemfiles/external/netcdf/CMakeFiles/netcdf.dir/libdispatch/dattput.c.o
[INFO] [stderr]   [ 41%] Building C object chemfiles/external/lzma/CMakeFiles/lzma.dir/liblzma/common/block_util.c.o
[INFO] [stderr]   [ 42%] Building C object chemfiles/external/lzma/CMakeFiles/lzma.dir/liblzma/common/block_header_encoder.c.o
[INFO] [stderr]   [ 42%] Building C object chemfiles/external/netcdf/CMakeFiles/netcdf.dir/libdispatch/ddim.c.o
[INFO] [stderr]   [ 42%] Building CXX object chemfiles/CMakeFiles/chemfiles_objects.dir/src/Format.cpp.o
[INFO] [stderr]   [ 42%] Building C object chemfiles/external/netcdf/CMakeFiles/netcdf.dir/libdispatch/ddispatch.c.o
[INFO] [stderr]   [ 43%] Building C object chemfiles/external/lzma/CMakeFiles/lzma.dir/liblzma/common/easy_encoder_memusage.c.o
[INFO] [stderr]   [ 43%] Building C object chemfiles/external/lzma/CMakeFiles/lzma.dir/liblzma/common/easy_encoder.c.o
[INFO] [stderr]   [ 43%] Building C object chemfiles/external/lzma/CMakeFiles/lzma.dir/liblzma/common/easy_buffer_encoder.c.o
[INFO] [stderr]   [ 44%] Building C object chemfiles/external/netcdf/CMakeFiles/netcdf.dir/libdispatch/derror.c.o
[INFO] [stderr]   [ 45%] Building CXX object chemfiles/CMakeFiles/chemfiles_objects.dir/src/FormatFactory.cpp.o
[INFO] [stderr]   [ 46%] Building C object chemfiles/external/lzma/CMakeFiles/lzma.dir/liblzma/common/easy_decoder_memusage.c.o
[INFO] [stderr]   [ 46%] Building C object chemfiles/external/lzma/CMakeFiles/lzma.dir/liblzma/common/filter_buffer_encoder.c.o
[INFO] [stderr]   [ 43%] Building C object chemfiles/external/netcdf/CMakeFiles/netcdf.dir/libdispatch/dfile.c.o
[INFO] [stderr]   [ 47%] Building C object chemfiles/external/lzma/CMakeFiles/lzma.dir/liblzma/common/filter_buffer_decoder.c.o
[INFO] [stderr]   [ 48%] Building C object chemfiles/external/netcdf/CMakeFiles/netcdf.dir/libdispatch/dutf8.c.o
[INFO] [stderr]   [ 48%] Built target zlib
[INFO] [stderr]   [ 48%] Building C object chemfiles/external/netcdf/CMakeFiles/netcdf.dir/libdispatch/dinternal.c.o
[INFO] [stderr]   [ 48%] Building C object chemfiles/external/lzma/CMakeFiles/lzma.dir/liblzma/common/filter_encoder.c.o
[INFO] [stderr]   [ 48%] Building C object chemfiles/external/lzma/CMakeFiles/lzma.dir/liblzma/common/easy_preset.c.o
[INFO] [stderr]   [ 49%] Building C object chemfiles/external/netcdf/CMakeFiles/netcdf.dir/libdispatch/dparallel.c.o
[INFO] [stderr]   [ 49%] Building CXX object chemfiles/CMakeFiles/chemfiles_objects.dir/src/Residue.cpp.o
[INFO] [stderr]   [ 49%] Building C object chemfiles/external/lzma/CMakeFiles/lzma.dir/liblzma/common/filter_common.c.o
[INFO] [stderr]   [ 50%] Building C object chemfiles/external/netcdf/CMakeFiles/netcdf.dir/libdispatch/dvarget.c.o
[INFO] [stderr]   [ 50%] Building CXX object chemfiles/CMakeFiles/chemfiles_objects.dir/src/capi/cell.cpp.o
[INFO] [stderr]   [ 50%] Building CXX object chemfiles/CMakeFiles/chemfiles_objects.dir/src/Topology.cpp.o
[INFO] [stderr]   [ 51%] Building C object chemfiles/external/lzma/CMakeFiles/lzma.dir/liblzma/common/filter_decoder.c.o
[INFO] [stderr]   [ 52%] Building CXX object chemfiles/CMakeFiles/chemfiles_objects.dir/src/Selection.cpp.o
[INFO] [stderr]   [ 52%] Building CXX object chemfiles/CMakeFiles/chemfiles_objects.dir/src/Property.cpp.o
[INFO] [stderr]   [ 52%] Building CXX object chemfiles/CMakeFiles/chemfiles_objects.dir/src/UnitCell.cpp.o
[INFO] [stderr]   [ 52%] Building C object chemfiles/external/lzma/CMakeFiles/lzma.dir/liblzma/common/filter_flags_encoder.c.o
[INFO] [stderr]   [ 52%] Building CXX object chemfiles/CMakeFiles/chemfiles_objects.dir/src/capi/misc.cpp.o
[INFO] [stderr]   [ 54%] Building CXX object chemfiles/CMakeFiles/chemfiles_objects.dir/src/capi/atom.cpp.o
[INFO] [stderr]   [ 54%] Building C object chemfiles/external/netcdf/CMakeFiles/netcdf.dir/libdispatch/dvar.c.o
[INFO] [stderr]   [ 55%] Building C object chemfiles/external/netcdf/CMakeFiles/netcdf.dir/libdispatch/drc.c.o
[INFO] [stderr]   [ 56%] Building C object chemfiles/external/netcdf/CMakeFiles/netcdf.dir/libdispatch/ncbytes.c.o
[INFO] [stderr]   [ 57%] Building CXX object chemfiles/CMakeFiles/chemfiles_objects.dir/src/Frame.cpp.o
[INFO] [stderr]   [ 57%] Building CXX object chemfiles/CMakeFiles/chemfiles_objects.dir/src/Trajectory.cpp.o
[INFO] [stderr]   [ 57%] Building C object chemfiles/external/netcdf/CMakeFiles/netcdf.dir/libdispatch/dvarinq.c.o
[INFO] [stderr]   [ 57%] Building CXX object chemfiles/CMakeFiles/chemfiles_objects.dir/src/FormatMetadata.cpp.o
[INFO] [stderr]   [ 58%] Building C object chemfiles/external/lzma/CMakeFiles/lzma.dir/liblzma/common/filter_flags_decoder.c.o
[INFO] [stderr]   [ 58%] Building C object chemfiles/external/netcdf/CMakeFiles/netcdf.dir/libdispatch/dstring.c.o
[INFO] [stderr]   [ 58%] Building C object chemfiles/external/netcdf/CMakeFiles/netcdf.dir/libdispatch/dvarput.c.o
[INFO] [stderr]   [ 58%] Building CXX object chemfiles/CMakeFiles/chemfiles_objects.dir/src/capi/property.cpp.o
[INFO] [stderr]   [ 58%] Building C object chemfiles/external/netcdf/CMakeFiles/netcdf.dir/libdispatch/nc.c.o
[INFO] [stderr]   [ 58%] Building C object chemfiles/external/netcdf/CMakeFiles/netcdf.dir/libdispatch/dutil.c.o
[INFO] [stderr]   [ 59%] Building C object chemfiles/external/netcdf/CMakeFiles/netcdf.dir/libdispatch/nclist.c.o
[INFO] [stderr]   [ 60%] Building CXX object chemfiles/CMakeFiles/chemfiles_objects.dir/src/capi/frame.cpp.o
[INFO] [stderr]   [ 60%] Building CXX object chemfiles/CMakeFiles/chemfiles_objects.dir/src/files/Bz2File.cpp.o
[INFO] [stderr]   [ 61%] Building C object chemfiles/external/lzma/CMakeFiles/lzma.dir/liblzma/common/index.c.o
[INFO] [stderr]   [ 61%] Building C object chemfiles/external/lzma/CMakeFiles/lzma.dir/liblzma/common/index_decoder.c.o
[INFO] [stderr]   [ 62%] Building CXX object chemfiles/CMakeFiles/chemfiles_objects.dir/src/capi/residue.cpp.o
[INFO] [stderr]   [ 62%] Building C object chemfiles/external/netcdf/CMakeFiles/netcdf.dir/libdispatch/nclistmgr.c.o
[INFO] [stderr]   [ 62%] Building C object chemfiles/external/netcdf/CMakeFiles/netcdf.dir/libdispatch/nclog.c.o
[INFO] [stderr]   [ 62%] Building C object chemfiles/external/netcdf/CMakeFiles/netcdf.dir/libdispatch/nchashmap.c.o
[INFO] [stderr]   [ 61%] Building C object chemfiles/external/lzma/CMakeFiles/lzma.dir/liblzma/common/stream_buffer_decoder.c.o
[INFO] [stderr]   [ 62%] Built target bzip2
[INFO] [stderr]   [ 63%] Building C object chemfiles/external/lzma/CMakeFiles/lzma.dir/liblzma/common/index_encoder.c.o
[INFO] [stderr]   [ 64%] Building CXX object chemfiles/CMakeFiles/chemfiles_objects.dir/src/files/GzFile.cpp.o
[INFO] [stderr]   [ 64%] Building C object chemfiles/external/lzma/CMakeFiles/lzma.dir/liblzma/common/stream_flags_encoder.c.o
[INFO] [stderr]   [ 65%] Building C object chemfiles/external/lzma/CMakeFiles/lzma.dir/liblzma/common/stream_flags_decoder.c.o
[INFO] [stderr]   [ 65%] Building C object chemfiles/external/lzma/CMakeFiles/lzma.dir/liblzma/common/vli_encoder.c.o
[INFO] [stderr]   [ 65%] Building CXX object chemfiles/CMakeFiles/chemfiles_objects.dir/src/capi/topology.cpp.o
[INFO] [stderr]   [ 66%] Building C object chemfiles/external/netcdf/CMakeFiles/netcdf.dir/libdispatch/dwinpath.c.o
[INFO] [stderr]   [ 66%] Building CXX object chemfiles/CMakeFiles/chemfiles_objects.dir/src/files/MemoryFile.cpp.o
[INFO] [stderr]   [ 66%] Building CXX object chemfiles/CMakeFiles/chemfiles_objects.dir/src/files/MemoryBuffer.cpp.o
[INFO] [stderr]   [ 67%] Building C object chemfiles/external/lzma/CMakeFiles/lzma.dir/liblzma/common/stream_buffer_encoder.c.o
[INFO] [stderr]   [ 68%] Building CXX object chemfiles/CMakeFiles/chemfiles_objects.dir/src/capi/shared_allocator.cpp.o
[INFO] [stderr]   [ 69%] Building C object chemfiles/external/netcdf/CMakeFiles/netcdf.dir/libdispatch/utf8proc.c.o
[INFO] [stderr]   [ 69%] Building C object chemfiles/external/lzma/CMakeFiles/lzma.dir/liblzma/common/stream_decoder.c.o
[INFO] [stderr]   [ 69%] Building CXX object chemfiles/CMakeFiles/chemfiles_objects.dir/src/capi/selection.cpp.o
[INFO] [stderr]   [ 69%] Building C object chemfiles/external/lzma/CMakeFiles/lzma.dir/liblzma/common/stream_flags_common.c.o
[INFO] [stderr]   [ 70%] Building C object chemfiles/external/netcdf/CMakeFiles/netcdf.dir/libdispatch/nctime.c.o
[INFO] [stderr]   [ 71%] Building C object chemfiles/external/lzma/CMakeFiles/lzma.dir/liblzma/lzma/fastpos_table.c.o
[INFO] [stderr]   [ 71%] Building C object chemfiles/external/lzma/CMakeFiles/lzma.dir/liblzma/delta/delta_decoder.c.o
[INFO] [stderr]   [ 73%] Building C object chemfiles/external/lzma/CMakeFiles/lzma.dir/liblzma/common/vli_decoder.c.o
[INFO] [stderr]   [ 73%] Building C object chemfiles/external/lzma/CMakeFiles/lzma.dir/liblzma/lzma/lzma2_decoder.c.o
[INFO] [stderr]   [ 73%] Building C object chemfiles/external/netcdf/CMakeFiles/netcdf.dir/libdispatch/doffsets.c.o
[INFO] [stderr]   [ 73%] Building C object chemfiles/external/lzma/CMakeFiles/lzma.dir/liblzma/common/stream_encoder.c.o
[INFO] [stderr]   [ 74%] Building C object chemfiles/external/lzma/CMakeFiles/lzma.dir/liblzma/lz/lz_encoder.c.o
[INFO] [stderr]   [ 75%] Building C object chemfiles/external/lzma/CMakeFiles/lzma.dir/liblzma/delta/delta_encoder.c.o
[INFO] [stderr]   [ 75%] Building C object chemfiles/external/lzma/CMakeFiles/lzma.dir/liblzma/lz/lz_decoder.c.o
[INFO] [stderr]   [ 75%] Building CXX object chemfiles/CMakeFiles/chemfiles_objects.dir/src/formats/AmberNetCDF.cpp.o
[INFO] [stderr]   [ 75%] Building C object chemfiles/external/lzma/CMakeFiles/lzma.dir/liblzma/common/vli_size.c.o
[INFO] [stderr]   [ 75%] Building C object chemfiles/external/lzma/CMakeFiles/lzma.dir/liblzma/common/index_hash.c.o
[INFO] [stderr]   [ 76%] Building CXX object chemfiles/CMakeFiles/chemfiles_objects.dir/src/files/NcFile.cpp.o
[INFO] [stderr]   [ 76%] Building CXX object chemfiles/CMakeFiles/chemfiles_objects.dir/src/formats/CSSR.cpp.o
[INFO] [stderr]   [ 77%] Building CXX object chemfiles/CMakeFiles/chemfiles_objects.dir/src/formats/CIF.cpp.o
[INFO] [stderr]   [ 78%] Building C object chemfiles/external/lzma/CMakeFiles/lzma.dir/liblzma/lzma/lzma_decoder.c.o
[INFO] [stderr]   [ 79%] Building CXX object chemfiles/CMakeFiles/chemfiles_objects.dir/src/files/PlainFile.cpp.o
[INFO] [stderr]   [ 79%] Building CXX object chemfiles/CMakeFiles/chemfiles_objects.dir/src/capi/trajectory.cpp.o
[INFO] [stderr]   [ 80%] Building C object chemfiles/external/lzma/CMakeFiles/lzma.dir/liblzma/lzma/lzma_encoder_optimum_fast.c.o
[INFO] [stderr]   [ 80%] Building C object chemfiles/external/lzma/CMakeFiles/lzma.dir/liblzma/lzma/lzma_encoder_optimum_normal.c.o
[INFO] [stderr]   [ 81%] Building C object chemfiles/external/lzma/CMakeFiles/lzma.dir/liblzma/lzma/lzma_encoder_presets.c.o
[INFO] [stderr]   [ 81%] Building C object chemfiles/external/lzma/CMakeFiles/lzma.dir/liblzma/lz/lz_encoder_mf.c.o
[INFO] [stderr]   [ 82%] Building C object chemfiles/external/lzma/CMakeFiles/lzma.dir/liblzma/delta/delta_common.c.o
[INFO] [stderr]   [ 82%] Building C object chemfiles/external/lzma/CMakeFiles/lzma.dir/liblzma/lzma/lzma2_encoder.c.o
[INFO] [stderr]   [ 83%] Building C object chemfiles/external/netcdf/CMakeFiles/netcdf.dir/libdispatch/dinfermodel.c.o
[INFO] [stderr]   [ 83%] Building C object chemfiles/external/netcdf/CMakeFiles/netcdf.dir/libdispatch/ncuri.c.o
[INFO] [stderr]   [ 83%] Building C object chemfiles/external/lzma/CMakeFiles/lzma.dir/liblzma/lzma/lzma_encoder.c.o
[INFO] [stderr]   [ 83%] Building C object chemfiles/external/lzma/CMakeFiles/lzma.dir/liblzma/rangecoder/price_table.c.o
[INFO] [stderr]   [ 84%] Building C object chemfiles/external/lzma/CMakeFiles/lzma.dir/liblzma/simple/arm.c.o
[INFO] [stderr]   [ 85%] Building C object chemfiles/external/lzma/CMakeFiles/lzma.dir/liblzma/simple/armthumb.c.o
[INFO] [stderr]   [ 85%] Building C object chemfiles/external/lzma/CMakeFiles/lzma.dir/liblzma/simple/simple_encoder.c.o
[INFO] [stderr]   [ 85%] Building CXX object chemfiles/CMakeFiles/chemfiles_objects.dir/src/files/XzFile.cpp.o
[INFO] [stderr]   [ 85%] Building CXX object chemfiles/CMakeFiles/chemfiles_objects.dir/src/files/XDRFile.cpp.o
[INFO] [stderr]   [ 86%] Building CXX object chemfiles/CMakeFiles/chemfiles_objects.dir/src/formats/GRO.cpp.o
[INFO] [stderr]   [ 87%] Building C object chemfiles/external/lzma/CMakeFiles/lzma.dir/liblzma/simple/sparc.c.o
[INFO] [stderr]   [ 87%] Building C object chemfiles/external/lzma/CMakeFiles/lzma.dir/liblzma/simple/x86.c.o
[INFO] [stderr]   [ 88%] Building CXX object chemfiles/CMakeFiles/chemfiles_objects.dir/src/formats/LAMMPSTrajectory.cpp.o
[INFO] [stderr]   [ 89%] Building CXX object chemfiles/CMakeFiles/chemfiles_objects.dir/src/files/TNGFile.cpp.o
[INFO] [stderr]   [ 89%] Building C object chemfiles/external/lzma/CMakeFiles/lzma.dir/liblzma/simple/simple_coder.c.o
[INFO] [stderr]   [ 89%] Building CXX object chemfiles/CMakeFiles/chemfiles_objects.dir/src/formats/CML.cpp.o
[INFO] [stderr]   [ 89%] Building CXX object chemfiles/CMakeFiles/chemfiles_objects.dir/src/formats/MMTF.cpp.o
[INFO] [stderr]   [ 89%] Building C object chemfiles/external/lzma/CMakeFiles/lzma.dir/liblzma/simple/ia64.c.o
[INFO] [stderr]   [ 90%] Building C object chemfiles/external/lzma/CMakeFiles/lzma.dir/liblzma/simple/simple_decoder.c.o
[INFO] [stderr]   [ 90%] Built target xdrfile
[INFO] [stderr]   [ 90%] Building CXX object chemfiles/CMakeFiles/chemfiles_objects.dir/src/formats/LAMMPSData.cpp.o
[INFO] [stderr]   [ 91%] Building C object chemfiles/external/lzma/CMakeFiles/lzma.dir/liblzma/simple/powerpc.c.o
[INFO] [stderr]   [ 92%] Building CXX object chemfiles/CMakeFiles/chemfiles_objects.dir/src/formats/MOL2.cpp.o
[INFO] [stderr]   [ 92%] Building CXX object chemfiles/CMakeFiles/chemfiles_objects.dir/src/formats/Molfile.cpp.o
[INFO] [stderr]   [ 92%] Building CXX object chemfiles/CMakeFiles/chemfiles_objects.dir/src/formats/mmCIF.cpp.o
[INFO] [stderr]   [ 92%] Building CXX object chemfiles/CMakeFiles/chemfiles_objects.dir/src/formats/XTC.cpp.o
[INFO] [stderr]   [ 92%] Built target molfiles
[INFO] [stderr]   [ 92%] Building CXX object chemfiles/CMakeFiles/chemfiles_objects.dir/src/formats/SMI.cpp.o
[INFO] [stderr]   [ 92%] Building CXX object chemfiles/CMakeFiles/chemfiles_objects.dir/src/guess_format.cpp.o
[INFO] [stderr]   [ 93%] Building CXX object chemfiles/CMakeFiles/chemfiles_objects.dir/src/parse.cpp.o
[INFO] [stderr]   [ 94%] Building CXX object chemfiles/CMakeFiles/chemfiles_objects.dir/src/formats/XYZ.cpp.o
[INFO] [stderr]   [ 96%] Building CXX object chemfiles/CMakeFiles/chemfiles_objects.dir/src/formats/TNG.cpp.o
[INFO] [stderr]   [ 97%] Building CXX object chemfiles/CMakeFiles/chemfiles_objects.dir/src/formats/PDB.cpp.o
[INFO] [stderr]   [ 98%] Building CXX object chemfiles/CMakeFiles/chemfiles_objects.dir/src/periodic_table.cpp.o
[INFO] [stderr]   [ 98%] Building CXX object chemfiles/CMakeFiles/chemfiles_objects.dir/src/formats/TRR.cpp.o
[INFO] [stderr]   [ 98%] Building CXX object chemfiles/CMakeFiles/chemfiles_objects.dir/src/formats/SDF.cpp.o
[INFO] [stderr]   [ 98%] Building CXX object chemfiles/CMakeFiles/chemfiles_objects.dir/src/formats/Tinker.cpp.o
[INFO] [stderr]   [ 98%] Building CXX object chemfiles/CMakeFiles/chemfiles_objects.dir/src/pdb_connectivity.cpp.o
[INFO] [stderr]   [ 99%] Building CXX object chemfiles/CMakeFiles/chemfiles_objects.dir/src/selections/expr.cpp.o
[INFO] [stderr]   [ 99%] Building CXX object chemfiles/CMakeFiles/chemfiles_objects.dir/src/utils.cpp.o
[INFO] [stderr]   [100%] Building CXX object chemfiles/CMakeFiles/chemfiles_objects.dir/src/selections/parser.cpp.o
[INFO] [stderr]   [100%] Building CXX object chemfiles/CMakeFiles/chemfiles_objects.dir/src/selections/NumericValues.cpp.o
[INFO] [stderr]   [100%] Building CXX object chemfiles/CMakeFiles/chemfiles_objects.dir/src/selections/lexer.cpp.o
[INFO] [stderr]   [100%] Building CXX object chemfiles/CMakeFiles/chemfiles_objects.dir/src/warnings.cpp.o
[INFO] [stderr]   [100%] Built target tng_io
[INFO] [stderr]   [100%] Built target lzma
[INFO] [stderr]   [100%] Built target netcdf
[INFO] [stderr]   [100%] Built target pugixml
[INFO] [stderr] 
[INFO] [stderr]   --- stderr
[INFO] [stderr]   CMake Warning (dev) in CMakeLists.txt:
[INFO] [stderr]     No project() command is present.  The top-level CMakeLists.txt file must
[INFO] [stderr]     contain a literal, direct call to the project() command.  Add a line of
[INFO] [stderr]     code such as
[INFO] [stderr] 
[INFO] [stderr]       project(ProjectName)
[INFO] [stderr] 
[INFO] [stderr]     near the top of the file, but after cmake_minimum_required().
[INFO] [stderr] 
[INFO] [stderr]     CMake is pretending there is a "project(Project)" command on the first
[INFO] [stderr]     line.
[INFO] [stderr]   This warning is for project developers.  Use -Wno-dev to suppress it.
[INFO] [stderr] 
[INFO] [stderr]   CMake Warning (dev) at chemfiles/CMakeLists.txt:36 (option):
[INFO] [stderr]     Policy CMP0077 is not set: option() honors normal variables.  Run "cmake
[INFO] [stderr]     --help-policy CMP0077" for policy details.  Use the cmake_policy command to
[INFO] [stderr]     set the policy and suppress this warning.
[INFO] [stderr] 
[INFO] [stderr]     For compatibility with older versions of CMake, option is clearing the
[INFO] [stderr]     normal variable 'BUILD_SHARED_LIBS'.
[INFO] [stderr]   This warning is for project developers.  Use -Wno-dev to suppress it.
[INFO] [stderr] 
[INFO] [stderr]   CMake Warning:
[INFO] [stderr]     Manually-specified variables were not used by the project:
[INFO] [stderr] 
[INFO] [stderr]       CMAKE_ASM_COMPILER
[INFO] [stderr]       CMAKE_ASM_FLAGS
[INFO] [stderr] 
[INFO] [stderr] 
[INFO] [stderr]   c++: fatal error: Killed signal terminated program cc1plus
[INFO] [stderr]   compilation terminated.
[INFO] [stderr]   make[2]: *** [chemfiles/CMakeFiles/chemfiles_objects.dir/build.make:518: chemfiles/CMakeFiles/chemfiles_objects.dir/src/formats/CML.cpp.o] Error 1
[INFO] [stderr]   make[2]: *** Waiting for unfinished jobs....
[INFO] [stderr]   /opt/rustwide/cargo-home/registry/src/github.com-1ecc6299db9ec823/chemfiles-sys-0.10.1/chemfiles/src/selections/NumericValues.cpp: In member function 'size_t chemfiles::NumericValues::capacity() const':
[INFO] [stderr]   /opt/rustwide/cargo-home/registry/src/github.com-1ecc6299db9ec823/chemfiles-sys-0.10.1/chemfiles/src/selections/NumericValues.cpp:75:44: warning: useless cast to type 'size_t' {aka 'long unsigned int'} [-Wuseless-cast]
[INFO] [stderr]      75 |         return static_cast<size_t>(capacity);
[INFO] [stderr]         |                                            ^
[INFO] [stderr]   /opt/rustwide/cargo-home/registry/src/github.com-1ecc6299db9ec823/chemfiles-sys-0.10.1/chemfiles/src/selections/NumericValues.cpp: In member function 'size_t chemfiles::NumericValues::size() const':
[INFO] [stderr]   /opt/rustwide/cargo-home/registry/src/github.com-1ecc6299db9ec823/chemfiles-sys-0.10.1/chemfiles/src/selections/NumericValues.cpp:90:40: warning: useless cast to type 'size_t' {aka 'long unsigned int'} [-Wuseless-cast]
[INFO] [stderr]      90 |         return static_cast<size_t>(size);
[INFO] [stderr]         |                                        ^
[INFO] [stderr]   c++: fatal error: Killed signal terminated program cc1plus
[INFO] [stderr]   compilation terminated.
[INFO] [stderr]   make[2]: *** [chemfiles/external/fmt/CMakeFiles/fmt.dir/build.make:63: chemfiles/external/fmt/CMakeFiles/fmt.dir/src/format.cc.o] Error 1
[INFO] [stderr]   make[1]: *** [CMakeFiles/Makefile2:467: chemfiles/external/fmt/CMakeFiles/fmt.dir/all] Error 2
[INFO] [stderr]   make[1]: *** Waiting for unfinished jobs....
[INFO] [stderr]   c++: fatal error: Killed signal terminated program cc1plus
[INFO] [stderr]   compilation terminated.
[INFO] [stderr]   make[2]: *** [chemfiles/CMakeFiles/chemfiles_objects.dir/build.make:492: chemfiles/CMakeFiles/chemfiles_objects.dir/src/formats/AmberNetCDF.cpp.o] Error 1
[INFO] [stderr]   c++: fatal error: Killed signal terminated program cc1plus
[INFO] [stderr]   compilation terminated.
[INFO] [stderr]   make[2]: *** [chemfiles/CMakeFiles/chemfiles_objects.dir/build.make:206: chemfiles/CMakeFiles/chemfiles_objects.dir/src/Topology.cpp.o] Error 1
[INFO] [stderr]   In file included from /opt/rustwide/cargo-home/registry/src/github.com-1ecc6299db9ec823/chemfiles-sys-0.10.1/chemfiles/src/capi/selection.cpp:11:
[INFO] [stderr]   /opt/rustwide/cargo-home/registry/src/github.com-1ecc6299db9ec823/chemfiles-sys-0.10.1/chemfiles/include/chemfiles/capi/utils.hpp: In function 'size_t chemfiles::checked_cast(uint64_t)':
[INFO] [stderr]   /opt/rustwide/cargo-home/registry/src/github.com-1ecc6299db9ec823/chemfiles-sys-0.10.1/chemfiles/include/chemfiles/capi/utils.hpp:27:47: warning: useless cast to type 'uint64_t' {aka 'long unsigned int'} [-Wuseless-cast]
[INFO] [stderr]      27 |     if (value > static_cast<uint64_t>(SIZE_MAX)) {
[INFO] [stderr]         |                                               ^
[INFO] [stderr]   /opt/rustwide/cargo-home/registry/src/github.com-1ecc6299db9ec823/chemfiles-sys-0.10.1/chemfiles/include/chemfiles/capi/utils.hpp:30:37: warning: useless cast to type 'size_t' {aka 'long unsigned int'} [-Wuseless-cast]
[INFO] [stderr]      30 |     return static_cast<size_t>(value);
[INFO] [stderr]         |                                     ^
[INFO] [stderr]   c++: fatal error: Killed signal terminated program cc1plus
[INFO] [stderr]   compilation terminated.
[INFO] [stderr]   make[2]: *** [chemfiles/CMakeFiles/chemfiles_objects.dir/build.make:570: chemfiles/CMakeFiles/chemfiles_objects.dir/src/formats/LAMMPSTrajectory.cpp.o] Error 1
[INFO] [stderr]   c++: fatal error: Killed signal terminated program cc1plus
[INFO] [stderr]   compilation terminated.
[INFO] [stderr]   make[2]: *** [chemfiles/CMakeFiles/chemfiles_objects.dir/build.make:752: chemfiles/CMakeFiles/chemfiles_objects.dir/src/parse.cpp.o] Error 1
[INFO] [stderr]   c++: fatal error: Killed signal terminated program cc1plus
[INFO] [stderr]   compilation terminated.
[INFO] [stderr]   make[2]: *** [chemfiles/CMakeFiles/chemfiles_objects.dir/build.make:687: chemfiles/CMakeFiles/chemfiles_objects.dir/src/formats/Tinker.cpp.o] Error 1
[INFO] [stderr]   c++: fatal error: Killed signal terminated program cc1plus
[INFO] [stderr]   compilation terminated.
[INFO] [stderr]   make[2]: *** [chemfiles/CMakeFiles/chemfiles_objects.dir/build.make:89: chemfiles/CMakeFiles/chemfiles_objects.dir/src/Connectivity.cpp.o] Error 1
[INFO] [stderr]   In file included from /opt/rustwide/cargo-home/registry/src/github.com-1ecc6299db9ec823/chemfiles-sys-0.10.1/chemfiles/src/capi/atom.cpp:10:
[INFO] [stderr]   /opt/rustwide/cargo-home/registry/src/github.com-1ecc6299db9ec823/chemfiles-sys-0.10.1/chemfiles/include/chemfiles/capi/utils.hpp: In function 'size_t chemfiles::checked_cast(uint64_t)':
[INFO] [stderr]   /opt/rustwide/cargo-home/registry/src/github.com-1ecc6299db9ec823/chemfiles-sys-0.10.1/chemfiles/include/chemfiles/capi/utils.hpp:27:47: warning: useless cast to type 'uint64_t' {aka 'long unsigned int'} [-Wuseless-cast]
[INFO] [stderr]      27 |     if (value > static_cast<uint64_t>(SIZE_MAX)) {
[INFO] [stderr]         |                                               ^
[INFO] [stderr]   /opt/rustwide/cargo-home/registry/src/github.com-1ecc6299db9ec823/chemfiles-sys-0.10.1/chemfiles/include/chemfiles/capi/utils.hpp:30:37: warning: useless cast to type 'size_t' {aka 'long unsigned int'} [-Wuseless-cast]
[INFO] [stderr]      30 |     return static_cast<size_t>(value);
[INFO] [stderr]         |                                     ^
[INFO] [stderr]   c++: fatal error: Killed signal terminated program cc1plus
[INFO] [stderr]   compilation terminated.
[INFO] [stderr]   make[2]: *** [chemfiles/CMakeFiles/chemfiles_objects.dir/build.make:76: chemfiles/CMakeFiles/chemfiles_objects.dir/src/Configuration.cpp.o] Error 1
[INFO] [stderr]   c++: fatal error: Killed signal terminated program cc1plus
[INFO] [stderr]   compilation terminated.
[INFO] [stderr]   make[2]: *** [chemfiles/CMakeFiles/chemfiles_objects.dir/build.make:323: chemfiles/CMakeFiles/chemfiles_objects.dir/src/capi/selection.cpp.o] Error 1
[INFO] [stderr]   c++: fatal error: Killed signal terminated program cc1plus
[INFO] [stderr]   compilation terminated.
[INFO] [stderr]   make[2]: *** [chemfiles/CMakeFiles/chemfiles_objects.dir/build.make:635: chemfiles/CMakeFiles/chemfiles_objects.dir/src/formats/SDF.cpp.o] Error 1
[INFO] [stderr]   c++: fatal error: Killed signal terminated program cc1plus
[INFO] [stderr]   compilation terminated.
[INFO] [stderr]   make[2]: *** [chemfiles/CMakeFiles/chemfiles_objects.dir/build.make:596: chemfiles/CMakeFiles/chemfiles_objects.dir/src/formats/MOL2.cpp.o] Error 1
[INFO] [stderr]   /opt/rustwide/cargo-home/registry/src/github.com-1ecc6299db9ec823/chemfiles-sys-0.10.1/chemfiles/src/files/Bz2File.cpp: In member function 'virtual void chemfiles::Bz2File::seek(uint64_t)':
[INFO] [stderr]   /opt/rustwide/cargo-home/registry/src/github.com-1ecc6299db9ec823/chemfiles-sys-0.10.1/chemfiles/src/files/Bz2File.cpp:146:65: warning: useless cast to type 'size_t' {aka 'long unsigned int'} [-Wuseless-cast]
[INFO] [stderr]     146 |     auto count = this->read(buffer, static_cast<size_t>(position));
[INFO] [stderr]         |                                                                 ^
[INFO] [stderr]   c++: fatal error: Killed signal terminated program cc1plus
[INFO] [stderr]   compilation terminated.
[INFO] [stderr]   make[2]: *** [chemfiles/CMakeFiles/chemfiles_objects.dir/build.make:102: chemfiles/CMakeFiles/chemfiles_objects.dir/src/File.cpp.o] Error 1
[INFO] [stderr]   /opt/rustwide/cargo-home/registry/src/github.com-1ecc6299db9ec823/chemfiles-sys-0.10.1/chemfiles/src/capi/atom.cpp: In function 'chfl_status chfl_atom_properties_count(const CHFL_ATOM*, uint64_t*)':
[INFO] [stderr]   /opt/rustwide/cargo-home/registry/src/github.com-1ecc6299db9ec823/chemfiles-sys-0.10.1/chemfiles/src/capi/atom.cpp:191:65: warning: useless cast to type 'uint64_t' {aka 'long unsigned int'} [-Wuseless-cast]
[INFO] [stderr]     191 |         *count = static_cast<uint64_t>(atom->properties().size());
[INFO] [stderr]         |                                                                 ^
[INFO] [stderr]   /opt/rustwide/cargo-home/registry/src/github.com-1ecc6299db9ec823/chemfiles-sys-0.10.1/chemfiles/include/chemfiles/capi/utils.hpp:74:9: note: in definition of macro 'CHFL_ERROR_CATCH'
[INFO] [stderr]      74 |         _instructions_                                                         \
[INFO] [stderr]         |         ^~~~~~~~~~~~~~
[INFO] [stderr]   c++: fatal error: Killed signal terminated program cc1plus
[INFO] [stderr]   compilation terminated.
[INFO] [stderr]   make[2]: *** [chemfiles/CMakeFiles/chemfiles_objects.dir/build.make:427: chemfiles/CMakeFiles/chemfiles_objects.dir/src/files/NcFile.cpp.o] Error 1
[INFO] [stderr]   In file included from /opt/rustwide/cargo-home/registry/src/github.com-1ecc6299db9ec823/chemfiles-sys-0.10.1/chemfiles/src/capi/misc.cpp:14:
[INFO] [stderr]   /opt/rustwide/cargo-home/registry/src/github.com-1ecc6299db9ec823/chemfiles-sys-0.10.1/chemfiles/include/chemfiles/capi/utils.hpp: In function 'size_t chemfiles::checked_cast(uint64_t)':
[INFO] [stderr]   /opt/rustwide/cargo-home/registry/src/github.com-1ecc6299db9ec823/chemfiles-sys-0.10.1/chemfiles/include/chemfiles/capi/utils.hpp:27:47: warning: useless cast to type 'uint64_t' {aka 'long unsigned int'} [-Wuseless-cast]
[INFO] [stderr]      27 |     if (value > static_cast<uint64_t>(SIZE_MAX)) {
[INFO] [stderr]         |                                               ^
[INFO] [stderr]   /opt/rustwide/cargo-home/registry/src/github.com-1ecc6299db9ec823/chemfiles-sys-0.10.1/chemfiles/include/chemfiles/capi/utils.hpp:30:37: warning: useless cast to type 'size_t' {aka 'long unsigned int'} [-Wuseless-cast]
[INFO] [stderr]      30 |     return static_cast<size_t>(value);
[INFO] [stderr]         |                                     ^
[INFO] [stderr]   c++: fatal error: Killed signal terminated program cc1plus
[INFO] [stderr]   compilation terminated.
[INFO] [stderr]   make[2]: *** [chemfiles/CMakeFiles/chemfiles_objects.dir/build.make:557: chemfiles/CMakeFiles/chemfiles_objects.dir/src/formats/LAMMPSData.cpp.o] Error 1
[INFO] [stderr]   c++: fatal error: Killed signal terminated program cc1plus
[INFO] [stderr]   compilation terminated.
[INFO] [stderr]   make[2]: *** [chemfiles/CMakeFiles/chemfiles_objects.dir/build.make:245: chemfiles/CMakeFiles/chemfiles_objects.dir/src/capi/atom.cpp.o] Error 1
[INFO] [stderr]   /opt/rustwide/cargo-home/registry/src/github.com-1ecc6299db9ec823/chemfiles-sys-0.10.1/chemfiles/src/capi/misc.cpp: In function 'chfl_status chfl_formats_list(chfl_format_metadata**, uint64_t*)':
[INFO] [stderr]   /opt/rustwide/cargo-home/registry/src/github.com-1ecc6299db9ec823/chemfiles-sys-0.10.1/chemfiles/src/capi/misc.cpp:70:54: warning: useless cast to type 'uint64_t' {aka 'long unsigned int'} [-Wuseless-cast]
[INFO] [stderr]      70 |         *count = static_cast<uint64_t>(formats.size());
[INFO] [stderr]         |                                                      ^
[INFO] [stderr]   /opt/rustwide/cargo-home/registry/src/github.com-1ecc6299db9ec823/chemfiles-sys-0.10.1/chemfiles/include/chemfiles/capi/utils.hpp:74:9: note: in definition of macro 'CHFL_ERROR_CATCH'
[INFO] [stderr]      74 |         _instructions_                                                         \
[INFO] [stderr]         |         ^~~~~~~~~~~~~~
[INFO] [stderr]   c++: fatal error: Killed signal terminated program cc1plus
[INFO] [stderr]   compilation terminated.
[INFO] [stderr]   make[2]: *** [chemfiles/CMakeFiles/chemfiles_objects.dir/build.make:817: chemfiles/CMakeFiles/chemfiles_objects.dir/src/selections/lexer.cpp.o] Error 1
[INFO] [stderr]   c++: fatal error: Killed signal terminated program cc1plus
[INFO] [stderr]   compilation terminated.
[INFO] [stderr]   make[2]: *** [chemfiles/CMakeFiles/chemfiles_objects.dir/build.make:765: chemfiles/CMakeFiles/chemfiles_objects.dir/src/pdb_connectivity.cpp.o] Error 1
[INFO] [stderr]   c++: fatal error: Killed signal terminated program cc1plus
[INFO] [stderr]   compilation terminated.
[INFO] [stderr]   make[2]: *** [chemfiles/CMakeFiles/chemfiles_objects.dir/build.make:375: chemfiles/CMakeFiles/chemfiles_objects.dir/src/files/Bz2File.cpp.o] Error 1
[INFO] [stderr]   c++: fatal error: Killed signal terminated program cc1plus
[INFO] [stderr]   compilation terminated.
[INFO] [stderr]   make[2]: *** [chemfiles/CMakeFiles/chemfiles_objects.dir/build.make:193: chemfiles/CMakeFiles/chemfiles_objects.dir/src/Selection.cpp.o] Error 1
[INFO] [stderr]   In file included from /opt/rustwide/cargo-home/registry/src/github.com-1ecc6299db9ec823/chemfiles-sys-0.10.1/chemfiles/src/capi/trajectory.cpp:10:
[INFO] [stderr]   /opt/rustwide/cargo-home/registry/src/github.com-1ecc6299db9ec823/chemfiles-sys-0.10.1/chemfiles/include/chemfiles/capi/utils.hpp: In function 'size_t chemfiles::checked_cast(uint64_t)':
[INFO] [stderr]   /opt/rustwide/cargo-home/registry/src/github.com-1ecc6299db9ec823/chemfiles-sys-0.10.1/chemfiles/include/chemfiles/capi/utils.hpp:27:47: warning: useless cast to type 'uint64_t' {aka 'long unsigned int'} [-Wuseless-cast]
[INFO] [stderr]      27 |     if (value > static_cast<uint64_t>(SIZE_MAX)) {
[INFO] [stderr]         |                                               ^
[INFO] [stderr]   /opt/rustwide/cargo-home/registry/src/github.com-1ecc6299db9ec823/chemfiles-sys-0.10.1/chemfiles/include/chemfiles/capi/utils.hpp:30:37: warning: useless cast to type 'size_t' {aka 'long unsigned int'} [-Wuseless-cast]
[INFO] [stderr]      30 |     return static_cast<size_t>(value);
[INFO] [stderr]         |                                     ^
[INFO] [stderr]   c++: fatal error: Killed signal terminated program cc1plus
[INFO] [stderr]   compilation terminated.
[INFO] [stderr]   make[2]: *** [chemfiles/CMakeFiles/chemfiles_objects.dir/build.make:830: chemfiles/CMakeFiles/chemfiles_objects.dir/src/selections/parser.cpp.o] Error 1
[INFO] [stderr]   In file included from /opt/rustwide/cargo-home/registry/src/github.com-1ecc6299db9ec823/chemfiles-sys-0.10.1/chemfiles/src/capi/cell.cpp:9:
[INFO] [stderr]   /opt/rustwide/cargo-home/registry/src/github.com-1ecc6299db9ec823/chemfiles-sys-0.10.1/chemfiles/include/chemfiles/capi/utils.hpp: In function 'size_t chemfiles::checked_cast(uint64_t)':
[INFO] [stderr]   /opt/rustwide/cargo-home/registry/src/github.com-1ecc6299db9ec823/chemfiles-sys-0.10.1/chemfiles/include/chemfiles/capi/utils.hpp:27:47: warning: useless cast to type 'uint64_t' {aka 'long unsigned int'} [-Wuseless-cast]
[INFO] [stderr]      27 |     if (value > static_cast<uint64_t>(SIZE_MAX)) {
[INFO] [stderr]         |                                               ^
[INFO] [stderr]   /opt/rustwide/cargo-home/registry/src/github.com-1ecc6299db9ec823/chemfiles-sys-0.10.1/chemfiles/include/chemfiles/capi/utils.hpp:30:37: warning: useless cast to type 'size_t' {aka 'long unsigned int'} [-Wuseless-cast]
[INFO] [stderr]      30 |     return static_cast<size_t>(value);
[INFO] [stderr]         |                                     ^
[INFO] [stderr]   c++: fatal error: Killed signal terminated program cc1plus
[INFO] [stderr]   compilation terminated.
[INFO] [stderr]   make[2]: *** [chemfiles/CMakeFiles/chemfiles_objects.dir/build.make:648: chemfiles/CMakeFiles/chemfiles_objects.dir/src/formats/SMI.cpp.o] Error 1
[INFO] [stderr]   c++: fatal error: Killed signal terminated program cc1plus
[INFO] [stderr]   compilation terminated.
[INFO] [stderr]   make[2]: *** [chemfiles/CMakeFiles/chemfiles_objects.dir/build.make:284: chemfiles/CMakeFiles/chemfiles_objects.dir/src/capi/misc.cpp.o] Error 1
[INFO] [stderr]   In file included from /opt/rustwide/cargo-home/registry/src/github.com-1ecc6299db9ec823/chemfiles-sys-0.10.1/chemfiles/src/capi/residue.cpp:10:
[INFO] [stderr]   /opt/rustwide/cargo-home/registry/src/github.com-1ecc6299db9ec823/chemfiles-sys-0.10.1/chemfiles/include/chemfiles/capi/utils.hpp: In function 'size_t chemfiles::checked_cast(uint64_t)':
[INFO] [stderr]   /opt/rustwide/cargo-home/registry/src/github.com-1ecc6299db9ec823/chemfiles-sys-0.10.1/chemfiles/include/chemfiles/capi/utils.hpp:27:47: warning: useless cast to type 'uint64_t' {aka 'long unsigned int'} [-Wuseless-cast]
[INFO] [stderr]      27 |     if (value > static_cast<uint64_t>(SIZE_MAX)) {
[INFO] [stderr]         |                                               ^
[INFO] [stderr]   /opt/rustwide/cargo-home/registry/src/github.com-1ecc6299db9ec823/chemfiles-sys-0.10.1/chemfiles/include/chemfiles/capi/utils.hpp:30:37: warning: useless cast to type 'size_t' {aka 'long unsigned int'} [-Wuseless-cast]
[INFO] [stderr]      30 |     return static_cast<size_t>(value);
[INFO] [stderr]         |                                     ^
[INFO] [stderr]   In file included from /opt/rustwide/cargo-home/registry/src/github.com-1ecc6299db9ec823/chemfiles-sys-0.10.1/chemfiles/src/capi/topology.cpp:9:
[INFO] [stderr]   /opt/rustwide/cargo-home/registry/src/github.com-1ecc6299db9ec823/chemfiles-sys-0.10.1/chemfiles/include/chemfiles/capi/utils.hpp: In function 'size_t chemfiles::checked_cast(uint64_t)':
[INFO] [stderr]   /opt/rustwide/cargo-home/registry/src/github.com-1ecc6299db9ec823/chemfiles-sys-0.10.1/chemfiles/include/chemfiles/capi/utils.hpp:27:47: warning: useless cast to type 'uint64_t' {aka 'long unsigned int'} [-Wuseless-cast]
[INFO] [stderr]      27 |     if (value > static_cast<uint64_t>(SIZE_MAX)) {
[INFO] [stderr]         |                                               ^
[INFO] [stderr]   /opt/rustwide/cargo-home/registry/src/github.com-1ecc6299db9ec823/chemfiles-sys-0.10.1/chemfiles/include/chemfiles/capi/utils.hpp:30:37: warning: useless cast to type 'size_t' {aka 'long unsigned int'} [-Wuseless-cast]
[INFO] [stderr]      30 |     return static_cast<size_t>(value);
[INFO] [stderr]         |                                     ^
[INFO] [stderr]   c++: fatal error: Killed signal terminated program cc1plus
[INFO] [stderr]   compilation terminated.
[INFO] [stderr]   make[2]: *** [chemfiles/CMakeFiles/chemfiles_objects.dir/build.make:63: chemfiles/CMakeFiles/chemfiles_objects.dir/src/Atom.cpp.o] Error 1
[INFO] [stderr]   c++: fatal error: Killed signal terminated program cc1plus
[INFO] [stderr]   compilation terminated.
[INFO] [stderr]   make[2]: *** [chemfiles/CMakeFiles/chemfiles_objects.dir/build.make:726: chemfiles/CMakeFiles/chemfiles_objects.dir/src/formats/mmCIF.cpp.o] Error 1
[INFO] [stderr]   c++: fatal error: Killed signal terminated program cc1plus
[INFO] [stderr]   compilation terminated.
[INFO] [stderr]   make[2]: *** [chemfiles/CMakeFiles/chemfiles_objects.dir/build.make:544: chemfiles/CMakeFiles/chemfiles_objects.dir/src/formats/GRO.cpp.o] Error 1
[INFO] [stderr]   In file included from /opt/rustwide/cargo-home/registry/src/github.com-1ecc6299db9ec823/chemfiles-sys-0.10.1/chemfiles/src/capi/frame.cpp:9:
[INFO] [stderr]   /opt/rustwide/cargo-home/registry/src/github.com-1ecc6299db9ec823/chemfiles-sys-0.10.1/chemfiles/include/chemfiles/capi/utils.hpp: In function 'size_t chemfiles::checked_cast(uint64_t)':
[INFO] [stderr]   /opt/rustwide/cargo-home/registry/src/github.com-1ecc6299db9ec823/chemfiles-sys-0.10.1/chemfiles/include/chemfiles/capi/utils.hpp:27:47: warning: useless cast to type 'uint64_t' {aka 'long unsigned int'} [-Wuseless-cast]
[INFO] [stderr]      27 |     if (value > static_cast<uint64_t>(SIZE_MAX)) {
[INFO] [stderr]         |                                               ^
[INFO] [stderr]   /opt/rustwide/cargo-home/registry/src/github.com-1ecc6299db9ec823/chemfiles-sys-0.10.1/chemfiles/include/chemfiles/capi/utils.hpp:30:37: warning: useless cast to type 'size_t' {aka 'long unsigned int'} [-Wuseless-cast]
[INFO] [stderr]      30 |     return static_cast<size_t>(value);
[INFO] [stderr]         |                                     ^
[INFO] [stderr]   c++: fatal error: Killed signal terminated program cc1plus
[INFO] [stderr]   compilation terminated.
[INFO] [stderr]   make[2]: *** [chemfiles/CMakeFiles/chemfiles_objects.dir/build.make:531: chemfiles/CMakeFiles/chemfiles_objects.dir/src/formats/CSSR.cpp.o] Error 1
[INFO] [stderr]   c++: fatal error: Killed signal terminated program cc1plus
[INFO] [stderr]   compilation terminated.
[INFO] [stderr]   make[2]: *** [chemfiles/CMakeFiles/chemfiles_objects.dir/build.make:362: chemfiles/CMakeFiles/chemfiles_objects.dir/src/capi/trajectory.cpp.o] Error 1
[INFO] [stderr]   c++: fatal error: Killed signal terminated program cc1plus
[INFO] [stderr]   compilation terminated.
[INFO] [stderr]   make[2]: *** [chemfiles/CMakeFiles/chemfiles_objects.dir/build.make:466: chemfiles/CMakeFiles/chemfiles_objects.dir/src/files/XDRFile.cpp.o] Error 1
[INFO] [stderr]   /opt/rustwide/cargo-home/registry/src/github.com-1ecc6299db9ec823/chemfiles-sys-0.10.1/chemfiles/src/capi/residue.cpp: In function 'chfl_status chfl_residue_atoms_count(const CHFL_RESIDUE*, uint64_t*)':
[INFO] [stderr]   /opt/rustwide/cargo-home/registry/src/github.com-1ecc6299db9ec823/chemfiles-sys-0.10.1/chemfiles/src/capi/residue.cpp:90:55: warning: useless cast to type 'uint64_t' {aka 'long unsigned int'} [-Wuseless-cast]
[INFO] [stderr]      90 |         *count = static_cast<uint64_t>(residue->size());
[INFO] [stderr]         |                                                       ^
[INFO] [stderr]   /opt/rustwide/cargo-home/registry/src/github.com-1ecc6299db9ec823/chemfiles-sys-0.10.1/chemfiles/include/chemfiles/capi/utils.hpp:74:9: note: in definition of macro 'CHFL_ERROR_CATCH'
[INFO] [stderr]      74 |         _instructions_                                                         \
[INFO] [stderr]         |         ^~~~~~~~~~~~~~
[INFO] [stderr]   /opt/rustwide/cargo-home/registry/src/github.com-1ecc6299db9ec823/chemfiles-sys-0.10.1/chemfiles/src/capi/residue.cpp: In function 'chfl_status chfl_residue_atoms(const CHFL_RESIDUE*, uint64_t*, uint64_t)':
[INFO] [stderr]   /opt/rustwide/cargo-home/registry/src/github.com-1ecc6299db9ec823/chemfiles-sys-0.10.1/chemfiles/src/capi/residue.cpp:105:51: warning: useless cast to type 'uint64_t' {aka 'long unsigned int'} [-Wuseless-cast]
[INFO] [stderr]     105 |             atoms[i] = static_cast<uint64_t>(index);
[INFO] [stderr]         |                                                   ^
[INFO] [stderr]   /opt/rustwide/cargo-home/registry/src/github.com-1ecc6299db9ec823/chemfiles-sys-0.10.1/chemfiles/include/chemfiles/capi/utils.hpp:74:9: note: in definition of macro 'CHFL_ERROR_CATCH'
[INFO] [stderr]      74 |         _instructions_                                                         \
[INFO] [stderr]         |         ^~~~~~~~~~~~~~
[INFO] [stderr]   /opt/rustwide/cargo-home/registry/src/github.com-1ecc6299db9ec823/chemfiles-sys-0.10.1/chemfiles/src/capi/residue.cpp: In function 'chfl_status chfl_residue_properties_count(const CHFL_RESIDUE*, uint64_t*)':
[INFO] [stderr]   /opt/rustwide/cargo-home/registry/src/github.com-1ecc6299db9ec823/chemfiles-sys-0.10.1/chemfiles/src/capi/residue.cpp:151:68: warning: useless cast to type 'uint64_t' {aka 'long unsigned int'} [-Wuseless-cast]
[INFO] [stderr]     151 |         *count = static_cast<uint64_t>(residue->properties().size());
[INFO] [stderr]         |                                                                    ^
[INFO] [stderr]   /opt/rustwide/cargo-home/registry/src/github.com-1ecc6299db9ec823/chemfiles-sys-0.10.1/chemfiles/include/chemfiles/capi/utils.hpp:74:9: note: in definition of macro 'CHFL_ERROR_CATCH'
[INFO] [stderr]      74 |         _instructions_                                                         \
[INFO] [stderr]         |         ^~~~~~~~~~~~~~
[INFO] [stderr]   c++: fatal error: Killed signal terminated program cc1plus
[INFO] [stderr]   compilation terminated.
[INFO] [stderr]   make[2]: *** [chemfiles/CMakeFiles/chemfiles_objects.dir/build.make:258: chemfiles/CMakeFiles/chemfiles_objects.dir/src/capi/cell.cpp.o] Error 1
[INFO] [stderr]   In file included from /opt/rustwide/cargo-home/registry/src/github.com-1ecc6299db9ec823/chemfiles-sys-0.10.1/chemfiles/src/capi/property.cpp:11:
[INFO] [stderr]   /opt/rustwide/cargo-home/registry/src/github.com-1ecc6299db9ec823/chemfiles-sys-0.10.1/chemfiles/include/chemfiles/capi/utils.hpp: In function 'size_t chemfiles::checked_cast(uint64_t)':
[INFO] [stderr]   /opt/rustwide/cargo-home/registry/src/github.com-1ecc6299db9ec823/chemfiles-sys-0.10.1/chemfiles/include/chemfiles/capi/utils.hpp:27:47: warning: useless cast to type 'uint64_t' {aka 'long unsigned int'} [-Wuseless-cast]
[INFO] [stderr]      27 |     if (value > static_cast<uint64_t>(SIZE_MAX)) {
[INFO] [stderr]         |                                               ^
[INFO] [stderr]   /opt/rustwide/cargo-home/registry/src/github.com-1ecc6299db9ec823/chemfiles-sys-0.10.1/chemfiles/include/chemfiles/capi/utils.hpp:30:37: warning: useless cast to type 'size_t' {aka 'long unsigned int'} [-Wuseless-cast]
[INFO] [stderr]      30 |     return static_cast<size_t>(value);
[INFO] [stderr]         |                                     ^
[INFO] [stderr]   /opt/rustwide/cargo-home/registry/src/github.com-1ecc6299db9ec823/chemfiles-sys-0.10.1/chemfiles/src/capi/topology.cpp: In function 'chfl_status chfl_topology_atoms_count(const CHFL_TOPOLOGY*, uint64_t*)':
[INFO] [stderr]   /opt/rustwide/cargo-home/registry/src/github.com-1ecc6299db9ec823/chemfiles-sys-0.10.1/chemfiles/src/capi/topology.cpp:58:56: warning: useless cast to type 'uint64_t' {aka 'long unsigned int'} [-Wuseless-cast]
[INFO] [stderr]      58 |         *count = static_cast<uint64_t>(topology->size());
[INFO] [stderr]         |                                                        ^
[INFO] [stderr]   /opt/rustwide/cargo-home/registry/src/github.com-1ecc6299db9ec823/chemfiles-sys-0.10.1/chemfiles/include/chemfiles/capi/utils.hpp:74:9: note: in definition of macro 'CHFL_ERROR_CATCH'
[INFO] [stderr]      74 |         _instructions_                                                         \
[INFO] [stderr]         |         ^~~~~~~~~~~~~~
[INFO] [stderr]   /opt/rustwide/cargo-home/registry/src/github.com-1ecc6299db9ec823/chemfiles-sys-0.10.1/chemfiles/src/capi/topology.cpp: In function 'chfl_status chfl_topology_bonds_count(const CHFL_TOPOLOGY*, uint64_t*)':
[INFO] [stderr]   /opt/rustwide/cargo-home/registry/src/github.com-1ecc6299db9ec823/chemfiles-sys-0.10.1/chemfiles/src/capi/topology.cpp:88:64: warning: useless cast to type 'uint64_t' {aka 'long unsigned int'} [-Wuseless-cast]
[INFO] [stderr]      88 |         *count = static_cast<uint64_t>(topology->bonds().size());
[INFO] [stderr]         |                                                                ^
[INFO] [stderr]   /opt/rustwide/cargo-home/registry/src/github.com-1ecc6299db9ec823/chemfiles-sys-0.10.1/chemfiles/include/chemfiles/capi/utils.hpp:74:9: note: in definition of macro 'CHFL_ERROR_CATCH'
[INFO] [stderr]      74 |         _instructions_                                                         \
[INFO] [stderr]         |         ^~~~~~~~~~~~~~
[INFO] [stderr]   /opt/rustwide/cargo-home/registry/src/github.com-1ecc6299db9ec823/chemfiles-sys-0.10.1/chemfiles/src/capi/topology.cpp: In function 'chfl_status chfl_topology_angles_count(const CHFL_TOPOLOGY*, uint64_t*)':
[INFO] [stderr]   /opt/rustwide/cargo-home/registry/src/github.com-1ecc6299db9ec823/chemfiles-sys-0.10.1/chemfiles/src/capi/topology.cpp:96:65: warning: useless cast to type 'uint64_t' {aka 'long unsigned int'} [-Wuseless-cast]
[INFO] [stderr]      96 |         *count = static_cast<uint64_t>(topology->angles().size());
[INFO] [stderr]         |                                                                 ^
[INFO] [stderr]   /opt/rustwide/cargo-home/registry/src/github.com-1ecc6299db9ec823/chemfiles-sys-0.10.1/chemfiles/include/chemfiles/capi/utils.hpp:74:9: note: in definition of macro 'CHFL_ERROR_CATCH'
[INFO] [stderr]      74 |         _instructions_                                                         \
[INFO] [stderr]         |         ^~~~~~~~~~~~~~
[INFO] [stderr]   /opt/rustwide/cargo-home/registry/src/github.com-1ecc6299db9ec823/chemfiles-sys-0.10.1/chemfiles/src/capi/topology.cpp: In function 'chfl_status chfl_topology_dihedrals_count(const CHFL_TOPOLOGY*, uint64_t*)':
[INFO] [stderr]   /opt/rustwide/cargo-home/registry/src/github.com-1ecc6299db9ec823/chemfiles-sys-0.10.1/chemfiles/src/capi/topology.cpp:104:68: warning: useless cast to type 'uint64_t' {aka 'long unsigned int'} [-Wuseless-cast]
[INFO] [stderr]     104 |         *count = static_cast<uint64_t>(topology->dihedrals().size());
[INFO] [stderr]         |                                                                    ^
[INFO] [stderr]   /opt/rustwide/cargo-home/registry/src/github.com-1ecc6299db9ec823/chemfiles-sys-0.10.1/chemfiles/include/chemfiles/capi/utils.hpp:74:9: note: in definition of macro 'CHFL_ERROR_CATCH'
[INFO] [stderr]      74 |         _instructions_                                                         \
[INFO] [stderr]         |         ^~~~~~~~~~~~~~
[INFO] [stderr]   /opt/rustwide/cargo-home/registry/src/github.com-1ecc6299db9ec823/chemfiles-sys-0.10.1/chemfiles/src/capi/topology.cpp: In function 'chfl_status chfl_topology_impropers_count(const CHFL_TOPOLOGY*, uint64_t*)':
[INFO] [stderr]   /opt/rustwide/cargo-home/registry/src/github.com-1ecc6299db9ec823/chemfiles-sys-0.10.1/chemfiles/src/capi/topology.cpp:112:68: warning: useless cast to type 'uint64_t' {aka 'long unsigned int'} [-Wuseless-cast]
[INFO] [stderr]     112 |         *count = static_cast<uint64_t>(topology->impropers().size());
[INFO] [stderr]         |                                                                    ^
[INFO] [stderr]   /opt/rustwide/cargo-home/registry/src/github.com-1ecc6299db9ec823/chemfiles-sys-0.10.1/chemfiles/include/chemfiles/capi/utils.hpp:74:9: note: in definition of macro 'CHFL_ERROR_CATCH'
[INFO] [stderr]      74 |         _instructions_                                                         \
[INFO] [stderr]         |         ^~~~~~~~~~~~~~
[INFO] [stderr]   /opt/rustwide/cargo-home/registry/src/github.com-1ecc6299db9ec823/chemfiles-sys-0.10.1/chemfiles/src/capi/frame.cpp: In function 'chfl_status chfl_frame_atoms_count(const CHFL_FRAME*, uint64_t*)':
[INFO] [stderr]   /opt/rustwide/cargo-home/registry/src/github.com-1ecc6299db9ec823/chemfiles-sys-0.10.1/chemfiles/src/capi/frame.cpp:51:53: warning: useless cast to type 'uint64_t' {aka 'long unsigned int'} [-Wuseless-cast]
[INFO] [stderr]      51 |         *count = static_cast<uint64_t>(frame->size());
[INFO] [stderr]         |                                                     ^
[INFO] [stderr]   /opt/rustwide/cargo-home/registry/src/github.com-1ecc6299db9ec823/chemfiles-sys-0.10.1/chemfiles/include/chemfiles/capi/utils.hpp:74:9: note: in definition of macro 'CHFL_ERROR_CATCH'
[INFO] [stderr]      74 |         _instructions_                                                         \
[INFO] [stderr]         |         ^~~~~~~~~~~~~~
[INFO] [stderr]   c++: fatal error: Killed signal terminated program cc1plus
[INFO] [stderr]   compilation terminated.
[INFO] [stderr]   make[2]: *** [chemfiles/CMakeFiles/chemfiles_objects.dir/build.make:349: chemfiles/CMakeFiles/chemfiles_objects.dir/src/capi/topology.cpp.o] Error 1
[INFO] [stderr]   /opt/rustwide/cargo-home/registry/src/github.com-1ecc6299db9ec823/chemfiles-sys-0.10.1/chemfiles/src/capi/frame.cpp: In function 'chfl_status chfl_frame_properties_count(const CHFL_FRAME*, uint64_t*)':
[INFO] [stderr]   /opt/rustwide/cargo-home/registry/src/github.com-1ecc6299db9ec823/chemfiles-sys-0.10.1/chemfiles/src/capi/frame.cpp:214:66: warning: useless cast to type 'uint64_t' {aka 'long unsigned int'} [-Wuseless-cast]
[INFO] [stderr]     214 |         *count = static_cast<uint64_t>(frame->properties().size());
[INFO] [stderr]         |                                                                  ^
[INFO] [stderr]   /opt/rustwide/cargo-home/registry/src/github.com-1ecc6299db9ec823/chemfiles-sys-0.10.1/chemfiles/include/chemfiles/capi/utils.hpp:74:9: note: in definition of macro 'CHFL_ERROR_CATCH'
[INFO] [stderr]      74 |         _instructions_                                                         \
[INFO] [stderr]         |         ^~~~~~~~~~~~~~
[INFO] [stderr]   /opt/rustwide/cargo-home/registry/src/github.com-1ecc6299db9ec823/chemfiles-sys-0.10.1/chemfiles/src/files/MemoryFile.cpp: In member function 'virtual void chemfiles::MemoryFile::seek(uint64_t)':
[INFO] [stderr]   /opt/rustwide/cargo-home/registry/src/github.com-1ecc6299db9ec823/chemfiles-sys-0.10.1/chemfiles/src/files/MemoryFile.cpp:26:53: warning: useless cast to type 'size_t' {aka 'long unsigned int'} [-Wuseless-cast]
[INFO] [stderr]      26 |     current_location_ = static_cast<size_t>(position);
[INFO] [stderr]         |                                                     ^
[INFO] [stderr]   c++: fatal error: Killed signal terminated program cc1plus
[INFO] [stderr]   compilation terminated.
[INFO] [stderr]   make[2]: *** [chemfiles/CMakeFiles/chemfiles_objects.dir/build.make:310: chemfiles/CMakeFiles/chemfiles_objects.dir/src/capi/residue.cpp.o] Error 1
[INFO] [stderr]   c++: fatal error: Killed signal terminated program cc1plus
[INFO] [stderr]   compilation terminated.
[INFO] [stderr]   make[2]: *** [chemfiles/CMakeFiles/chemfiles_objects.dir/build.make:167: chemfiles/CMakeFiles/chemfiles_objects.dir/src/Property.cpp.o] Error 1
[INFO] [stderr]   /opt/rustwide/cargo-home/registry/src/github.com-1ecc6299db9ec823/chemfiles-sys-0.10.1/chemfiles/src/files/XzFile.cpp: In member function 'virtual void chemfiles::XzFile::seek(uint64_t)':
[INFO] [stderr]   /opt/rustwide/cargo-home/registry/src/github.com-1ecc6299db9ec823/chemfiles-sys-0.10.1/chemfiles/src/files/XzFile.cpp:142:65: warning: useless cast to type 'size_t' {aka 'long unsigned int'} [-Wuseless-cast]
[INFO] [stderr]     142 |     auto count = this->read(buffer, static_cast<size_t>(position));
[INFO] [stderr]         |                                                                 ^
[INFO] [stderr]   c++: fatal error: Killed signal terminated program cc1plus
[INFO] [stderr]   compilation terminated.
[INFO] [stderr]   make[2]: *** [chemfiles/CMakeFiles/chemfiles_objects.dir/build.make:271: chemfiles/CMakeFiles/chemfiles_objects.dir/src/capi/frame.cpp.o] Error 1
[INFO] [stderr]   /opt/rustwide/cargo-home/registry/src/github.com-1ecc6299db9ec823/chemfiles-sys-0.10.1/chemfiles/src/formats/TRR.cpp: In member function 'virtual size_t chemfiles::TRRFormat::nsteps()':
[INFO] [stderr]   /opt/rustwide/cargo-home/registry/src/github.com-1ecc6299db9ec823/chemfiles-sys-0.10.1/chemfiles/src/formats/TRR.cpp:67:72: warning: useless cast to type 'size_t' {aka 'long unsigned int'} [-Wuseless-cast]
[INFO] [stderr]      67 | size_t TRRFormat::nsteps() { return static_cast<size_t>(file_.nframes()); }
[INFO] [stderr]         |                                                                        ^
[INFO] [stderr]   c++: fatal error: Killed signal terminated program cc1plus
[INFO] [stderr]   compilation terminated.
[INFO] [stderr]   make[2]: *** [chemfiles/CMakeFiles/chemfiles_objects.dir/build.make:440: chemfiles/CMakeFiles/chemfiles_objects.dir/src/files/PlainFile.cpp.o] Error 1
[INFO] [stderr]   c++: fatal error: Killed signal terminated program cc1plus
[INFO] [stderr]   compilation terminated.
[INFO] [stderr]   make[2]: *** [chemfiles/CMakeFiles/chemfiles_objects.dir/build.make:622: chemfiles/CMakeFiles/chemfiles_objects.dir/src/formats/PDB.cpp.o] Error 1
[INFO] [stderr]   /opt/rustwide/cargo-home/registry/src/github.com-1ecc6299db9ec823/chemfiles-sys-0.10.1/chemfiles/src/formats/XTC.cpp: In member function 'virtual size_t chemfiles::XTCFormat::nsteps()':
[INFO] [stderr]   /opt/rustwide/cargo-home/registry/src/github.com-1ecc6299db9ec823/chemfiles-sys-0.10.1/chemfiles/src/formats/XTC.cpp:63:72: warning: useless cast to type 'size_t' {aka 'long unsigned int'} [-Wuseless-cast]
[INFO] [stderr]      63 | size_t XTCFormat::nsteps() { return static_cast<size_t>(file_.nframes()); }
[INFO] [stderr]         |                                                                        ^
[INFO] [stderr]   c++: fatal error: Killed signal terminated program cc1plus
[INFO] [stderr]   compilation terminated.
[INFO] [stderr]   make[2]: *** [chemfiles/CMakeFiles/chemfiles_objects.dir/build.make:219: chemfiles/CMakeFiles/chemfiles_objects.dir/src/Trajectory.cpp.o] Error 1
[INFO] [stderr]   c++: fatal error: Killed signal terminated program cc1plus
[INFO] [stderr]   compilation terminated.
[INFO] [stderr]   make[2]: *** [chemfiles/CMakeFiles/chemfiles_objects.dir/build.make:713: chemfiles/CMakeFiles/chemfiles_objects.dir/src/formats/XYZ.cpp.o] Error 1
[INFO] [stderr]   c++: fatal error: Killed signal terminated program cc1plus
[INFO] [stderr]   compilation terminated.
[INFO] [stderr]   make[2]: *** [chemfiles/CMakeFiles/chemfiles_objects.dir/build.make:804: chemfiles/CMakeFiles/chemfiles_objects.dir/src/selections/expr.cpp.o] Error 1
[INFO] [stderr]   c++: fatal error: Killed signal terminated program cc1plus
[INFO] [stderr]   compilation terminated.
[INFO] [stderr]   make[2]: *** [chemfiles/CMakeFiles/chemfiles_objects.dir/build.make:674: chemfiles/CMakeFiles/chemfiles_objects.dir/src/formats/TRR.cpp.o] Error 1
[INFO] [stderr]   c++: fatal error: Killed signal terminated program cc1plus
[INFO] [stderr]   compilation terminated.
[INFO] [stderr]   make[2]: *** [chemfiles/CMakeFiles/chemfiles_objects.dir/build.make:700: chemfiles/CMakeFiles/chemfiles_objects.dir/src/formats/XTC.cpp.o] Error 1
[INFO] [stderr]   c++: fatal error: Killed signal terminated program cc1plus
[INFO] [stderr]   compilation terminated.
[INFO] [stderr]   make[2]: *** [chemfiles/CMakeFiles/chemfiles_objects.dir/build.make:154: chemfiles/CMakeFiles/chemfiles_objects.dir/src/Frame.cpp.o] Error 1
[INFO] [stderr]   make[1]: *** [CMakeFiles/Makefile2:332: chemfiles/CMakeFiles/chemfiles_objects.dir/all] Error 2
[INFO] [stderr]   make: *** [Makefile:130: all] Error 2
[INFO] [stderr]   thread 'main' panicked at '
[INFO] [stderr]   command did not execute successfully, got: exit status: 2
[INFO] [stderr] 
[INFO] [stderr]   build script failed, must exit now', /opt/rustwide/cargo-home/registry/src/github.com-1ecc6299db9ec823/cmake-0.1.45/src/lib.rs:894:5
[INFO] [stderr]   stack backtrace:
[INFO] [stderr]      0:     0x5605dd2170d0 - std::backtrace_rs::backtrace::libunwind::trace::ha0ad43e8a952bfe7
[INFO] [stderr]                                  at /rustc/c8dfcfe046a7680554bf4eb612bad840e7631c4b/library/std/src/../../backtrace/src/backtrace/libunwind.rs:90:5
[INFO] [stderr]      1:     0x5605dd2170d0 - std::backtrace_rs::backtrace::trace_unsynchronized::h6830419c0c4130dc
[INFO] [stderr]                                  at /rustc/c8dfcfe046a7680554bf4eb612bad840e7631c4b/library/std/src/../../backtrace/src/backtrace/mod.rs:66:5
[INFO] [stderr]      2:     0x5605dd2170d0 - std::sys_common::backtrace::_print_fmt::h8f3516631ffa1ef5
[INFO] [stderr]                                  at /rustc/c8dfcfe046a7680554bf4eb612bad840e7631c4b/library/std/src/sys_common/backtrace.rs:67:5
[INFO] [stderr]      3:     0x5605dd2170d0 - <std::sys_common::backtrace::_print::DisplayBacktrace as core::fmt::Display>::fmt::he1640d5f0d93f618
[INFO] [stderr]                                  at /rustc/c8dfcfe046a7680554bf4eb612bad840e7631c4b/library/std/src/sys_common/backtrace.rs:46:22
[INFO] [stderr]      4:     0x5605dd236eec - core::fmt::write::h88012e1f01caeebf
[INFO] [stderr]                                  at /rustc/c8dfcfe046a7680554bf4eb612bad840e7631c4b/library/core/src/fmt/mod.rs:1115:17
[INFO] [stderr]      5:     0x5605dd213d95 - std::io::Write::write_fmt::h360fa85b30182555
[INFO] [stderr]                                  at /rustc/c8dfcfe046a7680554bf4eb612bad840e7631c4b/library/std/src/io/mod.rs:1665:15
[INFO] [stderr]      6:     0x5605dd2196fb - std::sys_common::backtrace::_print::ha1f00492f406a015
[INFO] [stderr]                                  at /rustc/c8dfcfe046a7680554bf4eb612bad840e7631c4b/library/std/src/sys_common/backtrace.rs:49:5
[INFO] [stderr]      7:     0x5605dd2196fb - std::sys_common::backtrace::print::hd54561b13feb6af3
[INFO] [stderr]                                  at /rustc/c8dfcfe046a7680554bf4eb612bad840e7631c4b/library/std/src/sys_common/backtrace.rs:36:9
[INFO] [stderr]      8:     0x5605dd2196fb - std::panicking::default_hook::{{closure}}::h84fe124cd0864662
[INFO] [stderr]                                  at /rustc/c8dfcfe046a7680554bf4eb612bad840e7631c4b/library/std/src/panicking.rs:208:50
[INFO] [stderr]      9:     0x5605dd2191d1 - std::panicking::default_hook::h5a8e74a76ce290a7
[INFO] [stderr]                                  at /rustc/c8dfcfe046a7680554bf4eb612bad840e7631c4b/library/std/src/panicking.rs:225:9
[INFO] [stderr]     10:     0x5605dd219dc4 - std::panicking::rust_panic_with_hook::h67c812a4fe9d4c91
[INFO] [stderr]                                  at /rustc/c8dfcfe046a7680554bf4eb612bad840e7631c4b/library/std/src/panicking.rs:622:17
[INFO] [stderr]     11:     0x5605dd2198a7 - std::panicking::begin_panic_handler::{{closure}}::h33f9c1b96af300d7
[INFO] [stderr]                                  at /rustc/c8dfcfe046a7680554bf4eb612bad840e7631c4b/library/std/src/panicking.rs:519:13
[INFO] [stderr]     12:     0x5605dd2175cc - std::sys_common::backtrace::__rust_end_short_backtrace::h51bae64be5921f0e
[INFO] [stderr]                                  at /rustc/c8dfcfe046a7680554bf4eb612bad840e7631c4b/library/std/src/sys_common/backtrace.rs:141:18
[INFO] [stderr]     13:     0x5605dd219809 - rust_begin_unwind
[INFO] [stderr]                                  at /rustc/c8dfcfe046a7680554bf4eb612bad840e7631c4b/library/std/src/panicking.rs:515:5
[INFO] [stderr]     14:     0x5605dd197bbb - std::panicking::begin_panic_fmt::h7ab3d84aa4ae32a2
[INFO] [stderr]                                  at /rustc/c8dfcfe046a7680554bf4eb612bad840e7631c4b/library/std/src/panicking.rs:457:5
[INFO] [stderr]     15:     0x5605dd1a2313 - cmake::fail::hcfb6275c13ff756c
[INFO] [stderr]                                  at /opt/rustwide/cargo-home/registry/src/github.com-1ecc6299db9ec823/cmake-0.1.45/src/lib.rs:894:5
[INFO] [stderr]     16:     0x5605dd1a1d21 - cmake::run::h5d9969afa273fbe7
[INFO] [stderr]                                  at /opt/rustwide/cargo-home/registry/src/github.com-1ecc6299db9ec823/cmake-0.1.45/src/lib.rs:872:9
[INFO] [stderr]     17:     0x5605dd19f761 - cmake::Config::build::h8d512bdd07dd7bfc
[INFO] [stderr]                                  at /opt/rustwide/cargo-home/registry/src/github.com-1ecc6299db9ec823/cmake-0.1.45/src/lib.rs:778:9
[INFO] [stderr]     18:     0x5605dd198d1b - build_script_build::build_chemfiles::hd92e6e61eeac9d48
[INFO] [stderr]                                  at /opt/rustwide/cargo-home/registry/src/github.com-1ecc6299db9ec823/chemfiles-sys-0.10.1/build.rs:20:19
[INFO] [stderr]     19:     0x5605dd198b2e - build_script_build::main::h86440749121612d6
[INFO] [stderr]                                  at /opt/rustwide/cargo-home/registry/src/github.com-1ecc6299db9ec823/chemfiles-sys-0.10.1/build.rs:10:19
[INFO] [stderr]     20:     0x5605dd19a2cb - core::ops::function::FnOnce::call_once::h18990b7d14cef8e0
[INFO] [stderr]                                  at /rustc/c8dfcfe046a7680554bf4eb612bad840e7631c4b/library/core/src/ops/function.rs:227:5
[INFO] [stderr]     21:     0x5605dd1998de - std::sys_common::backtrace::__rust_begin_short_backtrace::hef81d14c0850ce75
[INFO] [stderr]                                  at /rustc/c8dfcfe046a7680554bf4eb612bad840e7631c4b/library/std/src/sys_common/backtrace.rs:125:18
[INFO] [stderr]     22:     0x5605dd19a751 - std::rt::lang_start::{{closure}}::h5ed5d9544afb2fa3
[INFO] [stderr]                                  at /rustc/c8dfcfe046a7680554bf4eb612bad840e7631c4b/library/std/src/rt.rs:63:18
[INFO] [stderr]     23:     0x5605dd21a2ca - core::ops::function::impls::<impl core::ops::function::FnOnce<A> for &F>::call_once::ha9408abe89f69dc4
[INFO] [stderr]                                  at /rustc/c8dfcfe046a7680554bf4eb612bad840e7631c4b/library/core/src/ops/function.rs:259:13
[INFO] [stderr]     24:     0x5605dd21a2ca - std::panicking::try::do_call::h5b0cc9e9102acb65
[INFO] [stderr]                                  at /rustc/c8dfcfe046a7680554bf4eb612bad840e7631c4b/library/std/src/panicking.rs:401:40
[INFO] [stderr]     25:     0x5605dd21a2ca - std::panicking::try::hddc7f8229138b3ba
[INFO] [stderr]                                  at /rustc/c8dfcfe046a7680554bf4eb612bad840e7631c4b/library/std/src/panicking.rs:365:19
[INFO] [stderr]     26:     0x5605dd21a2ca - std::panic::catch_unwind::hfa401ff8bab2986e
[INFO] [stderr]                                  at /rustc/c8dfcfe046a7680554bf4eb612bad840e7631c4b/library/std/src/panic.rs:434:14
[INFO] [stderr]     27:     0x5605dd21a2ca - std::rt::lang_start_internal::{{closure}}::h8163422320d11405
[INFO] [stderr]                                  at /rustc/c8dfcfe046a7680554bf4eb612bad840e7631c4b/library/std/src/rt.rs:45:48
[INFO] [stderr]     28:     0x5605dd21a2ca - std::panicking::try::do_call::hc742cc7bb4f0fb20
[INFO] [stderr]                                  at /rustc/c8dfcfe046a7680554bf4eb612bad840e7631c4b/library/std/src/panicking.rs:401:40
[INFO] [stderr]     29:     0x5605dd21a2ca - std::panicking::try::ha37d8d2dd1acf7d3
[INFO] [stderr]                                  at /rustc/c8dfcfe046a7680554bf4eb612bad840e7631c4b/library/std/src/panicking.rs:365:19
[INFO] [stderr]     30:     0x5605dd21a2ca - std::panic::catch_unwind::h8a5381d5ecf437bc
[INFO] [stderr]                                  at /rustc/c8dfcfe046a7680554bf4eb612bad840e7631c4b/library/std/src/panic.rs:434:14
[INFO] [stderr]     31:     0x5605dd21a2ca - std::rt::lang_start_internal::h7e2cee8c90d4a4d3
[INFO] [stderr]                                  at /rustc/c8dfcfe046a7680554bf4eb612bad840e7631c4b/library/std/src/rt.rs:45:20
[INFO] [stderr]     32:     0x5605dd19a720 - std::rt::lang_start::h82040a322a58ec7c
[INFO] [stderr]                                  at /rustc/c8dfcfe046a7680554bf4eb612bad840e7631c4b/library/std/src/rt.rs:62:5
[INFO] [stderr]     33:     0x5605dd1995bc - main
[INFO] [stderr]     34:     0x7f8eed2290b3 - __libc_start_main
[INFO] [stderr]     35:     0x5605dd198a5e - _start
[INFO] [stderr]     36:                0x0 - <unknown>
[INFO] running `Command { std: "docker" "inspect" "8f6e794eb441cc37eff43e1f4ced15f917ab737892041a433077def174fa9d8c", kill_on_drop: false }`
[INFO] running `Command { std: "docker" "rm" "-f" "8f6e794eb441cc37eff43e1f4ced15f917ab737892041a433077def174fa9d8c", kill_on_drop: false }`
[INFO] [stdout] 8f6e794eb441cc37eff43e1f4ced15f917ab737892041a433077def174fa9d8c
