[INFO] fetching crate chars_input 0.2.2...
[INFO] checking chars_input-0.2.2 against 1.55.0 for beta-1.56-3
[INFO] extracting crate chars_input 0.2.2 into /workspace/builds/worker-3/source
[INFO] validating manifest of crates.io crate chars_input 0.2.2 on toolchain 1.55.0
[INFO] running `Command { std: "/workspace/cargo-home/bin/cargo" "+1.55.0" "metadata" "--manifest-path" "Cargo.toml" "--no-deps", kill_on_drop: false }`
[INFO] started tweaking crates.io crate chars_input 0.2.2
[INFO] finished tweaking crates.io crate chars_input 0.2.2
[INFO] tweaked toml for crates.io crate chars_input 0.2.2 written to /workspace/builds/worker-3/source/Cargo.toml
[INFO] running `Command { std: "/workspace/cargo-home/bin/cargo" "+1.55.0" "generate-lockfile" "--manifest-path" "Cargo.toml" "-Zno-index-update", kill_on_drop: false }`
[INFO] running `Command { std: "/workspace/cargo-home/bin/cargo" "+1.55.0" "fetch" "--manifest-path" "Cargo.toml", kill_on_drop: false }`
[INFO] [stderr]     Blocking waiting for file lock on package cache
[INFO] running `Command { std: "docker" "create" "-v" "/var/lib/crater-agent-workspace/builds/worker-3/target:/opt/rustwide/target:rw,Z" "-v" "/var/lib/crater-agent-workspace/builds/worker-3/source:/opt/rustwide/workdir:ro,Z" "-v" "/var/lib/crater-agent-workspace/cargo-home:/opt/rustwide/cargo-home:ro,Z" "-v" "/var/lib/crater-agent-workspace/rustup-home:/opt/rustwide/rustup-home:ro,Z" "-e" "SOURCE_DIR=/opt/rustwide/workdir" "-e" "CARGO_TARGET_DIR=/opt/rustwide/target" "-e" "CARGO_HOME=/opt/rustwide/cargo-home" "-e" "RUSTUP_HOME=/opt/rustwide/rustup-home" "-w" "/opt/rustwide/workdir" "-m" "1610612736" "--user" "0:0" "--network" "none" "ghcr.io/rust-lang/crates-build-env/linux@sha256:a89201d6b5b9fd45c15d5952ece0a0129e7e80cb26ec023fd59cf09bc26f1604" "/opt/rustwide/cargo-home/bin/cargo" "+1.55.0" "metadata" "--no-deps" "--format-version=1", kill_on_drop: false }`
[INFO] [stdout] b106c1f87b9121cb4fccb458718c32669555a845c8cbf2583196f9a1f16c9961
[INFO] running `Command { std: "docker" "start" "-a" "b106c1f87b9121cb4fccb458718c32669555a845c8cbf2583196f9a1f16c9961", kill_on_drop: false }`
[INFO] running `Command { std: "docker" "inspect" "b106c1f87b9121cb4fccb458718c32669555a845c8cbf2583196f9a1f16c9961", kill_on_drop: false }`
[INFO] running `Command { std: "docker" "rm" "-f" "b106c1f87b9121cb4fccb458718c32669555a845c8cbf2583196f9a1f16c9961", kill_on_drop: false }`
[INFO] [stdout] b106c1f87b9121cb4fccb458718c32669555a845c8cbf2583196f9a1f16c9961
[INFO] running `Command { std: "docker" "create" "-v" "/var/lib/crater-agent-workspace/builds/worker-3/target:/opt/rustwide/target:rw,Z" "-v" "/var/lib/crater-agent-workspace/builds/worker-3/source:/opt/rustwide/workdir:ro,Z" "-v" "/var/lib/crater-agent-workspace/cargo-home:/opt/rustwide/cargo-home:ro,Z" "-v" "/var/lib/crater-agent-workspace/rustup-home:/opt/rustwide/rustup-home:ro,Z" "-e" "SOURCE_DIR=/opt/rustwide/workdir" "-e" "CARGO_TARGET_DIR=/opt/rustwide/target" "-e" "CARGO_INCREMENTAL=0" "-e" "RUST_BACKTRACE=full" "-e" "RUSTFLAGS=--cap-lints=warn" "-e" "CARGO_HOME=/opt/rustwide/cargo-home" "-e" "RUSTUP_HOME=/opt/rustwide/rustup-home" "-w" "/opt/rustwide/workdir" "-m" "1610612736" "--user" "0:0" "--network" "none" "ghcr.io/rust-lang/crates-build-env/linux@sha256:a89201d6b5b9fd45c15d5952ece0a0129e7e80cb26ec023fd59cf09bc26f1604" "/opt/rustwide/cargo-home/bin/cargo" "+1.55.0" "check" "--frozen" "--all" "--all-targets" "--message-format=json", kill_on_drop: false }`
[INFO] [stdout] 26e71984b18254e8e0d860668a2c426775e99f5f77423820a0feb6d3f25fff9d
[INFO] running `Command { std: "docker" "start" "-a" "26e71984b18254e8e0d860668a2c426775e99f5f77423820a0feb6d3f25fff9d", kill_on_drop: false }`
[INFO] [stderr]     Blocking waiting for file lock on package cache
[INFO] [stderr]     Checking chars_input v0.2.2 (/opt/rustwide/workdir)
[INFO] [stdout] error[E0412]: cannot find type `Chars` in module `io`
[INFO] [stdout]    --> src/chars.rs:140:20
[INFO] [stdout]     |
[INFO] [stdout] 140 |         chars: io::Chars<R>,
[INFO] [stdout]     |                    ^^^^^ not found in `io`
[INFO] [stdout]     |
[INFO] [stdout] help: consider importing one of these items
[INFO] [stdout]     |
[INFO] [stdout] 118 |     use Chars;
[INFO] [stdout]     |
[INFO] [stdout] 118 |     use alloc::str::Chars;
[INFO] [stdout]     |
[INFO] [stdout] 
[INFO] [stdout] 
[INFO] [stdout] error[E0554]: `#![feature]` may not be used on the stable release channel
[INFO] [stdout]  --> src/lib.rs:1:1
[INFO] [stdout]   |
[INFO] [stdout] 1 | #![feature(alloc)]
[INFO] [stdout]   | ^^^^^^^^^^^^^^^^^^
[INFO] [stdout] 
[INFO] [stdout] 
[INFO] [stdout] error[E0554]: `#![feature]` may not be used on the stable release channel
[INFO] [stdout]  --> src/lib.rs:2:30
[INFO] [stdout]   |
[INFO] [stdout] 2 | #![cfg_attr(feature = "std", feature(io))]
[INFO] [stdout]   |                              ^^^^^^^^^^^
[INFO] [stdout] 
[INFO] [stdout] 
[INFO] [stdout] error[E0412]: cannot find type `Chars` in module `io`
[INFO] [stdout]    --> src/chars.rs:140:20
[INFO] [stdout]     |
[INFO] [stdout] 140 |         chars: io::Chars<R>,
[INFO] [stdout]     |                    ^^^^^ not found in `io`
[INFO] [stdout]     |
[INFO] [stdout] help: consider importing one of these items
[INFO] [stdout]     |
[INFO] [stdout] 118 |     use Chars;
[INFO] [stdout]     |
[INFO] [stdout] 118 |     use alloc::str::Chars;
[INFO] [stdout]     |
[INFO] [stdout] 
[INFO] [stdout] 
[INFO] [stdout] error[E0554]: `#![feature]` may not be used on the stable release channel
[INFO] [stdout]  --> src/lib.rs:1:1
[INFO] [stdout]   |
[INFO] [stdout] 1 | #![feature(alloc)]
[INFO] [stdout]   | ^^^^^^^^^^^^^^^^^^
[INFO] [stdout] 
[INFO] [stdout] 
[INFO] [stdout] error[E0554]: `#![feature]` may not be used on the stable release channel
[INFO] [stdout]  --> src/lib.rs:2:30
[INFO] [stdout]   |
[INFO] [stdout] 2 | #![cfg_attr(feature = "std", feature(io))]
[INFO] [stdout]   |                              ^^^^^^^^^^^
[INFO] [stdout] 
[INFO] [stdout] 
[INFO] [stdout] warning: trait objects without an explicit `dyn` are deprecated
[INFO] [stdout]    --> src/input.rs:162:45
[INFO] [stdout]     |
[INFO] [stdout] 162 |     fn trait_object_read_offset(input: &mut Input, state: &mut State, offset: usize) {
[INFO] [stdout]     |                                             ^^^^^ help: use `dyn`: `dyn Input`
[INFO] [stdout]     |
[INFO] [stdout]     = note: `#[warn(bare_trait_objects)]` on by default
[INFO] [stdout]     = warning: this is accepted in the current edition (Rust 2015) but is a hard error in Rust 2021!
[INFO] [stdout]     = note: for more information, see issue #80165 <https://github.com/rust-lang/rust/issues/80165>
[INFO] [stdout] 
[INFO] [stdout] 
[INFO] [stdout] warning: trait objects without an explicit `dyn` are deprecated
[INFO] [stdout]    --> src/input.rs:166:44
[INFO] [stdout]     |
[INFO] [stdout] 166 |     fn trait_object_read_lines(input: &mut Input, state: &mut State) -> usize {
[INFO] [stdout]     |                                            ^^^^^ help: use `dyn`: `dyn Input`
[INFO] [stdout]     |
[INFO] [stdout]     = warning: this is accepted in the current edition (Rust 2015) but is a hard error in Rust 2021!
[INFO] [stdout]     = note: for more information, see issue #80165 <https://github.com/rust-lang/rust/issues/80165>
[INFO] [stdout] 
[INFO] [stdout] 
[INFO] [stdout] error[E0599]: no method named `chars` found for type parameter `R` in the current scope
[INFO] [stdout]    --> src/chars.rs:150:31
[INFO] [stdout]     |
[INFO] [stdout] 150 |                 chars: reader.chars(),
[INFO] [stdout]     |                               ^^^^^ method not found in `R`
[INFO] [stdout] 
[INFO] [stdout] 
[INFO] [stdout] error: aborting due to 4 previous errors
[INFO] [stdout] 
[INFO] [stdout] 
[INFO] [stdout] Some errors have detailed explanations: E0412, E0554, E0599.
[INFO] [stdout] 
[INFO] [stdout] For more information about an error, try `rustc --explain E0412`.
[INFO] [stdout] 
[INFO] [stderr] error: could not compile `chars_input` due to 5 previous errors
[INFO] [stdout] error[E0599]: no method named `chars` found for type parameter `R` in the current scope
[INFO] [stdout]    --> src/chars.rs:150:31
[INFO] [stdout]     |
[INFO] [stdout] 150 |                 chars: reader.chars(),
[INFO] [stdout]     |                               ^^^^^ method not found in `R`
[INFO] [stdout] 
[INFO] [stdout] 
[INFO] [stderr] warning: build failed, waiting for other jobs to finish...
[INFO] [stdout] error: aborting due to 4 previous errors; 2 warnings emitted
[INFO] [stdout] 
[INFO] [stdout] 
[INFO] [stdout] Some errors have detailed explanations: E0412, E0554, E0599.
[INFO] [stdout] 
[INFO] [stdout] For more information about an error, try `rustc --explain E0412`.
[INFO] [stdout] 
[INFO] [stderr] error: build failed
[INFO] running `Command { std: "docker" "inspect" "26e71984b18254e8e0d860668a2c426775e99f5f77423820a0feb6d3f25fff9d", kill_on_drop: false }`
[INFO] running `Command { std: "docker" "rm" "-f" "26e71984b18254e8e0d860668a2c426775e99f5f77423820a0feb6d3f25fff9d", kill_on_drop: false }`
[INFO] [stdout] 26e71984b18254e8e0d860668a2c426775e99f5f77423820a0feb6d3f25fff9d
