[INFO] fetching crate chainseeker-server 3.0.1...
[INFO] checking chainseeker-server-3.0.1 against 1.55.0 for beta-1.56-3
[INFO] extracting crate chainseeker-server 3.0.1 into /workspace/builds/worker-11/source
[INFO] validating manifest of crates.io crate chainseeker-server 3.0.1 on toolchain 1.55.0
[INFO] running `Command { std: "/workspace/cargo-home/bin/cargo" "+1.55.0" "metadata" "--manifest-path" "Cargo.toml" "--no-deps", kill_on_drop: false }`
[INFO] started tweaking crates.io crate chainseeker-server 3.0.1
[INFO] finished tweaking crates.io crate chainseeker-server 3.0.1
[INFO] tweaked toml for crates.io crate chainseeker-server 3.0.1 written to /workspace/builds/worker-11/source/Cargo.toml
[INFO] crate crates.io crate chainseeker-server 3.0.1 already has a lockfile, it will not be regenerated
[INFO] running `Command { std: "/workspace/cargo-home/bin/cargo" "+1.55.0" "fetch" "--manifest-path" "Cargo.toml", kill_on_drop: false }`
[INFO] [stderr]     Blocking waiting for file lock on package cache
[INFO] [stderr]  Downloading crates ...
[INFO] [stderr]   Downloaded jsonrpc v0.11.0
[INFO] [stderr]   Downloaded bitcoincore-rpc v0.13.0
[INFO] [stderr]   Downloaded bitcoin v0.26.2
[INFO] [stderr]   Downloaded bitcoin-rest v0.0.12
[INFO] [stderr]   Downloaded routerify v2.1.0
[INFO] [stderr]   Downloaded bitcoincore-rpc-json v0.13.0
[INFO] running `Command { std: "docker" "create" "-v" "/var/lib/crater-agent-workspace/builds/worker-11/target:/opt/rustwide/target:rw,Z" "-v" "/var/lib/crater-agent-workspace/builds/worker-11/source:/opt/rustwide/workdir:ro,Z" "-v" "/var/lib/crater-agent-workspace/cargo-home:/opt/rustwide/cargo-home:ro,Z" "-v" "/var/lib/crater-agent-workspace/rustup-home:/opt/rustwide/rustup-home:ro,Z" "-e" "SOURCE_DIR=/opt/rustwide/workdir" "-e" "CARGO_TARGET_DIR=/opt/rustwide/target" "-e" "CARGO_HOME=/opt/rustwide/cargo-home" "-e" "RUSTUP_HOME=/opt/rustwide/rustup-home" "-w" "/opt/rustwide/workdir" "-m" "1610612736" "--user" "0:0" "--network" "none" "ghcr.io/rust-lang/crates-build-env/linux@sha256:a89201d6b5b9fd45c15d5952ece0a0129e7e80cb26ec023fd59cf09bc26f1604" "/opt/rustwide/cargo-home/bin/cargo" "+1.55.0" "metadata" "--no-deps" "--format-version=1", kill_on_drop: false }`
[INFO] [stdout] 95582e4216f8a67cce23d846ee0fab1de08a54bbad378b5c59208e1f5a3b3ee2
[INFO] [stderr] WARNING: Your kernel does not support swap limit capabilities or the cgroup is not mounted. Memory limited without swap.
[INFO] running `Command { std: "docker" "start" "-a" "95582e4216f8a67cce23d846ee0fab1de08a54bbad378b5c59208e1f5a3b3ee2", kill_on_drop: false }`
[INFO] running `Command { std: "docker" "inspect" "95582e4216f8a67cce23d846ee0fab1de08a54bbad378b5c59208e1f5a3b3ee2", kill_on_drop: false }`
[INFO] running `Command { std: "docker" "rm" "-f" "95582e4216f8a67cce23d846ee0fab1de08a54bbad378b5c59208e1f5a3b3ee2", kill_on_drop: false }`
[INFO] [stdout] 95582e4216f8a67cce23d846ee0fab1de08a54bbad378b5c59208e1f5a3b3ee2
[INFO] running `Command { std: "docker" "create" "-v" "/var/lib/crater-agent-workspace/builds/worker-11/target:/opt/rustwide/target:rw,Z" "-v" "/var/lib/crater-agent-workspace/builds/worker-11/source:/opt/rustwide/workdir:ro,Z" "-v" "/var/lib/crater-agent-workspace/cargo-home:/opt/rustwide/cargo-home:ro,Z" "-v" "/var/lib/crater-agent-workspace/rustup-home:/opt/rustwide/rustup-home:ro,Z" "-e" "SOURCE_DIR=/opt/rustwide/workdir" "-e" "CARGO_TARGET_DIR=/opt/rustwide/target" "-e" "CARGO_INCREMENTAL=0" "-e" "RUST_BACKTRACE=full" "-e" "RUSTFLAGS=--cap-lints=warn" "-e" "CARGO_HOME=/opt/rustwide/cargo-home" "-e" "RUSTUP_HOME=/opt/rustwide/rustup-home" "-w" "/opt/rustwide/workdir" "-m" "1610612736" "--user" "0:0" "--network" "none" "ghcr.io/rust-lang/crates-build-env/linux@sha256:a89201d6b5b9fd45c15d5952ece0a0129e7e80cb26ec023fd59cf09bc26f1604" "/opt/rustwide/cargo-home/bin/cargo" "+1.55.0" "check" "--frozen" "--all" "--all-targets" "--message-format=json", kill_on_drop: false }`
[INFO] [stdout] c92e735f3923592b2738e2b6811d9fa798797f3a99d2c70014aa3cf215e228ce
[INFO] [stderr] WARNING: Your kernel does not support swap limit capabilities or the cgroup is not mounted. Memory limited without swap.
[INFO] running `Command { std: "docker" "start" "-a" "c92e735f3923592b2738e2b6811d9fa798797f3a99d2c70014aa3cf215e228ce", kill_on_drop: false }`
[INFO] [stderr]    Compiling libc v0.2.98
[INFO] [stderr]    Compiling syn v1.0.73
[INFO] [stderr]    Compiling memchr v2.4.0
[INFO] [stderr]     Checking itoa v0.4.7
[INFO] [stderr]    Compiling futures-core v0.3.15
[INFO] [stderr]    Compiling futures-task v0.3.15
[INFO] [stderr]    Compiling glob v0.3.0
[INFO] [stderr]     Checking futures-sink v0.3.15
[INFO] [stderr]     Checking slab v0.4.3
[INFO] [stderr]    Compiling futures-channel v0.3.15
[INFO] [stderr]    Compiling error-chain v0.10.0
[INFO] [stderr]    Compiling semver v1.0.3
[INFO] [stderr]    Compiling bindgen v0.57.0
[INFO] [stderr]    Compiling lazycell v1.3.0
[INFO] [stderr]    Compiling shlex v0.1.1
[INFO] [stderr]    Compiling rustc-hash v1.1.0
[INFO] [stderr]    Compiling peeking_take_while v0.1.2
[INFO] [stderr]     Checking bech32 v0.7.3
[INFO] [stderr]    Compiling arrayvec v0.4.12
[INFO] [stderr]     Checking hex v0.3.2
[INFO] [stderr]    Compiling zmq v0.9.2
[INFO] [stderr]     Checking regex-automata v0.1.10
[INFO] [stderr]     Checking plotters-backend v0.3.2
[INFO] [stderr]     Checking half v1.7.1
[INFO] [stderr]     Checking oorandom v11.1.3
[INFO] [stderr]    Compiling tokio v1.8.1
[INFO] [stderr]    Compiling futures-macro v0.3.15
[INFO] [stderr]    Compiling futures-util v0.3.15
[INFO] [stderr]    Compiling indexmap v1.7.0
[INFO] [stderr]     Checking itertools v0.9.0
[INFO] [stderr]     Checking itertools v0.10.1
[INFO] [stderr]    Compiling libloading v0.7.0
[INFO] [stderr]     Checking http v0.2.4
[INFO] [stderr]    Compiling metadeps v1.1.2
[INFO] [stderr]    Compiling bitflags v1.2.1
[INFO] [stderr]     Checking unicode-normalization v0.1.19
[INFO] [stderr]     Checking clap v2.33.3
[INFO] [stderr]     Checking plotters-svg v0.3.1
[INFO] [stderr]    Compiling clang-sys v1.2.0
[INFO] [stderr]     Checking crossbeam-deque v0.8.0
[INFO] [stderr]     Checking plotters v0.3.1
[INFO] [stderr]     Checking sha-1 v0.9.6
[INFO] [stderr]     Checking aho-corasick v0.7.18
[INFO] [stderr]     Checking csv-core v0.1.10
[INFO] [stderr]    Compiling zmq-sys v0.11.0
[INFO] [stderr]    Compiling rustc_version v0.4.0
[INFO] [stderr]    Compiling nom v5.1.2
[INFO] [stderr]     Checking num_cpus v1.13.0
[INFO] [stderr]     Checking mio v0.7.13
[INFO] [stderr]     Checking signal-hook-registry v1.4.0
[INFO] [stderr]     Checking socket2 v0.4.0
[INFO] [stderr]     Checking getrandom v0.2.3
[INFO] [stderr]     Checking time v0.1.43
[INFO] [stderr]     Checking atty v0.2.14
[INFO] [stderr]     Checking num-format v0.4.0
[INFO] [stderr]    Compiling jobserver v0.1.22
[INFO] [stderr]     Checking rayon-core v1.9.1
[INFO] [stderr]     Checking idna v0.2.3
[INFO] [stderr]     Checking idna v0.1.5
[INFO] [stderr]     Checking rand_core v0.6.3
[INFO] [stderr]     Checking regex v1.5.4
[INFO] [stderr]    Compiling cc v1.0.68
[INFO] [stderr]    Compiling cast v0.2.7
[INFO] [stderr]     Checking rand_chacha v0.3.1
[INFO] [stderr]     Checking http-body v0.4.2
[INFO] [stderr]     Checking url v2.2.2
[INFO] [stderr]     Checking rand v0.8.4
[INFO] [stderr]     Checking rayon v1.5.1
[INFO] [stderr]     Checking url v1.7.2
[INFO] [stderr]     Checking criterion-plot v0.4.3
[INFO] [stderr]    Compiling openssl-sys v0.9.65
[INFO] [stderr]    Compiling secp256k1-sys v0.4.1
[INFO] [stderr]     Checking hyper v0.10.16
[INFO] [stderr]    Compiling cexpr v0.4.0
[INFO] [stderr]    Compiling openssl v0.10.35
[INFO] [stderr]    Compiling native-tls v0.2.7
[INFO] [stderr]    Compiling serde_derive v1.0.126
[INFO] [stderr]    Compiling tokio-macros v1.3.0
[INFO] [stderr]    Compiling thiserror-impl v1.0.26
[INFO] [stderr]    Compiling pin-project-internal v1.0.7
[INFO] [stderr]     Checking thiserror v1.0.26
[INFO] [stderr]     Checking tungstenite v0.13.0
[INFO] [stderr]     Checking pin-project v1.0.7
[INFO] [stderr]     Checking serde v1.0.126
[INFO] [stderr]    Compiling librocksdb-sys v6.17.3
[INFO] [stderr]     Checking tokio-util v0.6.7
[INFO] [stderr]     Checking tokio-native-tls v0.3.0
[INFO] [stderr]     Checking tokio-tungstenite v0.14.0
[INFO] [stderr]     Checking h2 v0.3.3
[INFO] [stderr]     Checking serde_json v1.0.64
[INFO] [stderr]     Checking secp256k1 v0.20.3
[INFO] [stderr]     Checking bitcoin_hashes v0.9.7
[INFO] [stderr]     Checking serde_urlencoded v0.7.0
[INFO] [stderr]     Checking toml v0.5.8
[INFO] [stderr]     Checking bstr v0.2.16
[INFO] [stderr]     Checking serde_cbor v0.11.1
[INFO] [stderr]     Checking csv v1.1.6
[INFO] [stderr]     Checking hyper v0.14.10
[INFO] [stderr]     Checking jsonrpc v0.11.0
[INFO] [stderr]     Checking tinytemplate v1.2.1
[INFO] [stderr]     Checking criterion v0.3.4
[INFO] [stderr] error: could not compile `hyper`
[INFO] [stderr] 
[INFO] [stderr] Caused by:
[INFO] [stderr]   process didn't exit successfully: `rustc --crate-name hyper --edition=2018 /opt/rustwide/cargo-home/registry/src/github.com-1ecc6299db9ec823/hyper-0.14.10/src/lib.rs --error-format=json --json=diagnostic-rendered-ansi --crate-type lib --crate-type staticlib --crate-type cdylib --emit=dep-info,metadata -C embed-bitcode=no -C debuginfo=2 --cfg 'feature="client"' --cfg 'feature="default"' --cfg 'feature="full"' --cfg 'feature="h2"' --cfg 'feature="http1"' --cfg 'feature="http2"' --cfg 'feature="runtime"' --cfg 'feature="server"' --cfg 'feature="socket2"' --cfg 'feature="stream"' --cfg 'feature="tcp"' -C metadata=1f3f2a12a87dfb43 -C extra-filename=-1f3f2a12a87dfb43 --out-dir /opt/rustwide/target/debug/deps -L dependency=/opt/rustwide/target/debug/deps --extern bytes=/opt/rustwide/target/debug/deps/libbytes-415711830f3be7b8.rmeta --extern futures_channel=/opt/rustwide/target/debug/deps/libfutures_channel-9796a5fa5709f931.rmeta --extern futures_core=/opt/rustwide/target/debug/deps/libfutures_core-5a5af84be94cc01d.rmeta --extern futures_util=/opt/rustwide/target/debug/deps/libfutures_util-ed66e23891bed874.rmeta --extern h2=/opt/rustwide/target/debug/deps/libh2-fb5f37d76fd824a9.rmeta --extern http=/opt/rustwide/target/debug/deps/libhttp-6053662aa14218bf.rmeta --extern http_body=/opt/rustwide/target/debug/deps/libhttp_body-ae2c42ab5bf11237.rmeta --extern httparse=/opt/rustwide/target/debug/deps/libhttparse-b5c18bde3b2c9d22.rmeta --extern httpdate=/opt/rustwide/target/debug/deps/libhttpdate-6b3ff002e153ef35.rmeta --extern itoa=/opt/rustwide/target/debug/deps/libitoa-1147e3de76063292.rmeta --extern pin_project_lite=/opt/rustwide/target/debug/deps/libpin_project_lite-9947e3c941c54187.rmeta --extern socket2=/opt/rustwide/target/debug/deps/libsocket2-80dfe25e13daa35b.rmeta --extern tokio=/opt/rustwide/target/debug/deps/libtokio-23ba57f416a5ef2a.rmeta --extern tower_service=/opt/rustwide/target/debug/deps/libtower_service-95ac06497d56a7dc.rmeta --extern tracing=/opt/rustwide/target/debug/deps/libtracing-edfd62b0b8f0f633.rmeta --extern want=/opt/rustwide/target/debug/deps/libwant-230894d5890627ce.rmeta --cap-lints allow --cap-lints=warn` (signal: 9, SIGKILL: kill)
[INFO] [stderr] warning: build failed, waiting for other jobs to finish...
[INFO] [stderr] The following warnings were emitted during compilation:
[INFO] [stderr] 
[INFO] [stderr] warning: c++: fatal error: Killed signal terminated program cc1plus
[INFO] [stderr] warning: compilation terminated.
[INFO] [stderr] warning: c++: fatal error: Killed signal terminated program cc1plus
[INFO] [stderr] warning: compilation terminated.
[INFO] [stderr] warning: c++: fatal error: Killed signal terminated program cc1plus
[INFO] [stderr] warning: compilation terminated.
[INFO] [stderr] warning: c++: fatal error: Killed signal terminated program cc1plus
[INFO] [stderr] warning: compilation terminated.
[INFO] [stderr] warning: c++: fatal error: Killed signal terminated program cc1plus
[INFO] [stderr] warning: compilation terminated.
[INFO] [stderr] warning: c++: fatal error: Killed signal terminated program cc1plus
[INFO] [stderr] warning: compilation terminated.
[INFO] [stderr] warning: c++: fatal error: Killed signal terminated program cc1plus
[INFO] [stderr] warning: compilation terminated.
[INFO] [stderr] warning: c++: fatal error: Killed signal terminated program cc1plus
[INFO] [stderr] warning: compilation terminated.
[INFO] [stderr] warning: c++: fatal error: Killed signal terminated program cc1plus
[INFO] [stderr] warning: compilation terminated.
[INFO] [stderr] 
[INFO] [stderr] error: build failed
[INFO] running `Command { std: "docker" "inspect" "c92e735f3923592b2738e2b6811d9fa798797f3a99d2c70014aa3cf215e228ce", kill_on_drop: false }`
[INFO] running `Command { std: "docker" "rm" "-f" "c92e735f3923592b2738e2b6811d9fa798797f3a99d2c70014aa3cf215e228ce", kill_on_drop: false }`
[INFO] [stdout] c92e735f3923592b2738e2b6811d9fa798797f3a99d2c70014aa3cf215e228ce
