[INFO] fetching crate celer-pay-module 0.8.8...
[INFO] checking celer-pay-module-0.8.8 against beta-2021-10-15 for beta-1.56-3
[INFO] extracting crate celer-pay-module 0.8.8 into /workspace/builds/worker-3/source
[INFO] validating manifest of crates.io crate celer-pay-module 0.8.8 on toolchain beta-2021-10-15
[INFO] running `Command { std: "/workspace/cargo-home/bin/cargo" "+beta-2021-10-15" "metadata" "--manifest-path" "Cargo.toml" "--no-deps", kill_on_drop: false }`
[INFO] started tweaking crates.io crate celer-pay-module 0.8.8
[INFO] finished tweaking crates.io crate celer-pay-module 0.8.8
[INFO] tweaked toml for crates.io crate celer-pay-module 0.8.8 written to /workspace/builds/worker-3/source/Cargo.toml
[INFO] running `Command { std: "/workspace/cargo-home/bin/cargo" "+beta-2021-10-15" "generate-lockfile" "--manifest-path" "Cargo.toml" "-Zno-index-update", kill_on_drop: false }`
[INFO] [stderr]     Blocking waiting for file lock on package cache
[INFO] running `Command { std: "/workspace/cargo-home/bin/cargo" "+beta-2021-10-15" "fetch" "--manifest-path" "Cargo.toml", kill_on_drop: false }`
[INFO] [stderr]     Blocking waiting for file lock on package cache
[INFO] [stderr]     Blocking waiting for file lock on package cache
[INFO] running `Command { std: "docker" "create" "-v" "/var/lib/crater-agent-workspace/builds/worker-3/target:/opt/rustwide/target:rw,Z" "-v" "/var/lib/crater-agent-workspace/builds/worker-3/source:/opt/rustwide/workdir:ro,Z" "-v" "/var/lib/crater-agent-workspace/cargo-home:/opt/rustwide/cargo-home:ro,Z" "-v" "/var/lib/crater-agent-workspace/rustup-home:/opt/rustwide/rustup-home:ro,Z" "-e" "SOURCE_DIR=/opt/rustwide/workdir" "-e" "CARGO_TARGET_DIR=/opt/rustwide/target" "-e" "CARGO_HOME=/opt/rustwide/cargo-home" "-e" "RUSTUP_HOME=/opt/rustwide/rustup-home" "-w" "/opt/rustwide/workdir" "-m" "1610612736" "--user" "0:0" "--network" "none" "ghcr.io/rust-lang/crates-build-env/linux@sha256:a89201d6b5b9fd45c15d5952ece0a0129e7e80cb26ec023fd59cf09bc26f1604" "/opt/rustwide/cargo-home/bin/cargo" "+beta-2021-10-15" "metadata" "--no-deps" "--format-version=1", kill_on_drop: false }`
[INFO] [stdout] 0f124d6ac9a3913793b0973b351c07d8017caf76b51df3e786fbd4e5c26b74e5
[INFO] [stderr] WARNING: Your kernel does not support swap limit capabilities or the cgroup is not mounted. Memory limited without swap.
[INFO] running `Command { std: "docker" "start" "-a" "0f124d6ac9a3913793b0973b351c07d8017caf76b51df3e786fbd4e5c26b74e5", kill_on_drop: false }`
[INFO] running `Command { std: "docker" "inspect" "0f124d6ac9a3913793b0973b351c07d8017caf76b51df3e786fbd4e5c26b74e5", kill_on_drop: false }`
[INFO] running `Command { std: "docker" "rm" "-f" "0f124d6ac9a3913793b0973b351c07d8017caf76b51df3e786fbd4e5c26b74e5", kill_on_drop: false }`
[INFO] [stdout] 0f124d6ac9a3913793b0973b351c07d8017caf76b51df3e786fbd4e5c26b74e5
[INFO] running `Command { std: "docker" "create" "-v" "/var/lib/crater-agent-workspace/builds/worker-3/target:/opt/rustwide/target:rw,Z" "-v" "/var/lib/crater-agent-workspace/builds/worker-3/source:/opt/rustwide/workdir:ro,Z" "-v" "/var/lib/crater-agent-workspace/cargo-home:/opt/rustwide/cargo-home:ro,Z" "-v" "/var/lib/crater-agent-workspace/rustup-home:/opt/rustwide/rustup-home:ro,Z" "-e" "SOURCE_DIR=/opt/rustwide/workdir" "-e" "CARGO_TARGET_DIR=/opt/rustwide/target" "-e" "CARGO_INCREMENTAL=0" "-e" "RUST_BACKTRACE=full" "-e" "RUSTFLAGS=--cap-lints=warn" "-e" "CARGO_HOME=/opt/rustwide/cargo-home" "-e" "RUSTUP_HOME=/opt/rustwide/rustup-home" "-w" "/opt/rustwide/workdir" "-m" "1610612736" "--user" "0:0" "--network" "none" "ghcr.io/rust-lang/crates-build-env/linux@sha256:a89201d6b5b9fd45c15d5952ece0a0129e7e80cb26ec023fd59cf09bc26f1604" "/opt/rustwide/cargo-home/bin/cargo" "+beta-2021-10-15" "check" "--frozen" "--all" "--all-targets" "--message-format=json", kill_on_drop: false }`
[INFO] [stdout] bf902e53645a1401d3646b1387ae58176274ec07dbd74cc961ec495454582f03
[INFO] [stderr] WARNING: Your kernel does not support swap limit capabilities or the cgroup is not mounted. Memory limited without swap.
[INFO] running `Command { std: "docker" "start" "-a" "bf902e53645a1401d3646b1387ae58176274ec07dbd74cc961ec495454582f03", kill_on_drop: false }`
[INFO] [stderr]    Compiling syn v1.0.80
[INFO] [stderr]    Compiling serde v1.0.130
[INFO] [stderr]     Checking byteorder v1.4.3
[INFO] [stderr]     Checking arrayvec v0.5.2
[INFO] [stderr]     Checking either v1.6.1
[INFO] [stderr]     Checking radium v0.3.0
[INFO] [stderr]     Checking byte-slice-cast v0.3.5
[INFO] [stderr]    Compiling crunchy v0.2.2
[INFO] [stderr]     Checking subtle v2.4.1
[INFO] [stderr]     Checking byte-tools v0.3.1
[INFO] [stderr]     Checking rustc-hex v2.1.0
[INFO] [stderr]    Compiling arrayvec v0.4.12
[INFO] [stderr]     Checking sp-std v2.0.1
[INFO] [stderr]     Checking subtle v1.0.0
[INFO] [stderr]     Checking fake-simd v0.1.2
[INFO] [stderr]     Checking opaque-debug v0.2.3
[INFO] [stderr]    Compiling ref-cast v1.0.6
[INFO] [stderr]     Checking parity-wasm v0.41.0
[INFO] [stderr]     Checking memory_units v0.3.0
[INFO] [stderr]    Compiling parity-util-mem v0.7.0
[INFO] [stderr]     Checking keccak v0.1.0
[INFO] [stderr]     Checking hash-db v0.15.2
[INFO] [stderr]     Checking signature v1.3.1
[INFO] [stderr]     Checking environmental v1.1.3
[INFO] [stderr]    Compiling tiny-keccak v2.0.2
[INFO] [stderr]     Checking dyn-clone v1.0.4
[INFO] [stderr]     Checking hex v0.4.3
[INFO] [stderr]     Checking base58 v0.1.0
[INFO] [stderr]    Compiling nodrop v0.1.14
[INFO] [stderr]    Compiling constant_time_eq v0.1.5
[INFO] [stderr]     Checking bitmask v0.5.0
[INFO] [stderr]    Compiling num-traits v0.2.14
[INFO] [stderr]    Compiling num-bigint v0.2.6
[INFO] [stderr]    Compiling num-rational v0.2.4
[INFO] [stderr]    Compiling hashbrown v0.8.2
[INFO] [stderr]    Compiling ahash v0.7.6
[INFO] [stderr]    Compiling num-complex v0.2.4
[INFO] [stderr]     Checking sharded-slab v0.1.4
[INFO] [stderr]     Checking block-padding v0.1.5
[INFO] [stderr]     Checking bitvec v0.17.4
[INFO] [stderr]     Checking trie-root v0.16.0
[INFO] [stderr]    Compiling rand v0.6.5
[INFO] [stderr]     Checking ed25519 v1.2.0
[INFO] [stderr]     Checking tracing v0.1.29
[INFO] [stderr]     Checking parking_lot_core v0.7.2
[INFO] [stderr]     Checking generic-array v0.12.4
[INFO] [stderr]     Checking statrs v0.10.0
[INFO] [stderr]     Checking crypto-mac v0.11.1
[INFO] [stderr]     Checking rand_pcg v0.2.1
[INFO] [stderr]     Checking once_cell v1.8.0
[INFO] [stderr]     Checking sp-panic-handler v2.0.1
[INFO] [stderr]     Checking uint v0.8.5
[INFO] [stderr]     Checking hash256-std-hasher v0.15.2
[INFO] [stderr]     Checking hmac v0.11.0
[INFO] [stderr]     Checking pbkdf2 v0.8.0
[INFO] [stderr]     Checking parking_lot v0.10.2
[INFO] [stderr]     Checking rand v0.7.3
[INFO] [stderr]     Checking digest v0.8.1
[INFO] [stderr]     Checking block-buffer v0.7.3
[INFO] [stderr]     Checking crypto-mac v0.7.0
[INFO] [stderr]    Compiling blake2-rfc v0.2.18
[INFO] [stderr]     Checking twox-hash v1.6.1
[INFO] [stderr]     Checking thread_local v1.1.3
[INFO] [stderr]     Checking hmac v0.7.1
[INFO] [stderr]     Checking pbkdf2 v0.3.0
[INFO] [stderr]     Checking sha2 v0.8.2
[INFO] [stderr]     Checking hashbrown v0.11.2
[INFO] [stderr]     Checking wasmi-validation v0.3.0
[INFO] [stderr]     Checking hmac-drbg v0.2.0
[INFO] [stderr]     Checking fixed-hash v0.6.1
[INFO] [stderr]     Checking libsecp256k1 v0.3.5
[INFO] [stderr]     Checking trie-db v0.22.6
[INFO] [stderr]     Checking num-integer v0.1.44
[INFO] [stderr]     Checking integer-sqrt v0.1.5
[INFO] [stderr]     Checking approx v0.3.2
[INFO] [stderr]     Checking chrono v0.4.19
[INFO] [stderr]     Checking alga v0.9.3
[INFO] [stderr]     Checking wasmi v0.6.2
[INFO] [stderr]     Checking nalgebra v0.18.1
[INFO] [stderr]    Compiling synstructure v0.12.6
[INFO] [stderr]    Compiling serde_derive v1.0.130
[INFO] [stderr]    Compiling zeroize_derive v1.2.0
[INFO] [stderr]    Compiling sp-debug-derive v2.0.1
[INFO] [stderr]    Compiling ref-cast-impl v1.0.6
[INFO] [stderr]    Compiling impl-trait-for-tuples v0.1.3
[INFO] [stderr]    Compiling futures-macro v0.3.17
[INFO] [stderr]    Compiling failure_derive v0.1.8
[INFO] [stderr]    Compiling parity-util-mem-derive v0.1.0
[INFO] [stderr]    Compiling dyn-clonable-impl v0.9.0
[INFO] [stderr]    Compiling derive_more v0.99.16
[INFO] [stderr]    Compiling frame-support-procedural-tools-derive v2.0.1
[INFO] [stderr]     Checking dyn-clonable v0.9.0
[INFO] [stderr]     Checking zeroize v1.4.2
[INFO] [stderr]     Checking merlin v2.0.1
[INFO] [stderr]     Checking curve25519-dalek v2.1.3
[INFO] [stderr]     Checking curve25519-dalek v3.2.0
[INFO] [stderr]     Checking secrecy v0.6.0
[INFO] [stderr]     Checking failure v0.1.8
[INFO] [stderr]     Checking futures-util v0.3.17
[INFO] [stderr]     Checking tiny-bip39 v0.7.3
[INFO] [stderr]     Checking schnorrkel v0.9.1
[INFO] [stderr]     Checking substrate-bip39 v0.4.4
[INFO] [stderr]     Checking futures-executor v0.3.17
[INFO] [stderr]     Checking futures v0.3.17
[INFO] [stderr]     Checking wasm-timer v0.2.5
[INFO] [stderr]     Checking linregress v0.1.7
[INFO] [stderr]     Checking impl-serde v0.3.1
[INFO] [stderr]     Checking tracing-serde v0.1.2
[INFO] [stderr]     Checking serde_json v1.0.68
[INFO] [stderr]     Checking ed25519-dalek v1.0.1
[INFO] [stderr]    Compiling toml v0.5.8
[INFO] [stderr]     Checking tracing-subscriber v0.2.25
[INFO] [stderr]    Compiling proc-macro-crate v0.1.5
[INFO] [stderr]    Compiling frame-support-procedural-tools v2.0.1
[INFO] [stderr]    Compiling parity-scale-codec-derive v1.2.3
[INFO] [stderr]    Compiling sp-runtime-interface-proc-macro v2.0.1
[INFO] [stderr]    Compiling sp-api-proc-macro v2.0.1
[INFO] [stderr]    Compiling frame-support-procedural v2.0.1
[INFO] [stderr]     Checking parity-scale-codec v1.3.7
[INFO] [stderr]     Checking impl-codec v0.4.2
[INFO] [stderr]     Checking sp-storage v2.0.1
[INFO] [stderr]     Checking sp-wasm-interface v2.0.1
[INFO] [stderr]     Checking sp-tracing v2.0.1
[INFO] [stderr]     Checking sp-arithmetic v2.0.1
[INFO] [stderr]     Checking primitive-types v0.7.3
[INFO] [stderr]     Checking sp-externalities v0.8.1
[INFO] [stderr]     Checking sp-runtime-interface v2.0.1
[INFO] [stderr]     Checking memory-db v0.24.1
[INFO] [stderr]     Checking sp-core v2.0.1
[INFO] [stderr]     Checking sp-trie v2.0.1
[INFO] [stderr]     Checking sp-inherents v2.0.1
[INFO] [stderr]     Checking frame-metadata v12.0.1
[INFO] [stderr]     Checking sp-state-machine v0.8.1
[INFO] [stderr]     Checking sp-io v2.0.1
[INFO] [stderr]     Checking sp-application-crypto v2.0.1
[INFO] [stderr]     Checking sp-runtime v2.0.1
[INFO] [stderr]     Checking sp-version v2.0.1
[INFO] [stderr]     Checking frame-support v2.0.1
[INFO] [stderr]     Checking sp-api v2.0.1
[INFO] [stderr]     Checking sp-timestamp v2.0.1
[INFO] [stderr]     Checking celer-pay-module-rpc-runtime-api v0.8.9
[INFO] [stderr]     Checking frame-system v2.0.1
[INFO] [stderr]     Checking frame-benchmarking v2.0.1
[INFO] [stderr]     Checking mock-numeric-condition v0.8.9
[INFO] [stderr]     Checking mock-boolean-condition v0.8.9
[INFO] [stderr]     Checking pallet-balances v2.0.1
[INFO] [stderr]     Checking pallet-timestamp v2.0.1
[INFO] [stderr]     Checking celer-pay-module v0.8.8 (/opt/rustwide/workdir)
[INFO] [stdout] error[E0061]: this function takes 1 argument but 2 arguments were supplied
[INFO] [stdout]   --> src/numeric_condition_caller.rs:16:19
[INFO] [stdout]    |
[INFO] [stdout] 16 |                 = mock_numeric_condition::Module::<T>::is_finalized(session_id, args_query_finalization)?;
[INFO] [stdout]    |                   ^^^^^^^^^^^^^^^^^^^^^^^^^^^^^^^^^^^^^^^^^^^^^^^^^ ----------  ----------------------- supplied 2 arguments
[INFO] [stdout]    |                   |
[INFO] [stdout]    |                   expected 1 argument
[INFO] [stdout]    |
[INFO] [stdout] note: associated function defined here
[INFO] [stdout]   --> /opt/rustwide/cargo-home/registry/src/github.com-1ecc6299db9ec823/mock-numeric-condition-0.8.9/src/lib.rs:44:12
[INFO] [stdout]    |
[INFO] [stdout] 44 |     pub fn is_finalized(
[INFO] [stdout]    |            ^^^^^^^^^^^^
[INFO] [stdout] 
[INFO] [stdout] 
[INFO] [stdout] error[E0061]: this function takes 1 argument but 2 arguments were supplied
[INFO] [stdout]   --> src/numeric_condition_caller.rs:30:19
[INFO] [stdout]    |
[INFO] [stdout] 30 |                 = mock_numeric_condition::Module::<T>::get_outcome(session_id, args_query_outcome).unwrap().into();
[INFO] [stdout]    |                   ^^^^^^^^^^^^^^^^^^^^^^^^^^^^^^^^^^^^^^^^^^^^^^^^ ----------  ------------------ supplied 2 arguments
[INFO] [stdout]    |                   |
[INFO] [stdout]    |                   expected 1 argument
[INFO] [stdout]    |
[INFO] [stdout] note: associated function defined here
[INFO] [stdout]   --> /opt/rustwide/cargo-home/registry/src/github.com-1ecc6299db9ec823/mock-numeric-condition-0.8.9/src/lib.rs:60:12
[INFO] [stdout]    |
[INFO] [stdout] 60 |     pub fn get_outcome(
[INFO] [stdout]    |            ^^^^^^^^^^^
[INFO] [stdout] 
[INFO] [stdout] 
[INFO] [stdout] error[E0061]: this function takes 1 argument but 2 arguments were supplied
[INFO] [stdout]   --> src/numeric_condition_caller.rs:16:19
[INFO] [stdout]    |
[INFO] [stdout] 16 |                 = mock_numeric_condition::Module::<T>::is_finalized(session_id, args_query_finalization)?;
[INFO] [stdout]    |                   ^^^^^^^^^^^^^^^^^^^^^^^^^^^^^^^^^^^^^^^^^^^^^^^^^ ----------  ----------------------- supplied 2 arguments
[INFO] [stdout]    |                   |
[INFO] [stdout]    |                   expected 1 argument
[INFO] [stdout]    |
[INFO] [stdout] note: associated function defined here
[INFO] [stdout]   --> /opt/rustwide/cargo-home/registry/src/github.com-1ecc6299db9ec823/mock-numeric-condition-0.8.9/src/lib.rs:44:12
[INFO] [stdout]    |
[INFO] [stdout] 44 |     pub fn is_finalized(
[INFO] [stdout]    |            ^^^^^^^^^^^^
[INFO] [stdout] 
[INFO] [stdout] 
[INFO] [stdout] error[E0061]: this function takes 1 argument but 2 arguments were supplied
[INFO] [stdout]   --> src/numeric_condition_caller.rs:30:19
[INFO] [stdout]    |
[INFO] [stdout] 30 |                 = mock_numeric_condition::Module::<T>::get_outcome(session_id, args_query_outcome).unwrap().into();
[INFO] [stdout]    |                   ^^^^^^^^^^^^^^^^^^^^^^^^^^^^^^^^^^^^^^^^^^^^^^^^ ----------  ------------------ supplied 2 arguments
[INFO] [stdout]    |                   |
[INFO] [stdout]    |                   expected 1 argument
[INFO] [stdout]    |
[INFO] [stdout] note: associated function defined here
[INFO] [stdout]   --> /opt/rustwide/cargo-home/registry/src/github.com-1ecc6299db9ec823/mock-numeric-condition-0.8.9/src/lib.rs:60:12
[INFO] [stdout]    |
[INFO] [stdout] 60 |     pub fn get_outcome(
[INFO] [stdout]    |            ^^^^^^^^^^^
[INFO] [stdout] 
[INFO] [stdout] 
[INFO] [stdout] error[E0277]: the trait bound `<<T as traits::Trait>::Currency as hidden_include::traits::Currency<<T as frame_system::Trait>::AccountId>>::Balance: From<std::vec::Vec<u8>>` is not satisfied
[INFO] [stdout]   --> src/numeric_condition_caller.rs:30:109
[INFO] [stdout]    |
[INFO] [stdout] 30 |                 = mock_numeric_condition::Module::<T>::get_outcome(session_id, args_query_outcome).unwrap().into();
[INFO] [stdout]    |                                                                                                             ^^^^ the trait `From<std::vec::Vec<u8>>` is not implemented for `<<T as traits::Trait>::Currency as hidden_include::traits::Currency<<T as frame_system::Trait>::AccountId>>::Balance`
[INFO] [stdout]    |
[INFO] [stdout]    = note: required because of the requirements on the impl of `Into<<<T as traits::Trait>::Currency as hidden_include::traits::Currency<<T as frame_system::Trait>::AccountId>>::Balance>` for `std::vec::Vec<u8>`
[INFO] [stdout] help: consider further restricting the associated type
[INFO] [stdout]    |
[INFO] [stdout] 27 |     ) -> Result<BalanceOf<T>, DispatchError> where <<T as traits::Trait>::Currency as hidden_include::traits::Currency<<T as frame_system::Trait>::AccountId>>::Balance: From<std::vec::Vec<u8>> {
[INFO] [stdout]    |                                              +++++++++++++++++++++++++++++++++++++++++++++++++++++++++++++++++++++++++++++++++++++++++++++++++++++++++++++++++++++++++++++++++++++++++++++++++++
[INFO] [stdout] 
[INFO] [stdout] 
[INFO] [stdout] error[E0277]: the trait bound `<<T as traits::Trait>::Currency as Currency<<T as frame_system::Trait>::AccountId>>::Balance: From<std::vec::Vec<u8>>` is not satisfied
[INFO] [stdout]   --> src/numeric_condition_caller.rs:30:109
[INFO] [stdout]    |
[INFO] [stdout] 30 |                 = mock_numeric_condition::Module::<T>::get_outcome(session_id, args_query_outcome).unwrap().into();
[INFO] [stdout]    |                                                                                                             ^^^^ the trait `From<std::vec::Vec<u8>>` is not implemented for `<<T as traits::Trait>::Currency as Currency<<T as frame_system::Trait>::AccountId>>::Balance`
[INFO] [stdout]    |
[INFO] [stdout]    = note: required because of the requirements on the impl of `Into<<<T as traits::Trait>::Currency as Currency<<T as frame_system::Trait>::AccountId>>::Balance>` for `std::vec::Vec<u8>`
[INFO] [stdout] help: consider further restricting the associated type
[INFO] [stdout]    |
[INFO] [stdout] 27 |     ) -> Result<BalanceOf<T>, DispatchError> where <<T as traits::Trait>::Currency as Currency<<T as frame_system::Trait>::AccountId>>::Balance: From<std::vec::Vec<u8>> {
[INFO] [stdout]    |                                              +++++++++++++++++++++++++++++++++++++++++++++++++++++++++++++++++++++++++++++++++++++++++++++++++++++++++++++++++++++++++++
[INFO] [stdout] 
[INFO] [stdout] 
[INFO] [stdout] error[E0599]: no variant or associated item named `is_finalized` found for enum `mock_boolean_condition::Call` in the current scope
[INFO] [stdout]    --> src/tests/pay_resolver.rs:652:34
[INFO] [stdout]     |
[INFO] [stdout] 652 |                 MockBooleanCall::is_finalized(
[INFO] [stdout]     |                                  ^^^^^^^^^^^^ variant or associated item not found in `mock_boolean_condition::Call<_>`
[INFO] [stdout] 
[INFO] [stdout] 
[INFO] [stdout] error[E0599]: no variant or associated item named `get_outcome` found for enum `mock_boolean_condition::Call` in the current scope
[INFO] [stdout]    --> src/tests/pay_resolver.rs:659:34
[INFO] [stdout]     |
[INFO] [stdout] 659 |                 MockBooleanCall::get_outcome(
[INFO] [stdout]     |                                  ^^^^^^^^^^^ variant or associated item not found in `mock_boolean_condition::Call<_>`
[INFO] [stdout] 
[INFO] [stdout] 
[INFO] [stdout] error[E0599]: no variant or associated item named `is_finalized` found for enum `mock_boolean_condition::Call` in the current scope
[INFO] [stdout]    --> src/tests/pay_resolver.rs:678:34
[INFO] [stdout]     |
[INFO] [stdout] 678 |                 MockBooleanCall::is_finalized(
[INFO] [stdout]     |                                  ^^^^^^^^^^^^ variant or associated item not found in `mock_boolean_condition::Call<_>`
[INFO] [stdout] 
[INFO] [stdout] 
[INFO] [stdout] error[E0599]: no variant or associated item named `get_outcome` found for enum `mock_boolean_condition::Call` in the current scope
[INFO] [stdout]    --> src/tests/pay_resolver.rs:685:34
[INFO] [stdout]     |
[INFO] [stdout] 685 |                 MockBooleanCall::get_outcome(
[INFO] [stdout]     |                                  ^^^^^^^^^^^ variant or associated item not found in `mock_boolean_condition::Call<_>`
[INFO] [stdout] 
[INFO] [stdout] 
[INFO] [stdout] error: aborting due to 3 previous errors
[INFO] [stdout] 
[INFO] [stdout] 
[INFO] [stdout] Some errors have detailed explanations: E0061, E0277.
[INFO] [stdout] 
[INFO] [stdout] For more information about an error, try `rustc --explain E0061`.
[INFO] [stdout] 
[INFO] [stderr] error: could not compile `celer-pay-module` due to 4 previous errors
[INFO] [stderr] warning: build failed, waiting for other jobs to finish...
[INFO] [stdout] error: aborting due to 7 previous errors
[INFO] [stdout] 
[INFO] [stdout] 
[INFO] [stdout] Some errors have detailed explanations: E0061, E0277, E0599.
[INFO] [stdout] 
[INFO] [stdout] For more information about an error, try `rustc --explain E0061`.
[INFO] [stdout] 
[INFO] [stderr] error: build failed
[INFO] running `Command { std: "docker" "inspect" "bf902e53645a1401d3646b1387ae58176274ec07dbd74cc961ec495454582f03", kill_on_drop: false }`
[INFO] running `Command { std: "docker" "rm" "-f" "bf902e53645a1401d3646b1387ae58176274ec07dbd74cc961ec495454582f03", kill_on_drop: false }`
[INFO] [stdout] bf902e53645a1401d3646b1387ae58176274ec07dbd74cc961ec495454582f03
