[INFO] fetching crate cborian 0.9.2...
[INFO] checking cborian-0.9.2 against beta-2021-10-15 for beta-1.56-3
[INFO] extracting crate cborian 0.9.2 into /workspace/builds/worker-1/source
[INFO] validating manifest of crates.io crate cborian 0.9.2 on toolchain beta-2021-10-15
[INFO] running `Command { std: "/workspace/cargo-home/bin/cargo" "+beta-2021-10-15" "metadata" "--manifest-path" "Cargo.toml" "--no-deps", kill_on_drop: false }`
[INFO] started tweaking crates.io crate cborian 0.9.2
[INFO] finished tweaking crates.io crate cborian 0.9.2
[INFO] tweaked toml for crates.io crate cborian 0.9.2 written to /workspace/builds/worker-1/source/Cargo.toml
[INFO] running `Command { std: "/workspace/cargo-home/bin/cargo" "+beta-2021-10-15" "generate-lockfile" "--manifest-path" "Cargo.toml" "-Zno-index-update", kill_on_drop: false }`
[INFO] running `Command { std: "/workspace/cargo-home/bin/cargo" "+beta-2021-10-15" "fetch" "--manifest-path" "Cargo.toml", kill_on_drop: false }`
[INFO] [stderr]     Blocking waiting for file lock on package cache
[INFO] running `Command { std: "docker" "create" "-v" "/var/lib/crater-agent-workspace/builds/worker-1/target:/opt/rustwide/target:rw,Z" "-v" "/var/lib/crater-agent-workspace/builds/worker-1/source:/opt/rustwide/workdir:ro,Z" "-v" "/var/lib/crater-agent-workspace/cargo-home:/opt/rustwide/cargo-home:ro,Z" "-v" "/var/lib/crater-agent-workspace/rustup-home:/opt/rustwide/rustup-home:ro,Z" "-e" "SOURCE_DIR=/opt/rustwide/workdir" "-e" "CARGO_TARGET_DIR=/opt/rustwide/target" "-e" "CARGO_HOME=/opt/rustwide/cargo-home" "-e" "RUSTUP_HOME=/opt/rustwide/rustup-home" "-w" "/opt/rustwide/workdir" "-m" "1610612736" "--user" "0:0" "--network" "none" "ghcr.io/rust-lang/crates-build-env/linux@sha256:a89201d6b5b9fd45c15d5952ece0a0129e7e80cb26ec023fd59cf09bc26f1604" "/opt/rustwide/cargo-home/bin/cargo" "+beta-2021-10-15" "metadata" "--no-deps" "--format-version=1", kill_on_drop: false }`
[INFO] [stdout] db71970d20c90e11d349a5b3b840651da1892463eb260ba8807a98493387b171
[INFO] [stderr] WARNING: Your kernel does not support swap limit capabilities or the cgroup is not mounted. Memory limited without swap.
[INFO] running `Command { std: "docker" "start" "-a" "db71970d20c90e11d349a5b3b840651da1892463eb260ba8807a98493387b171", kill_on_drop: false }`
[INFO] running `Command { std: "docker" "inspect" "db71970d20c90e11d349a5b3b840651da1892463eb260ba8807a98493387b171", kill_on_drop: false }`
[INFO] running `Command { std: "docker" "rm" "-f" "db71970d20c90e11d349a5b3b840651da1892463eb260ba8807a98493387b171", kill_on_drop: false }`
[INFO] [stdout] db71970d20c90e11d349a5b3b840651da1892463eb260ba8807a98493387b171
[INFO] running `Command { std: "docker" "create" "-v" "/var/lib/crater-agent-workspace/builds/worker-1/target:/opt/rustwide/target:rw,Z" "-v" "/var/lib/crater-agent-workspace/builds/worker-1/source:/opt/rustwide/workdir:ro,Z" "-v" "/var/lib/crater-agent-workspace/cargo-home:/opt/rustwide/cargo-home:ro,Z" "-v" "/var/lib/crater-agent-workspace/rustup-home:/opt/rustwide/rustup-home:ro,Z" "-e" "SOURCE_DIR=/opt/rustwide/workdir" "-e" "CARGO_TARGET_DIR=/opt/rustwide/target" "-e" "CARGO_INCREMENTAL=0" "-e" "RUST_BACKTRACE=full" "-e" "RUSTFLAGS=--cap-lints=warn" "-e" "CARGO_HOME=/opt/rustwide/cargo-home" "-e" "RUSTUP_HOME=/opt/rustwide/rustup-home" "-w" "/opt/rustwide/workdir" "-m" "1610612736" "--user" "0:0" "--network" "none" "ghcr.io/rust-lang/crates-build-env/linux@sha256:a89201d6b5b9fd45c15d5952ece0a0129e7e80cb26ec023fd59cf09bc26f1604" "/opt/rustwide/cargo-home/bin/cargo" "+beta-2021-10-15" "check" "--frozen" "--all" "--all-targets" "--message-format=json", kill_on_drop: false }`
[INFO] [stdout] 018e23be257003f2ba752374cf4f17d832c8205d708360ad7ed33113ba77665f
[INFO] [stderr] WARNING: Your kernel does not support swap limit capabilities or the cgroup is not mounted. Memory limited without swap.
[INFO] running `Command { std: "docker" "start" "-a" "018e23be257003f2ba752374cf4f17d832c8205d708360ad7ed33113ba77665f", kill_on_drop: false }`
[INFO] [stderr]    Compiling syn v1.0.80
[INFO] [stderr]     Checking json-codec v0.5.0
[INFO] [stderr]     Checking getrandom v0.2.3
[INFO] [stderr]     Checking bstr v0.2.17
[INFO] [stderr]     Checking csv-core v0.1.10
[INFO] [stderr]     Checking serde_cbor v0.11.2
[INFO] [stderr]     Checking regex v1.5.4
[INFO] [stderr]     Checking serde_json v1.0.68
[INFO] [stderr]     Checking rand_chacha v0.2.2
[INFO] [stderr]     Checking rand_core v0.6.3
[INFO] [stderr]     Checking rand v0.7.3
[INFO] [stderr]     Checking rand v0.8.4
[INFO] [stderr]     Checking csv v1.1.6
[INFO] [stderr]     Checking tinytemplate v1.2.1
[INFO] [stderr]     Checking env_logger v0.8.4
[INFO] [stderr]     Checking quickcheck v1.0.3
[INFO] [stderr]    Compiling quickcheck_macros v1.0.0
[INFO] [stderr]    Compiling serde_derive v1.0.130
[INFO] [stderr]     Checking cborian v0.9.2 (/opt/rustwide/workdir)
[INFO] [stdout] error[E0404]: expected trait, found struct `Gen`
[INFO] [stdout]   --> src/random/mod.rs:17:27
[INFO] [stdout]    |
[INFO] [stdout] 17 | pub fn gen_value<GenType: Gen>(level: u16, make_value: &mut GenType) -> Value {
[INFO] [stdout]    |                           ^^^ not a trait
[INFO] [stdout] 
[INFO] [stdout] 
[INFO] [stdout] error[E0404]: expected trait, found struct `Gen`
[INFO] [stdout]   --> src/random/mod.rs:51:23
[INFO] [stdout]    |
[INFO] [stdout] 51 | fn gen_array<GenType: Gen>(level: u16, make_value: &mut GenType) -> Vec<Value> {
[INFO] [stdout]    |                       ^^^ not a trait
[INFO] [stdout] 
[INFO] [stdout] 
[INFO] [stdout] error[E0404]: expected trait, found struct `Gen`
[INFO] [stdout]   --> src/random/mod.rs:60:15
[INFO] [stdout]    |
[INFO] [stdout] 60 | fn gen_map<G: Gen>(level: u16, g: &mut G) -> BTreeMap<Key, Value> {
[INFO] [stdout]    |               ^^^ not a trait
[INFO] [stdout] 
[INFO] [stdout] 
[INFO] [stdout] error[E0404]: expected trait, found struct `Gen`
[INFO] [stdout]   --> src/random/mod.rs:69:15
[INFO] [stdout]    |
[INFO] [stdout] 69 | fn gen_key<G: Gen>(g: &mut G) -> Key {
[INFO] [stdout]    |               ^^^ not a trait
[INFO] [stdout] 
[INFO] [stdout] 
[INFO] [stdout] error[E0404]: expected trait, found struct `Gen`
[INFO] [stdout]   --> src/random/mod.rs:78:15
[INFO] [stdout]    |
[INFO] [stdout] 78 | fn gen_int<G: Gen>(g: &mut G) -> Int {
[INFO] [stdout]    |               ^^^ not a trait
[INFO] [stdout] 
[INFO] [stdout] 
[INFO] [stdout] error[E0404]: expected trait, found struct `Gen`
[INFO] [stdout]   --> src/random/mod.rs:86:15
[INFO] [stdout]    |
[INFO] [stdout] 86 | fn gen_tag<G: Gen>(g: &mut G) -> Tag {
[INFO] [stdout]    |               ^^^ not a trait
[INFO] [stdout] 
[INFO] [stdout] 
[INFO] [stdout] error[E0404]: expected trait, found struct `Gen`
[INFO] [stdout]    --> src/random/mod.rs:108:16
[INFO] [stdout]     |
[INFO] [stdout] 108 | fn gen_text<G: Gen>(g: &mut G) -> Text {
[INFO] [stdout]     |                ^^^ not a trait
[INFO] [stdout] 
[INFO] [stdout] 
[INFO] [stdout] error[E0404]: expected trait, found struct `Gen`
[INFO] [stdout]    --> src/random/mod.rs:115:17
[INFO] [stdout]     |
[INFO] [stdout] 115 | fn gen_bytes<G: Gen>(g: &mut G) -> Bytes {
[INFO] [stdout]     |                 ^^^ not a trait
[INFO] [stdout] 
[INFO] [stdout] 
[INFO] [stdout] error[E0404]: expected trait, found struct `Gen`
[INFO] [stdout]    --> src/random/mod.rs:122:32
[INFO] [stdout]     |
[INFO] [stdout] 122 | fn gen_chunks<A: Arbitrary, G: Gen>(g: &mut G) -> LinkedList<A> {
[INFO] [stdout]     |                                ^^^ not a trait
[INFO] [stdout] 
[INFO] [stdout] 
[INFO] [stdout] error[E0404]: expected trait, found struct `Gen`
[INFO] [stdout]    --> src/random/mod.rs:130:18
[INFO] [stdout]     |
[INFO] [stdout] 130 | fn gen_simple<G: Gen>(g: &mut G) -> Simple {
[INFO] [stdout]     |                  ^^^ not a trait
[INFO] [stdout] 
[INFO] [stdout] 
[INFO] [stdout] error[E0404]: expected trait, found struct `Gen`
[INFO] [stdout]    --> src/random/mod.rs:144:18
[INFO] [stdout]     |
[INFO] [stdout] 144 | fn gen_tagged<G: Gen>(g: &mut G) -> Value {
[INFO] [stdout]     |                  ^^^ not a trait
[INFO] [stdout] 
[INFO] [stdout] 
[INFO] [stdout] error: aborting due to 11 previous errors
[INFO] [stdout] 
[INFO] [stdout] 
[INFO] [stdout] For more information about this error, try `rustc --explain E0404`.
[INFO] [stdout] 
[INFO] [stderr] error: could not compile `cborian` due to 12 previous errors
[INFO] [stderr] warning: build failed, waiting for other jobs to finish...
[INFO] [stderr] error: build failed
[INFO] running `Command { std: "docker" "inspect" "018e23be257003f2ba752374cf4f17d832c8205d708360ad7ed33113ba77665f", kill_on_drop: false }`
[INFO] running `Command { std: "docker" "rm" "-f" "018e23be257003f2ba752374cf4f17d832c8205d708360ad7ed33113ba77665f", kill_on_drop: false }`
[INFO] [stdout] 018e23be257003f2ba752374cf4f17d832c8205d708360ad7ed33113ba77665f
