[INFO] fetching crate cbor-no-std 0.3.0...
[INFO] checking cbor-no-std-0.3.0 against beta-2021-10-15 for beta-1.56-3
[INFO] extracting crate cbor-no-std 0.3.0 into /workspace/builds/worker-13/source
[INFO] validating manifest of crates.io crate cbor-no-std 0.3.0 on toolchain beta-2021-10-15
[INFO] running `Command { std: "/workspace/cargo-home/bin/cargo" "+beta-2021-10-15" "metadata" "--manifest-path" "Cargo.toml" "--no-deps", kill_on_drop: false }`
[INFO] started tweaking crates.io crate cbor-no-std 0.3.0
[INFO] finished tweaking crates.io crate cbor-no-std 0.3.0
[INFO] tweaked toml for crates.io crate cbor-no-std 0.3.0 written to /workspace/builds/worker-13/source/Cargo.toml
[INFO] running `Command { std: "/workspace/cargo-home/bin/cargo" "+beta-2021-10-15" "generate-lockfile" "--manifest-path" "Cargo.toml" "-Zno-index-update", kill_on_drop: false }`
[INFO] running `Command { std: "/workspace/cargo-home/bin/cargo" "+beta-2021-10-15" "fetch" "--manifest-path" "Cargo.toml", kill_on_drop: false }`
[INFO] running `Command { std: "docker" "create" "-v" "/var/lib/crater-agent-workspace/builds/worker-13/target:/opt/rustwide/target:rw,Z" "-v" "/var/lib/crater-agent-workspace/builds/worker-13/source:/opt/rustwide/workdir:ro,Z" "-v" "/var/lib/crater-agent-workspace/cargo-home:/opt/rustwide/cargo-home:ro,Z" "-v" "/var/lib/crater-agent-workspace/rustup-home:/opt/rustwide/rustup-home:ro,Z" "-e" "SOURCE_DIR=/opt/rustwide/workdir" "-e" "CARGO_TARGET_DIR=/opt/rustwide/target" "-e" "CARGO_HOME=/opt/rustwide/cargo-home" "-e" "RUSTUP_HOME=/opt/rustwide/rustup-home" "-w" "/opt/rustwide/workdir" "-m" "1610612736" "--user" "0:0" "--network" "none" "ghcr.io/rust-lang/crates-build-env/linux@sha256:a89201d6b5b9fd45c15d5952ece0a0129e7e80cb26ec023fd59cf09bc26f1604" "/opt/rustwide/cargo-home/bin/cargo" "+beta-2021-10-15" "metadata" "--no-deps" "--format-version=1", kill_on_drop: false }`
[INFO] [stdout] 66cdf0f85d76aacecc3023e92962c4a7304160610458add3652833dcc7806539
[INFO] [stderr] WARNING: Your kernel does not support swap limit capabilities or the cgroup is not mounted. Memory limited without swap.
[INFO] running `Command { std: "docker" "start" "-a" "66cdf0f85d76aacecc3023e92962c4a7304160610458add3652833dcc7806539", kill_on_drop: false }`
[INFO] running `Command { std: "docker" "inspect" "66cdf0f85d76aacecc3023e92962c4a7304160610458add3652833dcc7806539", kill_on_drop: false }`
[INFO] running `Command { std: "docker" "rm" "-f" "66cdf0f85d76aacecc3023e92962c4a7304160610458add3652833dcc7806539", kill_on_drop: false }`
[INFO] [stdout] 66cdf0f85d76aacecc3023e92962c4a7304160610458add3652833dcc7806539
[INFO] running `Command { std: "docker" "create" "-v" "/var/lib/crater-agent-workspace/builds/worker-13/target:/opt/rustwide/target:rw,Z" "-v" "/var/lib/crater-agent-workspace/builds/worker-13/source:/opt/rustwide/workdir:ro,Z" "-v" "/var/lib/crater-agent-workspace/cargo-home:/opt/rustwide/cargo-home:ro,Z" "-v" "/var/lib/crater-agent-workspace/rustup-home:/opt/rustwide/rustup-home:ro,Z" "-e" "SOURCE_DIR=/opt/rustwide/workdir" "-e" "CARGO_TARGET_DIR=/opt/rustwide/target" "-e" "CARGO_INCREMENTAL=0" "-e" "RUST_BACKTRACE=full" "-e" "RUSTFLAGS=--cap-lints=warn" "-e" "CARGO_HOME=/opt/rustwide/cargo-home" "-e" "RUSTUP_HOME=/opt/rustwide/rustup-home" "-w" "/opt/rustwide/workdir" "-m" "1610612736" "--user" "0:0" "--network" "none" "ghcr.io/rust-lang/crates-build-env/linux@sha256:a89201d6b5b9fd45c15d5952ece0a0129e7e80cb26ec023fd59cf09bc26f1604" "/opt/rustwide/cargo-home/bin/cargo" "+beta-2021-10-15" "check" "--frozen" "--all" "--all-targets" "--message-format=json", kill_on_drop: false }`
[INFO] [stdout] 495a55d4ecb17080df4ed4a407cd0ddacec8612551566ef3842f935734b1b086
[INFO] [stderr] WARNING: Your kernel does not support swap limit capabilities or the cgroup is not mounted. Memory limited without swap.
[INFO] running `Command { std: "docker" "start" "-a" "495a55d4ecb17080df4ed4a407cd0ddacec8612551566ef3842f935734b1b086", kill_on_drop: false }`
[INFO] [stderr]     Checking cbor-no-std v0.3.0 (/opt/rustwide/workdir)
[INFO] [stdout] error[E0554]: `#![feature]` may not be used on the beta release channel
[INFO] [stdout]  --> src/lib.rs:1:1
[INFO] [stdout]   |
[INFO] [stdout] 1 | #![feature(lang_items, alloc)]
[INFO] [stdout]   | ^^^^^^^^^^^^^^^^^^^^^^^^^^^^^^
[INFO] [stdout] 
[INFO] [stdout] 
[INFO] [stdout] warning: `...` range patterns are deprecated
[INFO] [stdout]   --> src/de.rs:65:28
[INFO] [stdout]    |
[INFO] [stdout] 65 |             value @ 0b00000...0b10111 => value,
[INFO] [stdout]    |                            ^^^ help: use `..=` for an inclusive range
[INFO] [stdout]    |
[INFO] [stdout]    = note: `#[warn(ellipsis_inclusive_range_patterns)]` on by default
[INFO] [stdout]    = warning: this is accepted in the current edition (Rust 2015) but is a hard error in Rust 2021!
[INFO] [stdout]    = note: for more information, see <https://doc.rust-lang.org/nightly/edition-guide/rust-2021/warnings-promoted-to-error.html>
[INFO] [stdout] 
[INFO] [stdout] 
[INFO] [stdout] warning: `...` range patterns are deprecated
[INFO] [stdout]   --> src/ser.rs:66:19
[INFO] [stdout]    |
[INFO] [stdout] 66 |             n @ 0 ... 23 => vec![bytes::concat(major_type, n as u8)],
[INFO] [stdout]    |                   ^^^ help: use `..=` for an inclusive range
[INFO] [stdout]    |
[INFO] [stdout]    = warning: this is accepted in the current edition (Rust 2015) but is a hard error in Rust 2021!
[INFO] [stdout]    = note: for more information, see <https://doc.rust-lang.org/nightly/edition-guide/rust-2021/warnings-promoted-to-error.html>
[INFO] [stdout] 
[INFO] [stdout] 
[INFO] [stdout] warning: `...` range patterns are deprecated
[INFO] [stdout]   --> src/ser.rs:67:20
[INFO] [stdout]    |
[INFO] [stdout] 67 |             n @ 24 ... 255 => vec![bytes::concat(major_type, 24), n as u8],
[INFO] [stdout]    |                    ^^^ help: use `..=` for an inclusive range
[INFO] [stdout]    |
[INFO] [stdout]    = warning: this is accepted in the current edition (Rust 2015) but is a hard error in Rust 2021!
[INFO] [stdout]    = note: for more information, see <https://doc.rust-lang.org/nightly/edition-guide/rust-2021/warnings-promoted-to-error.html>
[INFO] [stdout] 
[INFO] [stdout] 
[INFO] [stdout] error[E0554]: `#![feature]` may not be used on the beta release channel
[INFO] [stdout]  --> src/lib.rs:1:1
[INFO] [stdout]   |
[INFO] [stdout] 1 | #![feature(lang_items, alloc)]
[INFO] [stdout]   | ^^^^^^^^^^^^^^^^^^^^^^^^^^^^^^
[INFO] [stdout] 
[INFO] [stdout] 
[INFO] [stdout] warning: `...` range patterns are deprecated
[INFO] [stdout]   --> src/de.rs:65:28
[INFO] [stdout]    |
[INFO] [stdout] 65 |             value @ 0b00000...0b10111 => value,
[INFO] [stdout]    |                            ^^^ help: use `..=` for an inclusive range
[INFO] [stdout]    |
[INFO] [stdout]    = note: `#[warn(ellipsis_inclusive_range_patterns)]` on by default
[INFO] [stdout]    = warning: this is accepted in the current edition (Rust 2015) but is a hard error in Rust 2021!
[INFO] [stdout]    = note: for more information, see <https://doc.rust-lang.org/nightly/edition-guide/rust-2021/warnings-promoted-to-error.html>
[INFO] [stdout] 
[INFO] [stdout] 
[INFO] [stdout] warning: `...` range patterns are deprecated
[INFO] [stdout]   --> src/ser.rs:66:19
[INFO] [stdout]    |
[INFO] [stdout] 66 |             n @ 0 ... 23 => vec![bytes::concat(major_type, n as u8)],
[INFO] [stdout]    |                   ^^^ help: use `..=` for an inclusive range
[INFO] [stdout]    |
[INFO] [stdout]    = warning: this is accepted in the current edition (Rust 2015) but is a hard error in Rust 2021!
[INFO] [stdout]    = note: for more information, see <https://doc.rust-lang.org/nightly/edition-guide/rust-2021/warnings-promoted-to-error.html>
[INFO] [stdout] 
[INFO] [stdout] 
[INFO] [stdout] warning: `...` range patterns are deprecated
[INFO] [stdout]   --> src/ser.rs:67:20
[INFO] [stdout]    |
[INFO] [stdout] 67 |             n @ 24 ... 255 => vec![bytes::concat(major_type, 24), n as u8],
[INFO] [stdout]    |                    ^^^ help: use `..=` for an inclusive range
[INFO] [stdout]    |
[INFO] [stdout]    = warning: this is accepted in the current edition (Rust 2015) but is a hard error in Rust 2021!
[INFO] [stdout]    = note: for more information, see <https://doc.rust-lang.org/nightly/edition-guide/rust-2021/warnings-promoted-to-error.html>
[INFO] [stdout] 
[INFO] [stdout] 
[INFO] [stderr] error: could not compile `cbor-no-std` due to 2 previous errors; 3 warnings emitted
[INFO] [stdout] error: aborting due to previous error; 3 warnings emitted
[INFO] [stdout] 
[INFO] [stdout] 
[INFO] [stderr] warning: build failed, waiting for other jobs to finish...
[INFO] [stdout] For more information about this error, try `rustc --explain E0554`.
[INFO] [stdout] 
[INFO] [stdout] error[E0277]: the trait bound `Value: From<&str>` is not satisfied
[INFO] [stdout]    --> src/de.rs:126:28
[INFO] [stdout]     |
[INFO] [stdout] 126 |     test_map.insert("key1".into(), Value::String("value1".into()));
[INFO] [stdout]     |                            ^^^^ the trait `From<&str>` is not implemented for `Value`
[INFO] [stdout]     |
[INFO] [stdout]     = help: the following implementations were found:
[INFO] [stdout]               <Value as From<()>>
[INFO] [stdout]               <Value as From<BTreeMap<Value, Value>>>
[INFO] [stdout]               <Value as From<Vec<u8>>>
[INFO] [stdout]               <Value as From<u32>>
[INFO] [stdout]               <Value as From<u64>>
[INFO] [stdout]     = note: required because of the requirements on the impl of `Into<Value>` for `&str`
[INFO] [stdout] 
[INFO] [stdout] 
[INFO] [stdout] error[E0277]: the trait bound `Value: From<&str>` is not satisfied
[INFO] [stdout]    --> src/de.rs:127:28
[INFO] [stdout]     |
[INFO] [stdout] 127 |     test_map.insert("key2".into(), Value::String("value2".into()));
[INFO] [stdout]     |                            ^^^^ the trait `From<&str>` is not implemented for `Value`
[INFO] [stdout]     |
[INFO] [stdout]     = help: the following implementations were found:
[INFO] [stdout]               <Value as From<()>>
[INFO] [stdout]               <Value as From<BTreeMap<Value, Value>>>
[INFO] [stdout]               <Value as From<Vec<u8>>>
[INFO] [stdout]               <Value as From<u32>>
[INFO] [stdout]               <Value as From<u64>>
[INFO] [stdout]     = note: required because of the requirements on the impl of `Into<Value>` for `&str`
[INFO] [stdout] 
[INFO] [stdout] 
[INFO] [stdout] error[E0277]: the trait bound `Value: From<&str>` is not satisfied
[INFO] [stdout]    --> src/ser.rs:132:28
[INFO] [stdout]     |
[INFO] [stdout] 132 |     test_map.insert("key1".into(), Value::String("value1".into()));
[INFO] [stdout]     |                            ^^^^ the trait `From<&str>` is not implemented for `Value`
[INFO] [stdout]     |
[INFO] [stdout]     = help: the following implementations were found:
[INFO] [stdout]               <Value as From<()>>
[INFO] [stdout]               <Value as From<BTreeMap<Value, Value>>>
[INFO] [stdout]               <Value as From<Vec<u8>>>
[INFO] [stdout]               <Value as From<u32>>
[INFO] [stdout]               <Value as From<u64>>
[INFO] [stdout]     = note: required because of the requirements on the impl of `Into<Value>` for `&str`
[INFO] [stdout] 
[INFO] [stdout] 
[INFO] [stdout] error[E0277]: the trait bound `Value: From<&str>` is not satisfied
[INFO] [stdout]    --> src/ser.rs:133:28
[INFO] [stdout]     |
[INFO] [stdout] 133 |     test_map.insert("key2".into(), Value::String("value2".into()));
[INFO] [stdout]     |                            ^^^^ the trait `From<&str>` is not implemented for `Value`
[INFO] [stdout]     |
[INFO] [stdout]     = help: the following implementations were found:
[INFO] [stdout]               <Value as From<()>>
[INFO] [stdout]               <Value as From<BTreeMap<Value, Value>>>
[INFO] [stdout]               <Value as From<Vec<u8>>>
[INFO] [stdout]               <Value as From<u32>>
[INFO] [stdout]               <Value as From<u64>>
[INFO] [stdout]     = note: required because of the requirements on the impl of `Into<Value>` for `&str`
[INFO] [stdout] 
[INFO] [stdout] 
[INFO] [stdout] error: aborting due to 5 previous errors; 3 warnings emitted
[INFO] [stdout] 
[INFO] [stdout] 
[INFO] [stdout] Some errors have detailed explanations: E0277, E0554.
[INFO] [stdout] 
[INFO] [stdout] For more information about an error, try `rustc --explain E0277`.
[INFO] [stdout] 
[INFO] [stderr] error: build failed
[INFO] running `Command { std: "docker" "inspect" "495a55d4ecb17080df4ed4a407cd0ddacec8612551566ef3842f935734b1b086", kill_on_drop: false }`
[INFO] running `Command { std: "docker" "rm" "-f" "495a55d4ecb17080df4ed4a407cd0ddacec8612551566ef3842f935734b1b086", kill_on_drop: false }`
[INFO] [stdout] 495a55d4ecb17080df4ed4a407cd0ddacec8612551566ef3842f935734b1b086
