[INFO] fetching crate cargo-credential-macos-keychain 0.1.0...
[INFO] checking cargo-credential-macos-keychain-0.1.0 against 1.55.0 for beta-1.56-3
[INFO] extracting crate cargo-credential-macos-keychain 0.1.0 into /workspace/builds/worker-13/source
[INFO] validating manifest of crates.io crate cargo-credential-macos-keychain 0.1.0 on toolchain 1.55.0
[INFO] running `Command { std: "/workspace/cargo-home/bin/cargo" "+1.55.0" "metadata" "--manifest-path" "Cargo.toml" "--no-deps", kill_on_drop: false }`
[INFO] started tweaking crates.io crate cargo-credential-macos-keychain 0.1.0
[INFO] finished tweaking crates.io crate cargo-credential-macos-keychain 0.1.0
[INFO] tweaked toml for crates.io crate cargo-credential-macos-keychain 0.1.0 written to /workspace/builds/worker-13/source/Cargo.toml
[INFO] crate crates.io crate cargo-credential-macos-keychain 0.1.0 already has a lockfile, it will not be regenerated
[INFO] running `Command { std: "/workspace/cargo-home/bin/cargo" "+1.55.0" "fetch" "--manifest-path" "Cargo.toml", kill_on_drop: false }`
[INFO] running `Command { std: "docker" "create" "-v" "/var/lib/crater-agent-workspace/builds/worker-13/target:/opt/rustwide/target:rw,Z" "-v" "/var/lib/crater-agent-workspace/builds/worker-13/source:/opt/rustwide/workdir:ro,Z" "-v" "/var/lib/crater-agent-workspace/cargo-home:/opt/rustwide/cargo-home:ro,Z" "-v" "/var/lib/crater-agent-workspace/rustup-home:/opt/rustwide/rustup-home:ro,Z" "-e" "SOURCE_DIR=/opt/rustwide/workdir" "-e" "CARGO_TARGET_DIR=/opt/rustwide/target" "-e" "CARGO_HOME=/opt/rustwide/cargo-home" "-e" "RUSTUP_HOME=/opt/rustwide/rustup-home" "-w" "/opt/rustwide/workdir" "-m" "1610612736" "--user" "0:0" "--network" "none" "ghcr.io/rust-lang/crates-build-env/linux@sha256:a89201d6b5b9fd45c15d5952ece0a0129e7e80cb26ec023fd59cf09bc26f1604" "/opt/rustwide/cargo-home/bin/cargo" "+1.55.0" "metadata" "--no-deps" "--format-version=1", kill_on_drop: false }`
[INFO] [stdout] deac346c7c369ddc68c6a08ee7efa997cfda00f262e983095772e592d70ed234
[INFO] [stderr] WARNING: Your kernel does not support swap limit capabilities or the cgroup is not mounted. Memory limited without swap.
[INFO] running `Command { std: "docker" "start" "-a" "deac346c7c369ddc68c6a08ee7efa997cfda00f262e983095772e592d70ed234", kill_on_drop: false }`
[INFO] running `Command { std: "docker" "inspect" "deac346c7c369ddc68c6a08ee7efa997cfda00f262e983095772e592d70ed234", kill_on_drop: false }`
[INFO] running `Command { std: "docker" "rm" "-f" "deac346c7c369ddc68c6a08ee7efa997cfda00f262e983095772e592d70ed234", kill_on_drop: false }`
[INFO] [stdout] deac346c7c369ddc68c6a08ee7efa997cfda00f262e983095772e592d70ed234
[INFO] running `Command { std: "docker" "create" "-v" "/var/lib/crater-agent-workspace/builds/worker-13/target:/opt/rustwide/target:rw,Z" "-v" "/var/lib/crater-agent-workspace/builds/worker-13/source:/opt/rustwide/workdir:ro,Z" "-v" "/var/lib/crater-agent-workspace/cargo-home:/opt/rustwide/cargo-home:ro,Z" "-v" "/var/lib/crater-agent-workspace/rustup-home:/opt/rustwide/rustup-home:ro,Z" "-e" "SOURCE_DIR=/opt/rustwide/workdir" "-e" "CARGO_TARGET_DIR=/opt/rustwide/target" "-e" "CARGO_INCREMENTAL=0" "-e" "RUST_BACKTRACE=full" "-e" "RUSTFLAGS=--cap-lints=warn" "-e" "CARGO_HOME=/opt/rustwide/cargo-home" "-e" "RUSTUP_HOME=/opt/rustwide/rustup-home" "-w" "/opt/rustwide/workdir" "-m" "1610612736" "--user" "0:0" "--network" "none" "ghcr.io/rust-lang/crates-build-env/linux@sha256:a89201d6b5b9fd45c15d5952ece0a0129e7e80cb26ec023fd59cf09bc26f1604" "/opt/rustwide/cargo-home/bin/cargo" "+1.55.0" "check" "--frozen" "--all" "--all-targets" "--message-format=json", kill_on_drop: false }`
[INFO] [stdout] 1b6d7a75ca3fd8682266eccfb0d3c5de209f497387d04ce535d64e4c9a05d10b
[INFO] [stderr] WARNING: Your kernel does not support swap limit capabilities or the cgroup is not mounted. Memory limited without swap.
[INFO] running `Command { std: "docker" "start" "-a" "1b6d7a75ca3fd8682266eccfb0d3c5de209f497387d04ce535d64e4c9a05d10b", kill_on_drop: false }`
[INFO] [stderr]    Compiling core-foundation-sys v0.8.2
[INFO] [stderr]    Compiling libc v0.2.81
[INFO] [stderr]     Checking cargo-credential v0.1.0
[INFO] [stderr]     Checking security-framework-sys v2.0.0
[INFO] [stderr]     Checking core-foundation v0.9.1
[INFO] [stderr]     Checking security-framework v2.0.0
[INFO] [stderr]     Checking cargo-credential-macos-keychain v0.1.0 (/opt/rustwide/workdir)
[INFO] [stdout] error[E0433]: failed to resolve: could not find `macos` in `os`
[INFO] [stdout]  --> src/main.rs:4:29
[INFO] [stdout]   |
[INFO] [stdout] 4 | use security_framework::os::macos::keychain::SecKeychain;
[INFO] [stdout]   |                             ^^^^^ could not find `macos` in `os`
[INFO] [stdout] 
[INFO] [stdout] 
[INFO] [stdout] error[E0433]: failed to resolve: use of undeclared type `SecKeychain`
[INFO] [stdout]   --> src/main.rs:21:24
[INFO] [stdout]    |
[INFO] [stdout] 21 |         let keychain = SecKeychain::default().unwrap();
[INFO] [stdout]    |                        ^^^^^^^^^^^ use of undeclared type `SecKeychain`
[INFO] [stdout] 
[INFO] [stdout] 
[INFO] [stdout] error[E0433]: failed to resolve: use of undeclared type `SecKeychain`
[INFO] [stdout]   --> src/main.rs:29:24
[INFO] [stdout]    |
[INFO] [stdout] 29 |         let keychain = SecKeychain::default().unwrap();
[INFO] [stdout]    |                        ^^^^^^^^^^^ use of undeclared type `SecKeychain`
[INFO] [stdout] 
[INFO] [stdout] 
[INFO] [stdout] error[E0433]: failed to resolve: use of undeclared type `SecKeychain`
[INFO] [stdout]   --> src/main.rs:40:24
[INFO] [stdout]    |
[INFO] [stdout] 40 |         let keychain = SecKeychain::default().unwrap();
[INFO] [stdout]    |                        ^^^^^^^^^^^ use of undeclared type `SecKeychain`
[INFO] [stdout] 
[INFO] [stdout] 
[INFO] [stdout] error: aborting due to 4 previous errors
[INFO] [stdout] 
[INFO] [stdout] 
[INFO] [stdout] For more information about this error, try `rustc --explain E0433`.
[INFO] [stdout] 
[INFO] [stderr] error: could not compile `cargo-credential-macos-keychain` due to 5 previous errors
[INFO] [stderr] warning: build failed, waiting for other jobs to finish...
[INFO] [stdout] error[E0433]: failed to resolve: could not find `macos` in `os`
[INFO] [stdout]  --> src/main.rs:4:29
[INFO] [stdout]   |
[INFO] [stdout] 4 | use security_framework::os::macos::keychain::SecKeychain;
[INFO] [stdout]   |                             ^^^^^ could not find `macos` in `os`
[INFO] [stdout] 
[INFO] [stdout] 
[INFO] [stdout] error[E0433]: failed to resolve: use of undeclared type `SecKeychain`
[INFO] [stdout]   --> src/main.rs:21:24
[INFO] [stdout]    |
[INFO] [stdout] 21 |         let keychain = SecKeychain::default().unwrap();
[INFO] [stdout]    |                        ^^^^^^^^^^^ use of undeclared type `SecKeychain`
[INFO] [stdout] 
[INFO] [stdout] 
[INFO] [stdout] error[E0433]: failed to resolve: use of undeclared type `SecKeychain`
[INFO] [stdout]   --> src/main.rs:29:24
[INFO] [stdout]    |
[INFO] [stdout] 29 |         let keychain = SecKeychain::default().unwrap();
[INFO] [stdout]    |                        ^^^^^^^^^^^ use of undeclared type `SecKeychain`
[INFO] [stdout] 
[INFO] [stdout] 
[INFO] [stdout] error[E0433]: failed to resolve: use of undeclared type `SecKeychain`
[INFO] [stdout]   --> src/main.rs:40:24
[INFO] [stdout]    |
[INFO] [stdout] 40 |         let keychain = SecKeychain::default().unwrap();
[INFO] [stdout]    |                        ^^^^^^^^^^^ use of undeclared type `SecKeychain`
[INFO] [stdout] 
[INFO] [stdout] 
[INFO] [stdout] error: aborting due to 4 previous errors
[INFO] [stdout] 
[INFO] [stdout] 
[INFO] [stdout] For more information about this error, try `rustc --explain E0433`.
[INFO] [stdout] 
[INFO] [stderr] error: build failed
[INFO] running `Command { std: "docker" "inspect" "1b6d7a75ca3fd8682266eccfb0d3c5de209f497387d04ce535d64e4c9a05d10b", kill_on_drop: false }`
[INFO] running `Command { std: "docker" "rm" "-f" "1b6d7a75ca3fd8682266eccfb0d3c5de209f497387d04ce535d64e4c9a05d10b", kill_on_drop: false }`
[INFO] [stdout] 1b6d7a75ca3fd8682266eccfb0d3c5de209f497387d04ce535d64e4c9a05d10b
