[INFO] fetching crate cagra-parser 0.1.0...
[INFO] checking cagra-parser-0.1.0 against 1.55.0 for beta-1.56-3
[INFO] extracting crate cagra-parser 0.1.0 into /workspace/builds/worker-0/source
[INFO] validating manifest of crates.io crate cagra-parser 0.1.0 on toolchain 1.55.0
[INFO] running `Command { std: "/workspace/cargo-home/bin/cargo" "+1.55.0" "metadata" "--manifest-path" "Cargo.toml" "--no-deps", kill_on_drop: false }`
[INFO] removed /workspace/builds/worker-0/source/rust-toolchain
[INFO] started tweaking crates.io crate cagra-parser 0.1.0
[INFO] finished tweaking crates.io crate cagra-parser 0.1.0
[INFO] tweaked toml for crates.io crate cagra-parser 0.1.0 written to /workspace/builds/worker-0/source/Cargo.toml
[INFO] running `Command { std: "/workspace/cargo-home/bin/cargo" "+1.55.0" "generate-lockfile" "--manifest-path" "Cargo.toml" "-Zno-index-update", kill_on_drop: false }`
[INFO] running `Command { std: "/workspace/cargo-home/bin/cargo" "+1.55.0" "fetch" "--manifest-path" "Cargo.toml", kill_on_drop: false }`
[INFO] [stderr]     Blocking waiting for file lock on package cache
[INFO] [stderr]  Downloading crates ...
[INFO] [stderr]   Downloaded syn v0.8.7
[INFO] [stderr]   Downloaded derive-new v0.4.0
[INFO] [stderr]   Downloaded blas-sys v0.6.9
[INFO] [stderr]   Downloaded ndarray v0.10.14
[INFO] [stderr]   Downloaded enum-error-derive v0.1.1
[INFO] [stderr]   Downloaded quote v0.2.3
[INFO] [stderr]   Downloaded procedurals v0.2.3
[INFO] [stderr]   Downloaded lapack-sys v0.11.7
[INFO] [stderr]   Downloaded cagra v0.1.0
[INFO] [stderr]   Downloaded lapack v0.13.2
[INFO] [stderr]   Downloaded ndarray-linalg v0.6.2
[INFO] [stderr]   Downloaded openblas-src v0.5.6
[INFO] running `Command { std: "docker" "create" "-v" "/var/lib/crater-agent-workspace/builds/worker-0/target:/opt/rustwide/target:rw,Z" "-v" "/var/lib/crater-agent-workspace/builds/worker-0/source:/opt/rustwide/workdir:ro,Z" "-v" "/var/lib/crater-agent-workspace/cargo-home:/opt/rustwide/cargo-home:ro,Z" "-v" "/var/lib/crater-agent-workspace/rustup-home:/opt/rustwide/rustup-home:ro,Z" "-e" "SOURCE_DIR=/opt/rustwide/workdir" "-e" "CARGO_TARGET_DIR=/opt/rustwide/target" "-e" "CARGO_HOME=/opt/rustwide/cargo-home" "-e" "RUSTUP_HOME=/opt/rustwide/rustup-home" "-w" "/opt/rustwide/workdir" "-m" "1610612736" "--user" "0:0" "--network" "none" "ghcr.io/rust-lang/crates-build-env/linux@sha256:a89201d6b5b9fd45c15d5952ece0a0129e7e80cb26ec023fd59cf09bc26f1604" "/opt/rustwide/cargo-home/bin/cargo" "+1.55.0" "metadata" "--no-deps" "--format-version=1", kill_on_drop: false }`
[INFO] [stdout] fc04ffe92e9c05aabee7cbe8b863818f965333b2b6883fd71962a55736a95eca
[INFO] [stderr] WARNING: Your kernel does not support swap limit capabilities or the cgroup is not mounted. Memory limited without swap.
[INFO] running `Command { std: "docker" "start" "-a" "fc04ffe92e9c05aabee7cbe8b863818f965333b2b6883fd71962a55736a95eca", kill_on_drop: false }`
[INFO] running `Command { std: "docker" "inspect" "fc04ffe92e9c05aabee7cbe8b863818f965333b2b6883fd71962a55736a95eca", kill_on_drop: false }`
[INFO] running `Command { std: "docker" "rm" "-f" "fc04ffe92e9c05aabee7cbe8b863818f965333b2b6883fd71962a55736a95eca", kill_on_drop: false }`
[INFO] [stdout] fc04ffe92e9c05aabee7cbe8b863818f965333b2b6883fd71962a55736a95eca
[INFO] running `Command { std: "docker" "create" "-v" "/var/lib/crater-agent-workspace/builds/worker-0/target:/opt/rustwide/target:rw,Z" "-v" "/var/lib/crater-agent-workspace/builds/worker-0/source:/opt/rustwide/workdir:ro,Z" "-v" "/var/lib/crater-agent-workspace/cargo-home:/opt/rustwide/cargo-home:ro,Z" "-v" "/var/lib/crater-agent-workspace/rustup-home:/opt/rustwide/rustup-home:ro,Z" "-e" "SOURCE_DIR=/opt/rustwide/workdir" "-e" "CARGO_TARGET_DIR=/opt/rustwide/target" "-e" "CARGO_INCREMENTAL=0" "-e" "RUST_BACKTRACE=full" "-e" "RUSTFLAGS=--cap-lints=warn" "-e" "CARGO_HOME=/opt/rustwide/cargo-home" "-e" "RUSTUP_HOME=/opt/rustwide/rustup-home" "-w" "/opt/rustwide/workdir" "-m" "1610612736" "--user" "0:0" "--network" "none" "ghcr.io/rust-lang/crates-build-env/linux@sha256:a89201d6b5b9fd45c15d5952ece0a0129e7e80cb26ec023fd59cf09bc26f1604" "/opt/rustwide/cargo-home/bin/cargo" "+1.55.0" "check" "--frozen" "--all" "--all-targets" "--message-format=json", kill_on_drop: false }`
[INFO] [stdout] b290e0f339bdc36038784e51774cc0ce7f7a8314b7080a68c5b6dc8a0e644dd7
[INFO] [stderr] WARNING: Your kernel does not support swap limit capabilities or the cgroup is not mounted. Memory limited without swap.
[INFO] running `Command { std: "docker" "start" "-a" "b290e0f339bdc36038784e51774cc0ce7f7a8314b7080a68c5b6dc8a0e644dd7", kill_on_drop: false }`
[INFO] [stderr]     Blocking waiting for file lock on package cache
[INFO] [stderr]    Compiling openblas-src v0.5.6
[INFO] [stderr]    Compiling matrixmultiply v0.1.15
[INFO] [stderr]    Compiling quote v0.2.3
[INFO] [stderr]    Compiling ndarray v0.10.14
[INFO] [stderr]     Checking rawpointer v0.1.0
[INFO] [stderr]    Compiling unicode-xid v0.0.3
[INFO] [stderr]     Checking ordermap v0.3.5
[INFO] [stderr]     Checking fixedbitset v0.1.9
[INFO] [stderr]     Checking itertools v0.7.11
[INFO] [stderr]     Checking proc-macro2 v0.4.30
[INFO] [stderr]     Checking blas-sys v0.6.9
[INFO] [stderr]    Compiling enum-error-derive v0.1.1
[INFO] [stderr]    Compiling procedurals v0.2.3
[INFO] [stderr]     Checking num-complex v0.1.43
[INFO] [stderr]    Compiling cagra-parser v0.1.0 (/opt/rustwide/workdir)
[INFO] [stderr]    Compiling syn v0.8.7
[INFO] [stderr]     Checking quote v0.6.13
[INFO] [stderr]     Checking petgraph v0.4.13
[INFO] [stderr] error: failed to run custom build command for `openblas-src v0.5.6`
[INFO] [stderr] 
[INFO] [stderr] Caused by:
[INFO] [stderr]   process didn't exit successfully: `/opt/rustwide/target/debug/build/openblas-src-d20dd4bd95f1d151/build-script-build` (exit status: 101)
[INFO] [stderr]   --- stdout
[INFO] [stderr]   Running: `"make" "libs" "netlib" "shared" "BINARY=64" "YES_CBLAS=1" "YES_LAPACKE=1" "-j16"`
[INFO] [stderr] 
[INFO] [stderr]   --- stderr
[INFO] [stderr]   /usr/bin/ld: cannot open output file getarch: Read-only file system
[INFO] [stderr]   collect2: error: ld returned 1 exit status
[INFO] [stderr]   make: *** [Makefile.prebuild:54: getarch] Error 1
[INFO] [stderr]   Makefile.system:958: Makefile.: No such file or directory
[INFO] [stderr]   make: *** No rule to make target 'Makefile.'.  Stop.
[INFO] [stderr]   thread 'main' panicked at 'Failed: `"make" "libs" "netlib" "shared" "BINARY=64" "YES_CBLAS=1" "YES_LAPACKE=1" "-j16"` (exit status: 2)', /opt/rustwide/cargo-home/registry/src/github.com-1ecc6299db9ec823/openblas-src-0.5.6/build.rs:50:13
[INFO] [stderr]   stack backtrace:
[INFO] [stderr]      0:     0x564c8b1577a0 - std::backtrace_rs::backtrace::libunwind::trace::ha0ad43e8a952bfe7
[INFO] [stderr]                                  at /rustc/c8dfcfe046a7680554bf4eb612bad840e7631c4b/library/std/src/../../backtrace/src/backtrace/libunwind.rs:90:5
[INFO] [stderr]      1:     0x564c8b1577a0 - std::backtrace_rs::backtrace::trace_unsynchronized::h6830419c0c4130dc
[INFO] [stderr]                                  at /rustc/c8dfcfe046a7680554bf4eb612bad840e7631c4b/library/std/src/../../backtrace/src/backtrace/mod.rs:66:5
[INFO] [stderr]      2:     0x564c8b1577a0 - std::sys_common::backtrace::_print_fmt::h8f3516631ffa1ef5
[INFO] [stderr]                                  at /rustc/c8dfcfe046a7680554bf4eb612bad840e7631c4b/library/std/src/sys_common/backtrace.rs:67:5
[INFO] [stderr]      3:     0x564c8b1577a0 - <std::sys_common::backtrace::_print::DisplayBacktrace as core::fmt::Display>::fmt::he1640d5f0d93f618
[INFO] [stderr]                                  at /rustc/c8dfcfe046a7680554bf4eb612bad840e7631c4b/library/std/src/sys_common/backtrace.rs:46:22
[INFO] [stderr]      4:     0x564c8b174c4c - core::fmt::write::h88012e1f01caeebf
[INFO] [stderr]                                  at /rustc/c8dfcfe046a7680554bf4eb612bad840e7631c4b/library/core/src/fmt/mod.rs:1115:17
[INFO] [stderr]      5:     0x564c8b155c75 - std::io::Write::write_fmt::h360fa85b30182555
[INFO] [stderr]                                  at /rustc/c8dfcfe046a7680554bf4eb612bad840e7631c4b/library/std/src/io/mod.rs:1665:15
[INFO] [stderr]      6:     0x564c8b15946b - std::sys_common::backtrace::_print::ha1f00492f406a015
[INFO] [stderr]                                  at /rustc/c8dfcfe046a7680554bf4eb612bad840e7631c4b/library/std/src/sys_common/backtrace.rs:49:5
[INFO] [stderr]      7:     0x564c8b15946b - std::sys_common::backtrace::print::hd54561b13feb6af3
[INFO] [stderr]                                  at /rustc/c8dfcfe046a7680554bf4eb612bad840e7631c4b/library/std/src/sys_common/backtrace.rs:36:9
[INFO] [stderr]      8:     0x564c8b15946b - std::panicking::default_hook::{{closure}}::h84fe124cd0864662
[INFO] [stderr]                                  at /rustc/c8dfcfe046a7680554bf4eb612bad840e7631c4b/library/std/src/panicking.rs:208:50
[INFO] [stderr]      9:     0x564c8b158f41 - std::panicking::default_hook::h5a8e74a76ce290a7
[INFO] [stderr]                                  at /rustc/c8dfcfe046a7680554bf4eb612bad840e7631c4b/library/std/src/panicking.rs:225:9
[INFO] [stderr]     10:     0x564c8b159b34 - std::panicking::rust_panic_with_hook::h67c812a4fe9d4c91
[INFO] [stderr]                                  at /rustc/c8dfcfe046a7680554bf4eb612bad840e7631c4b/library/std/src/panicking.rs:622:17
[INFO] [stderr]     11:     0x564c8b159617 - std::panicking::begin_panic_handler::{{closure}}::h33f9c1b96af300d7
[INFO] [stderr]                                  at /rustc/c8dfcfe046a7680554bf4eb612bad840e7631c4b/library/std/src/panicking.rs:519:13
[INFO] [stderr]     12:     0x564c8b157c9c - std::sys_common::backtrace::__rust_end_short_backtrace::h51bae64be5921f0e
[INFO] [stderr]                                  at /rustc/c8dfcfe046a7680554bf4eb612bad840e7631c4b/library/std/src/sys_common/backtrace.rs:141:18
[INFO] [stderr]     13:     0x564c8b159579 - rust_begin_unwind
[INFO] [stderr]                                  at /rustc/c8dfcfe046a7680554bf4eb612bad840e7631c4b/library/std/src/panicking.rs:515:5
[INFO] [stderr]     14:     0x564c8b137b9b - std::panicking::begin_panic_fmt::h7ab3d84aa4ae32a2
[INFO] [stderr]                                  at /rustc/c8dfcfe046a7680554bf4eb612bad840e7631c4b/library/std/src/panicking.rs:457:5
[INFO] [stderr]     15:     0x564c8b13df66 - build_script_build::run::hadc96115b27022a6
[INFO] [stderr]                                  at /opt/rustwide/cargo-home/registry/src/github.com-1ecc6299db9ec823/openblas-src-0.5.6/build.rs:50:13
[INFO] [stderr]     16:     0x564c8b13d7f3 - build_script_build::main::h880cf4863a1e2520
[INFO] [stderr]                                  at /opt/rustwide/cargo-home/registry/src/github.com-1ecc6299db9ec823/openblas-src-0.5.6/build.rs:22:9
[INFO] [stderr]     17:     0x564c8b142ecb - core::ops::function::FnOnce::call_once::h3477f5d5857884b4
[INFO] [stderr]                                  at /rustc/c8dfcfe046a7680554bf4eb612bad840e7631c4b/library/core/src/ops/function.rs:227:5
[INFO] [stderr]     18:     0x564c8b141ece - std::sys_common::backtrace::__rust_begin_short_backtrace::hcbc3a40da2687321
[INFO] [stderr]                                  at /rustc/c8dfcfe046a7680554bf4eb612bad840e7631c4b/library/std/src/sys_common/backtrace.rs:125:18
[INFO] [stderr]     19:     0x564c8b1414d1 - std::rt::lang_start::{{closure}}::h480c5facc4d10f7e
[INFO] [stderr]                                  at /rustc/c8dfcfe046a7680554bf4eb612bad840e7631c4b/library/std/src/rt.rs:63:18
[INFO] [stderr]     20:     0x564c8b15a03a - core::ops::function::impls::<impl core::ops::function::FnOnce<A> for &F>::call_once::ha9408abe89f69dc4
[INFO] [stderr]                                  at /rustc/c8dfcfe046a7680554bf4eb612bad840e7631c4b/library/core/src/ops/function.rs:259:13
[INFO] [stderr]     21:     0x564c8b15a03a - std::panicking::try::do_call::h5b0cc9e9102acb65
[INFO] [stderr]                                  at /rustc/c8dfcfe046a7680554bf4eb612bad840e7631c4b/library/std/src/panicking.rs:401:40
[INFO] [stderr]     22:     0x564c8b15a03a - std::panicking::try::hddc7f8229138b3ba
[INFO] [stderr]                                  at /rustc/c8dfcfe046a7680554bf4eb612bad840e7631c4b/library/std/src/panicking.rs:365:19
[INFO] [stderr]     23:     0x564c8b15a03a - std::panic::catch_unwind::hfa401ff8bab2986e
[INFO] [stderr]                                  at /rustc/c8dfcfe046a7680554bf4eb612bad840e7631c4b/library/std/src/panic.rs:434:14
[INFO] [stderr]     24:     0x564c8b15a03a - std::rt::lang_start_internal::{{closure}}::h8163422320d11405
[INFO] [stderr]                                  at /rustc/c8dfcfe046a7680554bf4eb612bad840e7631c4b/library/std/src/rt.rs:45:48
[INFO] [stderr]     25:     0x564c8b15a03a - std::panicking::try::do_call::hc742cc7bb4f0fb20
[INFO] [stderr]                                  at /rustc/c8dfcfe046a7680554bf4eb612bad840e7631c4b/library/std/src/panicking.rs:401:40
[INFO] [stderr]     26:     0x564c8b15a03a - std::panicking::try::ha37d8d2dd1acf7d3
[INFO] [stderr]                                  at /rustc/c8dfcfe046a7680554bf4eb612bad840e7631c4b/library/std/src/panicking.rs:365:19
[INFO] [stderr]     27:     0x564c8b15a03a - std::panic::catch_unwind::h8a5381d5ecf437bc
[INFO] [stderr]                                  at /rustc/c8dfcfe046a7680554bf4eb612bad840e7631c4b/library/std/src/panic.rs:434:14
[INFO] [stderr]     28:     0x564c8b15a03a - std::rt::lang_start_internal::h7e2cee8c90d4a4d3
[INFO] [stderr]                                  at /rustc/c8dfcfe046a7680554bf4eb612bad840e7631c4b/library/std/src/rt.rs:45:20
[INFO] [stderr]     29:     0x564c8b1414a0 - std::rt::lang_start::hbec2322070ee2aef
[INFO] [stderr]                                  at /rustc/c8dfcfe046a7680554bf4eb612bad840e7631c4b/library/std/src/rt.rs:62:5
[INFO] [stderr]     30:     0x564c8b13df8c - main
[INFO] [stderr]     31:     0x7f330ec940b3 - __libc_start_main
[INFO] [stderr]     32:     0x564c8b13893e - _start
[INFO] [stderr]     33:                0x0 - <unknown>
[INFO] [stderr] warning: build failed, waiting for other jobs to finish...
[INFO] [stderr] error: build failed
[INFO] running `Command { std: "docker" "inspect" "b290e0f339bdc36038784e51774cc0ce7f7a8314b7080a68c5b6dc8a0e644dd7", kill_on_drop: false }`
[INFO] running `Command { std: "docker" "rm" "-f" "b290e0f339bdc36038784e51774cc0ce7f7a8314b7080a68c5b6dc8a0e644dd7", kill_on_drop: false }`
[INFO] [stdout] b290e0f339bdc36038784e51774cc0ce7f7a8314b7080a68c5b6dc8a0e644dd7
