[INFO] fetching crate caff 0.1.2...
[INFO] checking caff-0.1.2 against 1.55.0 for beta-1.56-3
[INFO] extracting crate caff 0.1.2 into /workspace/builds/worker-0/source
[INFO] validating manifest of crates.io crate caff 0.1.2 on toolchain 1.55.0
[INFO] running `Command { std: "/workspace/cargo-home/bin/cargo" "+1.55.0" "metadata" "--manifest-path" "Cargo.toml" "--no-deps", kill_on_drop: false }`
[INFO] started tweaking crates.io crate caff 0.1.2
[INFO] finished tweaking crates.io crate caff 0.1.2
[INFO] tweaked toml for crates.io crate caff 0.1.2 written to /workspace/builds/worker-0/source/Cargo.toml
[INFO] crate crates.io crate caff 0.1.2 already has a lockfile, it will not be regenerated
[INFO] running `Command { std: "/workspace/cargo-home/bin/cargo" "+1.55.0" "fetch" "--manifest-path" "Cargo.toml", kill_on_drop: false }`
[INFO] running `Command { std: "docker" "create" "-v" "/var/lib/crater-agent-workspace/builds/worker-0/target:/opt/rustwide/target:rw,Z" "-v" "/var/lib/crater-agent-workspace/builds/worker-0/source:/opt/rustwide/workdir:ro,Z" "-v" "/var/lib/crater-agent-workspace/cargo-home:/opt/rustwide/cargo-home:ro,Z" "-v" "/var/lib/crater-agent-workspace/rustup-home:/opt/rustwide/rustup-home:ro,Z" "-e" "SOURCE_DIR=/opt/rustwide/workdir" "-e" "CARGO_TARGET_DIR=/opt/rustwide/target" "-e" "CARGO_HOME=/opt/rustwide/cargo-home" "-e" "RUSTUP_HOME=/opt/rustwide/rustup-home" "-w" "/opt/rustwide/workdir" "-m" "1610612736" "--user" "0:0" "--network" "none" "ghcr.io/rust-lang/crates-build-env/linux@sha256:a89201d6b5b9fd45c15d5952ece0a0129e7e80cb26ec023fd59cf09bc26f1604" "/opt/rustwide/cargo-home/bin/cargo" "+1.55.0" "metadata" "--no-deps" "--format-version=1", kill_on_drop: false }`
[INFO] [stdout] e9bcb73bfae6857922d6d23861961ed13d5be4c43858a90ef83e1238adca95c9
[INFO] [stderr] WARNING: Your kernel does not support swap limit capabilities or the cgroup is not mounted. Memory limited without swap.
[INFO] running `Command { std: "docker" "start" "-a" "e9bcb73bfae6857922d6d23861961ed13d5be4c43858a90ef83e1238adca95c9", kill_on_drop: false }`
[INFO] running `Command { std: "docker" "inspect" "e9bcb73bfae6857922d6d23861961ed13d5be4c43858a90ef83e1238adca95c9", kill_on_drop: false }`
[INFO] running `Command { std: "docker" "rm" "-f" "e9bcb73bfae6857922d6d23861961ed13d5be4c43858a90ef83e1238adca95c9", kill_on_drop: false }`
[INFO] [stdout] e9bcb73bfae6857922d6d23861961ed13d5be4c43858a90ef83e1238adca95c9
[INFO] running `Command { std: "docker" "create" "-v" "/var/lib/crater-agent-workspace/builds/worker-0/target:/opt/rustwide/target:rw,Z" "-v" "/var/lib/crater-agent-workspace/builds/worker-0/source:/opt/rustwide/workdir:ro,Z" "-v" "/var/lib/crater-agent-workspace/cargo-home:/opt/rustwide/cargo-home:ro,Z" "-v" "/var/lib/crater-agent-workspace/rustup-home:/opt/rustwide/rustup-home:ro,Z" "-e" "SOURCE_DIR=/opt/rustwide/workdir" "-e" "CARGO_TARGET_DIR=/opt/rustwide/target" "-e" "CARGO_INCREMENTAL=0" "-e" "RUST_BACKTRACE=full" "-e" "RUSTFLAGS=--cap-lints=warn" "-e" "CARGO_HOME=/opt/rustwide/cargo-home" "-e" "RUSTUP_HOME=/opt/rustwide/rustup-home" "-w" "/opt/rustwide/workdir" "-m" "1610612736" "--user" "0:0" "--network" "none" "ghcr.io/rust-lang/crates-build-env/linux@sha256:a89201d6b5b9fd45c15d5952ece0a0129e7e80cb26ec023fd59cf09bc26f1604" "/opt/rustwide/cargo-home/bin/cargo" "+1.55.0" "check" "--frozen" "--all" "--all-targets" "--message-format=json", kill_on_drop: false }`
[INFO] [stdout] a37b9c184ef217470695f696bc59d3888d907d88972be80817adefa89b8fdace
[INFO] [stderr] WARNING: Your kernel does not support swap limit capabilities or the cgroup is not mounted. Memory limited without swap.
[INFO] running `Command { std: "docker" "start" "-a" "a37b9c184ef217470695f696bc59d3888d907d88972be80817adefa89b8fdace", kill_on_drop: false }`
[INFO] [stderr]    Compiling winapi v0.3.9
[INFO] [stderr]     Checking caff v0.1.2 (/opt/rustwide/workdir)
[INFO] [stdout] error[E0433]: failed to resolve: could not find `um` in `winapi`
[INFO] [stdout]   --> src/main.rs:25:13
[INFO] [stdout]    |
[INFO] [stdout] 25 | use winapi::um::winuser::SendInput;
[INFO] [stdout]    |             ^^ could not find `um` in `winapi`
[INFO] [stdout] 
[INFO] [stdout] 
[INFO] [stdout] error[E0433]: failed to resolve: could not find `um` in `winapi`
[INFO] [stdout]   --> src/main.rs:26:13
[INFO] [stdout]    |
[INFO] [stdout] 26 | use winapi::um::winuser::{INPUT, INPUT_KEYBOARD, KEYBDINPUT, KEYEVENTF_KEYUP, VK_F24};
[INFO] [stdout]    |             ^^ could not find `um` in `winapi`
[INFO] [stdout] 
[INFO] [stdout] 
[INFO] [stdout] error[E0432]: unresolved import `winapi::ctypes`
[INFO] [stdout]   --> src/main.rs:27:13
[INFO] [stdout]    |
[INFO] [stdout] 27 | use winapi::ctypes::{c_int, c_uint};
[INFO] [stdout]    |             ^^^^^^ could not find `ctypes` in `winapi`
[INFO] [stdout] 
[INFO] [stdout] 
[INFO] [stdout] error[E0433]: failed to resolve: could not find `um` in `winapi`
[INFO] [stdout]   --> src/main.rs:25:13
[INFO] [stdout]    |
[INFO] [stdout] 25 | use winapi::um::winuser::SendInput;
[INFO] [stdout]    |             ^^ could not find `um` in `winapi`
[INFO] [stdout] 
[INFO] [stdout] 
[INFO] [stdout] error[E0433]: failed to resolve: could not find `um` in `winapi`
[INFO] [stdout]   --> src/main.rs:26:13
[INFO] [stdout]    |
[INFO] [stdout] 26 | use winapi::um::winuser::{INPUT, INPUT_KEYBOARD, KEYBDINPUT, KEYEVENTF_KEYUP, VK_F24};
[INFO] [stdout]    |             ^^ could not find `um` in `winapi`
[INFO] [stdout] 
[INFO] [stdout] 
[INFO] [stdout] error[E0432]: unresolved import `winapi::ctypes`
[INFO] [stdout]   --> src/main.rs:27:13
[INFO] [stdout]    |
[INFO] [stdout] 27 | use winapi::ctypes::{c_int, c_uint};
[INFO] [stdout]    |             ^^^^^^ could not find `ctypes` in `winapi`
[INFO] [stdout] 
[INFO] [stdout] 
[INFO] [stdout] error[E0412]: cannot find type `KEYBDINPUT` in this scope
[INFO] [stdout]   --> src/main.rs:39:9
[INFO] [stdout]    |
[INFO] [stdout] 39 |     ki: KEYBDINPUT
[INFO] [stdout]    |         ^^^^^^^^^^ not found in this scope
[INFO] [stdout] 
[INFO] [stdout] 
[INFO] [stdout] error[E0422]: cannot find struct, variant or union type `INPUT` in this scope
[INFO] [stdout]   --> src/main.rs:47:13
[INFO] [stdout]    |
[INFO] [stdout] 47 |             INPUT {
[INFO] [stdout]    |             ^^^^^ not found in this scope
[INFO] [stdout] 
[INFO] [stdout] 
[INFO] [stdout] error[E0425]: cannot find value `INPUT_KEYBOARD` in this scope
[INFO] [stdout]   --> src/main.rs:48:24
[INFO] [stdout]    |
[INFO] [stdout] 48 |                 type_: INPUT_KEYBOARD,
[INFO] [stdout]    |                        ^^^^^^^^^^^^^^ not found in this scope
[INFO] [stdout] 
[INFO] [stdout] 
[INFO] [stdout] error[E0422]: cannot find struct, variant or union type `KEYBDINPUT` in this scope
[INFO] [stdout]   --> src/main.rs:50:47
[INFO] [stdout]    |
[INFO] [stdout] 50 |                 u: core::mem::transmute_copy(&KEYBDINPUT {
[INFO] [stdout]    |                                               ^^^^^^^^^^ not found in this scope
[INFO] [stdout] 
[INFO] [stdout] 
[INFO] [stdout] error[E0425]: cannot find value `VK_F24` in this scope
[INFO] [stdout]   --> src/main.rs:51:26
[INFO] [stdout]    |
[INFO] [stdout] 51 |                     wVk: VK_F24 as u16,
[INFO] [stdout]    |                          ^^^^^^ not found in this scope
[INFO] [stdout] 
[INFO] [stdout] 
[INFO] [stdout] error[E0422]: cannot find struct, variant or union type `INPUT` in this scope
[INFO] [stdout]   --> src/main.rs:55:13
[INFO] [stdout]    |
[INFO] [stdout] 55 |             INPUT {
[INFO] [stdout]    |             ^^^^^ not found in this scope
[INFO] [stdout] 
[INFO] [stdout] 
[INFO] [stdout] error[E0425]: cannot find value `INPUT_KEYBOARD` in this scope
[INFO] [stdout]   --> src/main.rs:56:24
[INFO] [stdout]    |
[INFO] [stdout] 56 |                 type_: INPUT_KEYBOARD,
[INFO] [stdout]    |                        ^^^^^^^^^^^^^^ not found in this scope
[INFO] [stdout] 
[INFO] [stdout] 
[INFO] [stdout] error[E0422]: cannot find struct, variant or union type `KEYBDINPUT` in this scope
[INFO] [stdout]   --> src/main.rs:57:47
[INFO] [stdout]    |
[INFO] [stdout] 57 |                 u: core::mem::transmute_copy(&KEYBDINPUT {
[INFO] [stdout]    |                                               ^^^^^^^^^^ not found in this scope
[INFO] [stdout] 
[INFO] [stdout] 
[INFO] [stdout] error[E0425]: cannot find value `VK_F24` in this scope
[INFO] [stdout]   --> src/main.rs:58:26
[INFO] [stdout]    |
[INFO] [stdout] 58 |                     wVk: VK_F24 as u16,
[INFO] [stdout]    |                          ^^^^^^ not found in this scope
[INFO] [stdout] 
[INFO] [stdout] 
[INFO] [stdout] error[E0425]: cannot find value `KEYEVENTF_KEYUP` in this scope
[INFO] [stdout]   --> src/main.rs:59:30
[INFO] [stdout]    |
[INFO] [stdout] 59 |                     dwFlags: KEYEVENTF_KEYUP,
[INFO] [stdout]    |                              ^^^^^^^^^^^^^^^ not found in this scope
[INFO] [stdout] 
[INFO] [stdout] 
[INFO] [stdout] error[E0425]: cannot find function, tuple struct or tuple variant `SendInput` in this scope
[INFO] [stdout]   --> src/main.rs:66:44
[INFO] [stdout]    |
[INFO] [stdout] 66 |         assert_eq!(inputs.len() as c_uint, SendInput(inputs.len() as c_uint, inputs.as_mut_ptr(), core::mem::size_of::<INPUT>() as c_int));
[INFO] [stdout]    |                                            ^^^^^^^^^ not found in this scope
[INFO] [stdout] 
[INFO] [stdout] 
[INFO] [stdout] error[E0412]: cannot find type `INPUT` in this scope
[INFO] [stdout]   --> src/main.rs:66:120
[INFO] [stdout]    |
[INFO] [stdout] 44 | pub fn press_f24() {
[INFO] [stdout]    |                 - help: you might be missing a type parameter: `<INPUT>`
[INFO] [stdout] ...
[INFO] [stdout] 66 |         assert_eq!(inputs.len() as c_uint, SendInput(inputs.len() as c_uint, inputs.as_mut_ptr(), core::mem::size_of::<INPUT>() as c_int));
[INFO] [stdout]    |                                                                                                                        ^^^^^ not found in this scope
[INFO] [stdout] 
[INFO] [stdout] 
[INFO] [stdout] error: aborting due to 15 previous errors
[INFO] [stdout] 
[INFO] [stdout] 
[INFO] [stdout] Some errors have detailed explanations: E0412, E0422, E0425, E0432, E0433.
[INFO] [stdout] 
[INFO] [stdout] For more information about an error, try `rustc --explain E0412`.
[INFO] [stdout] 
[INFO] [stdout] error[E0412]: cannot find type `KEYBDINPUT` in this scope
[INFO] [stdout]   --> src/main.rs:39:9
[INFO] [stdout]    |
[INFO] [stdout] 39 |     ki: KEYBDINPUT
[INFO] [stdout]    |         ^^^^^^^^^^ not found in this scope
[INFO] [stdout] 
[INFO] [stdout] 
[INFO] [stderr] error: could not compile `caff` due to 16 previous errors
[INFO] [stderr] warning: build failed, waiting for other jobs to finish...
[INFO] [stdout] error[E0422]: cannot find struct, variant or union type `INPUT` in this scope
[INFO] [stdout]   --> src/main.rs:47:13
[INFO] [stdout]    |
[INFO] [stdout] 47 |             INPUT {
[INFO] [stdout]    |             ^^^^^ not found in this scope
[INFO] [stdout] 
[INFO] [stdout] 
[INFO] [stdout] error[E0425]: cannot find value `INPUT_KEYBOARD` in this scope
[INFO] [stdout]   --> src/main.rs:48:24
[INFO] [stdout]    |
[INFO] [stdout] 48 |                 type_: INPUT_KEYBOARD,
[INFO] [stdout]    |                        ^^^^^^^^^^^^^^ not found in this scope
[INFO] [stdout] 
[INFO] [stdout] 
[INFO] [stdout] error[E0422]: cannot find struct, variant or union type `KEYBDINPUT` in this scope
[INFO] [stdout]   --> src/main.rs:50:47
[INFO] [stdout]    |
[INFO] [stdout] 50 |                 u: core::mem::transmute_copy(&KEYBDINPUT {
[INFO] [stdout]    |                                               ^^^^^^^^^^ not found in this scope
[INFO] [stdout] 
[INFO] [stdout] 
[INFO] [stdout] error[E0425]: cannot find value `VK_F24` in this scope
[INFO] [stdout]   --> src/main.rs:51:26
[INFO] [stdout]    |
[INFO] [stdout] 51 |                     wVk: VK_F24 as u16,
[INFO] [stdout]    |                          ^^^^^^ not found in this scope
[INFO] [stdout] 
[INFO] [stdout] 
[INFO] [stdout] error[E0422]: cannot find struct, variant or union type `INPUT` in this scope
[INFO] [stdout]   --> src/main.rs:55:13
[INFO] [stdout]    |
[INFO] [stdout] 55 |             INPUT {
[INFO] [stdout]    |             ^^^^^ not found in this scope
[INFO] [stdout] 
[INFO] [stdout] 
[INFO] [stdout] error[E0425]: cannot find value `INPUT_KEYBOARD` in this scope
[INFO] [stdout]   --> src/main.rs:56:24
[INFO] [stdout]    |
[INFO] [stdout] 56 |                 type_: INPUT_KEYBOARD,
[INFO] [stdout]    |                        ^^^^^^^^^^^^^^ not found in this scope
[INFO] [stdout] 
[INFO] [stdout] 
[INFO] [stdout] error[E0422]: cannot find struct, variant or union type `KEYBDINPUT` in this scope
[INFO] [stdout]   --> src/main.rs:57:47
[INFO] [stdout]    |
[INFO] [stdout] 57 |                 u: core::mem::transmute_copy(&KEYBDINPUT {
[INFO] [stdout]    |                                               ^^^^^^^^^^ not found in this scope
[INFO] [stdout] 
[INFO] [stdout] 
[INFO] [stdout] error[E0425]: cannot find value `VK_F24` in this scope
[INFO] [stdout]   --> src/main.rs:58:26
[INFO] [stdout]    |
[INFO] [stdout] 58 |                     wVk: VK_F24 as u16,
[INFO] [stdout]    |                          ^^^^^^ not found in this scope
[INFO] [stdout] 
[INFO] [stdout] 
[INFO] [stdout] error[E0425]: cannot find value `KEYEVENTF_KEYUP` in this scope
[INFO] [stdout]   --> src/main.rs:59:30
[INFO] [stdout]    |
[INFO] [stdout] 59 |                     dwFlags: KEYEVENTF_KEYUP,
[INFO] [stdout]    |                              ^^^^^^^^^^^^^^^ not found in this scope
[INFO] [stdout] 
[INFO] [stdout] 
[INFO] [stdout] error[E0425]: cannot find function, tuple struct or tuple variant `SendInput` in this scope
[INFO] [stdout]   --> src/main.rs:66:44
[INFO] [stdout]    |
[INFO] [stdout] 66 |         assert_eq!(inputs.len() as c_uint, SendInput(inputs.len() as c_uint, inputs.as_mut_ptr(), core::mem::size_of::<INPUT>() as c_int));
[INFO] [stdout]    |                                            ^^^^^^^^^ not found in this scope
[INFO] [stdout] 
[INFO] [stdout] 
[INFO] [stdout] error[E0412]: cannot find type `INPUT` in this scope
[INFO] [stdout]   --> src/main.rs:66:120
[INFO] [stdout]    |
[INFO] [stdout] 44 | pub fn press_f24() {
[INFO] [stdout]    |                 - help: you might be missing a type parameter: `<INPUT>`
[INFO] [stdout] ...
[INFO] [stdout] 66 |         assert_eq!(inputs.len() as c_uint, SendInput(inputs.len() as c_uint, inputs.as_mut_ptr(), core::mem::size_of::<INPUT>() as c_int));
[INFO] [stdout]    |                                                                                                                        ^^^^^ not found in this scope
[INFO] [stdout] 
[INFO] [stdout] 
[INFO] [stdout] error: aborting due to 15 previous errors
[INFO] [stdout] 
[INFO] [stdout] 
[INFO] [stdout] Some errors have detailed explanations: E0412, E0422, E0425, E0432, E0433.
[INFO] [stdout] 
[INFO] [stdout] For more information about an error, try `rustc --explain E0412`.
[INFO] [stdout] 
[INFO] [stderr] error: build failed
[INFO] running `Command { std: "docker" "inspect" "a37b9c184ef217470695f696bc59d3888d907d88972be80817adefa89b8fdace", kill_on_drop: false }`
[INFO] running `Command { std: "docker" "rm" "-f" "a37b9c184ef217470695f696bc59d3888d907d88972be80817adefa89b8fdace", kill_on_drop: false }`
[INFO] [stdout] a37b9c184ef217470695f696bc59d3888d907d88972be80817adefa89b8fdace
