[INFO] fetching crate bytestring 1.0.0...
[INFO] checking bytestring-1.0.0 against 1.55.0 for beta-1.56-3
[INFO] extracting crate bytestring 1.0.0 into /workspace/builds/worker-5/source
[INFO] validating manifest of crates.io crate bytestring 1.0.0 on toolchain 1.55.0
[INFO] running `Command { std: "/workspace/cargo-home/bin/cargo" "+1.55.0" "metadata" "--manifest-path" "Cargo.toml" "--no-deps", kill_on_drop: false }`
[INFO] started tweaking crates.io crate bytestring 1.0.0
[INFO] finished tweaking crates.io crate bytestring 1.0.0
[INFO] tweaked toml for crates.io crate bytestring 1.0.0 written to /workspace/builds/worker-5/source/Cargo.toml
[INFO] running `Command { std: "/workspace/cargo-home/bin/cargo" "+1.55.0" "generate-lockfile" "--manifest-path" "Cargo.toml" "-Zno-index-update", kill_on_drop: false }`
[INFO] running `Command { std: "/workspace/cargo-home/bin/cargo" "+1.55.0" "fetch" "--manifest-path" "Cargo.toml", kill_on_drop: false }`
[INFO] running `Command { std: "docker" "create" "-v" "/var/lib/crater-agent-workspace/builds/worker-5/target:/opt/rustwide/target:rw,Z" "-v" "/var/lib/crater-agent-workspace/builds/worker-5/source:/opt/rustwide/workdir:ro,Z" "-v" "/var/lib/crater-agent-workspace/cargo-home:/opt/rustwide/cargo-home:ro,Z" "-v" "/var/lib/crater-agent-workspace/rustup-home:/opt/rustwide/rustup-home:ro,Z" "-e" "SOURCE_DIR=/opt/rustwide/workdir" "-e" "CARGO_TARGET_DIR=/opt/rustwide/target" "-e" "CARGO_HOME=/opt/rustwide/cargo-home" "-e" "RUSTUP_HOME=/opt/rustwide/rustup-home" "-w" "/opt/rustwide/workdir" "-m" "1610612736" "--user" "0:0" "--network" "none" "ghcr.io/rust-lang/crates-build-env/linux@sha256:a89201d6b5b9fd45c15d5952ece0a0129e7e80cb26ec023fd59cf09bc26f1604" "/opt/rustwide/cargo-home/bin/cargo" "+1.55.0" "metadata" "--no-deps" "--format-version=1", kill_on_drop: false }`
[INFO] [stdout] f87e32649dd711729d7057eb18f9ad63781ece8c9e57ab60697220a5b3d9797a
[INFO] [stderr] WARNING: Your kernel does not support swap limit capabilities or the cgroup is not mounted. Memory limited without swap.
[INFO] running `Command { std: "docker" "start" "-a" "f87e32649dd711729d7057eb18f9ad63781ece8c9e57ab60697220a5b3d9797a", kill_on_drop: false }`
[INFO] running `Command { std: "docker" "inspect" "f87e32649dd711729d7057eb18f9ad63781ece8c9e57ab60697220a5b3d9797a", kill_on_drop: false }`
[INFO] running `Command { std: "docker" "rm" "-f" "f87e32649dd711729d7057eb18f9ad63781ece8c9e57ab60697220a5b3d9797a", kill_on_drop: false }`
[INFO] [stdout] f87e32649dd711729d7057eb18f9ad63781ece8c9e57ab60697220a5b3d9797a
[INFO] running `Command { std: "docker" "create" "-v" "/var/lib/crater-agent-workspace/builds/worker-5/target:/opt/rustwide/target:rw,Z" "-v" "/var/lib/crater-agent-workspace/builds/worker-5/source:/opt/rustwide/workdir:ro,Z" "-v" "/var/lib/crater-agent-workspace/cargo-home:/opt/rustwide/cargo-home:ro,Z" "-v" "/var/lib/crater-agent-workspace/rustup-home:/opt/rustwide/rustup-home:ro,Z" "-e" "SOURCE_DIR=/opt/rustwide/workdir" "-e" "CARGO_TARGET_DIR=/opt/rustwide/target" "-e" "CARGO_INCREMENTAL=0" "-e" "RUST_BACKTRACE=full" "-e" "RUSTFLAGS=--cap-lints=warn" "-e" "CARGO_HOME=/opt/rustwide/cargo-home" "-e" "RUSTUP_HOME=/opt/rustwide/rustup-home" "-w" "/opt/rustwide/workdir" "-m" "1610612736" "--user" "0:0" "--network" "none" "ghcr.io/rust-lang/crates-build-env/linux@sha256:a89201d6b5b9fd45c15d5952ece0a0129e7e80cb26ec023fd59cf09bc26f1604" "/opt/rustwide/cargo-home/bin/cargo" "+1.55.0" "check" "--frozen" "--all" "--all-targets" "--message-format=json", kill_on_drop: false }`
[INFO] [stderr] WARNING: Your kernel does not support swap limit capabilities or the cgroup is not mounted. Memory limited without swap.
[INFO] [stdout] 0e875ac8bd450e5fb604705fb7d911d15f30447606ff51285d3d9943172d0a0a
[INFO] running `Command { std: "docker" "start" "-a" "0e875ac8bd450e5fb604705fb7d911d15f30447606ff51285d3d9943172d0a0a", kill_on_drop: false }`
[INFO] [stderr]     Checking bytestring v1.0.0 (/opt/rustwide/workdir)
[INFO] [stdout] error[E0433]: failed to resolve: use of undeclared crate or module `siphasher`
[INFO] [stdout]    --> src/lib.rs:227:9
[INFO] [stdout]     |
[INFO] [stdout] 227 |     use siphasher::sip::SipHasher;
[INFO] [stdout]     |         ^^^^^^^^^ use of undeclared crate or module `siphasher`
[INFO] [stdout] 
[INFO] [stdout] 
[INFO] [stdout] error[E0433]: failed to resolve: use of undeclared type `SipHasher`
[INFO] [stdout]    --> src/lib.rs:246:27
[INFO] [stdout]     |
[INFO] [stdout] 246 |           let mut hasher1 = SipHasher::default();
[INFO] [stdout]     |                             ^^^^^^^^^
[INFO] [stdout]     |
[INFO] [stdout] help: a trait with a similar name exists
[INFO] [stdout]     |
[INFO] [stdout] 246 |         let mut hasher1 = Hasher::default();
[INFO] [stdout]     |                           ^^^^^^
[INFO] [stdout] help: consider importing one of these items
[INFO] [stdout]     |
[INFO] [stdout] 224 |     use core::hash::SipHasher;
[INFO] [stdout]     |
[INFO] [stdout] 224 |     use crate::hash::SipHasher;
[INFO] [stdout]     |
[INFO] [stdout] 
[INFO] [stdout] 
[INFO] [stdout] error[E0433]: failed to resolve: use of undeclared type `SipHasher`
[INFO] [stdout]    --> src/lib.rs:249:27
[INFO] [stdout]     |
[INFO] [stdout] 249 |           let mut hasher2 = SipHasher::default();
[INFO] [stdout]     |                             ^^^^^^^^^
[INFO] [stdout]     |
[INFO] [stdout] help: a trait with a similar name exists
[INFO] [stdout]     |
[INFO] [stdout] 249 |         let mut hasher2 = Hasher::default();
[INFO] [stdout]     |                           ^^^^^^
[INFO] [stdout] help: consider importing one of these items
[INFO] [stdout]     |
[INFO] [stdout] 224 |     use core::hash::SipHasher;
[INFO] [stdout]     |
[INFO] [stdout] 224 |     use crate::hash::SipHasher;
[INFO] [stdout]     |
[INFO] [stdout] 
[INFO] [stdout] 
[INFO] [stdout] warning: unused import: `Hasher`
[INFO] [stdout]    --> src/lib.rs:225:28
[INFO] [stdout]     |
[INFO] [stdout] 225 |     use core::hash::{Hash, Hasher};
[INFO] [stdout]     |                            ^^^^^^
[INFO] [stdout]     |
[INFO] [stdout]     = note: `#[warn(unused_imports)]` on by default
[INFO] [stdout] 
[INFO] [stdout] 
[INFO] [stdout] error: aborting due to 3 previous errors; 1 warning emitted
[INFO] [stdout] 
[INFO] [stdout] 
[INFO] [stdout] For more information about this error, try `rustc --explain E0433`.
[INFO] [stdout] 
[INFO] [stderr] error: could not compile `bytestring` due to 4 previous errors; 1 warning emitted
[INFO] [stderr] warning: build failed, waiting for other jobs to finish...
[INFO] [stderr] error: build failed
[INFO] running `Command { std: "docker" "inspect" "0e875ac8bd450e5fb604705fb7d911d15f30447606ff51285d3d9943172d0a0a", kill_on_drop: false }`
[INFO] running `Command { std: "docker" "rm" "-f" "0e875ac8bd450e5fb604705fb7d911d15f30447606ff51285d3d9943172d0a0a", kill_on_drop: false }`
[INFO] [stdout] 0e875ac8bd450e5fb604705fb7d911d15f30447606ff51285d3d9943172d0a0a
