[INFO] fetching crate byteorder-sgx 0.0.1...
[INFO] checking byteorder-sgx-0.0.1 against beta-2021-10-15 for beta-1.56-3
[INFO] extracting crate byteorder-sgx 0.0.1 into /workspace/builds/worker-10/source
[INFO] validating manifest of crates.io crate byteorder-sgx 0.0.1 on toolchain beta-2021-10-15
[INFO] running `Command { std: "/workspace/cargo-home/bin/cargo" "+beta-2021-10-15" "metadata" "--manifest-path" "Cargo.toml" "--no-deps", kill_on_drop: false }`
[INFO] started tweaking crates.io crate byteorder-sgx 0.0.1
[INFO] finished tweaking crates.io crate byteorder-sgx 0.0.1
[INFO] tweaked toml for crates.io crate byteorder-sgx 0.0.1 written to /workspace/builds/worker-10/source/Cargo.toml
[INFO] running `Command { std: "/workspace/cargo-home/bin/cargo" "+beta-2021-10-15" "generate-lockfile" "--manifest-path" "Cargo.toml" "-Zno-index-update", kill_on_drop: false }`
[INFO] [stderr]     Blocking waiting for file lock on package cache
[INFO] running `Command { std: "/workspace/cargo-home/bin/cargo" "+beta-2021-10-15" "fetch" "--manifest-path" "Cargo.toml", kill_on_drop: false }`
[INFO] [stderr]     Blocking waiting for file lock on package cache
[INFO] running `Command { std: "docker" "create" "-v" "/var/lib/crater-agent-workspace/builds/worker-10/target:/opt/rustwide/target:rw,Z" "-v" "/var/lib/crater-agent-workspace/builds/worker-10/source:/opt/rustwide/workdir:ro,Z" "-v" "/var/lib/crater-agent-workspace/cargo-home:/opt/rustwide/cargo-home:ro,Z" "-v" "/var/lib/crater-agent-workspace/rustup-home:/opt/rustwide/rustup-home:ro,Z" "-e" "SOURCE_DIR=/opt/rustwide/workdir" "-e" "CARGO_TARGET_DIR=/opt/rustwide/target" "-e" "CARGO_HOME=/opt/rustwide/cargo-home" "-e" "RUSTUP_HOME=/opt/rustwide/rustup-home" "-w" "/opt/rustwide/workdir" "-m" "1610612736" "--user" "0:0" "--network" "none" "ghcr.io/rust-lang/crates-build-env/linux@sha256:a89201d6b5b9fd45c15d5952ece0a0129e7e80cb26ec023fd59cf09bc26f1604" "/opt/rustwide/cargo-home/bin/cargo" "+beta-2021-10-15" "metadata" "--no-deps" "--format-version=1", kill_on_drop: false }`
[INFO] [stdout] 45ad2507f1214c8157a0c6edb404da09f50b9b6b2de90bce105c917490e79edc
[INFO] [stderr] WARNING: Your kernel does not support swap limit capabilities or the cgroup is not mounted. Memory limited without swap.
[INFO] running `Command { std: "docker" "start" "-a" "45ad2507f1214c8157a0c6edb404da09f50b9b6b2de90bce105c917490e79edc", kill_on_drop: false }`
[INFO] running `Command { std: "docker" "inspect" "45ad2507f1214c8157a0c6edb404da09f50b9b6b2de90bce105c917490e79edc", kill_on_drop: false }`
[INFO] running `Command { std: "docker" "rm" "-f" "45ad2507f1214c8157a0c6edb404da09f50b9b6b2de90bce105c917490e79edc", kill_on_drop: false }`
[INFO] [stdout] 45ad2507f1214c8157a0c6edb404da09f50b9b6b2de90bce105c917490e79edc
[INFO] running `Command { std: "docker" "create" "-v" "/var/lib/crater-agent-workspace/builds/worker-10/target:/opt/rustwide/target:rw,Z" "-v" "/var/lib/crater-agent-workspace/builds/worker-10/source:/opt/rustwide/workdir:ro,Z" "-v" "/var/lib/crater-agent-workspace/cargo-home:/opt/rustwide/cargo-home:ro,Z" "-v" "/var/lib/crater-agent-workspace/rustup-home:/opt/rustwide/rustup-home:ro,Z" "-e" "SOURCE_DIR=/opt/rustwide/workdir" "-e" "CARGO_TARGET_DIR=/opt/rustwide/target" "-e" "CARGO_INCREMENTAL=0" "-e" "RUST_BACKTRACE=full" "-e" "RUSTFLAGS=--cap-lints=warn" "-e" "CARGO_HOME=/opt/rustwide/cargo-home" "-e" "RUSTUP_HOME=/opt/rustwide/rustup-home" "-w" "/opt/rustwide/workdir" "-m" "1610612736" "--user" "0:0" "--network" "none" "ghcr.io/rust-lang/crates-build-env/linux@sha256:a89201d6b5b9fd45c15d5952ece0a0129e7e80cb26ec023fd59cf09bc26f1604" "/opt/rustwide/cargo-home/bin/cargo" "+beta-2021-10-15" "check" "--frozen" "--all" "--all-targets" "--message-format=json", kill_on_drop: false }`
[INFO] [stdout] 901bf96a0f719b674c83dfdfc9e02f29cca0f98bda06c45abb6aaf15cfe53ed9
[INFO] [stderr] WARNING: Your kernel does not support swap limit capabilities or the cgroup is not mounted. Memory limited without swap.
[INFO] running `Command { std: "docker" "start" "-a" "901bf96a0f719b674c83dfdfc9e02f29cca0f98bda06c45abb6aaf15cfe53ed9", kill_on_drop: false }`
[INFO] [stderr]    Compiling sgx_build_helper v0.1.3
[INFO] [stderr]     Checking sgx_types v1.1.1
[INFO] [stderr]    Compiling sgx_tstd v1.1.1
[INFO] [stderr]    Compiling byteorder-sgx v0.0.1 (/opt/rustwide/workdir)
[INFO] [stderr]     Checking sgx_alloc v1.1.1
[INFO] [stderr]     Checking sgx_demangle v1.1.1
[INFO] [stderr]    Compiling hashbrown_tstd v0.7.1
[INFO] [stderr]     Checking quickcheck v0.8.5
[INFO] [stdout] warning: use of deprecated macro `try`: use the `?` operator instead
[INFO] [stdout]   --> build.rs:65:21
[INFO] [stdout]    |
[INFO] [stdout] 65 |         let major = try!(num.parse::<u32>().map_err(|e| e.to_string()));
[INFO] [stdout]    |                     ^^^
[INFO] [stdout]    |
[INFO] [stdout]    = note: `#[warn(deprecated)]` on by default
[INFO] [stdout] 
[INFO] [stdout] 
[INFO] [stdout] warning: use of deprecated macro `try`: use the `?` operator instead
[INFO] [stdout]   --> build.rs:74:21
[INFO] [stdout]    |
[INFO] [stdout] 74 |         let minor = try!(num.parse::<u32>().map_err(|e| e.to_string()));
[INFO] [stdout]    |                     ^^^
[INFO] [stdout] 
[INFO] [stdout] 
[INFO] [stdout] warning: use of deprecated macro `try`: use the `?` operator instead
[INFO] [stdout]   --> build.rs:83:21
[INFO] [stdout]    |
[INFO] [stdout] 83 |         let patch = try!(num.parse::<u32>().map_err(|e| e.to_string()));
[INFO] [stdout]    |                     ^^^
[INFO] [stdout] 
[INFO] [stdout] 
[INFO] [stdout] error[E0432]: unresolved imports `core::alloc::AllocRef`, `core::alloc::AllocErr`
[INFO] [stdout]   --> /opt/rustwide/cargo-home/registry/src/github.com-1ecc6299db9ec823/sgx_alloc-1.1.1/src/system.rs:25:32
[INFO] [stdout]    |
[INFO] [stdout] 25 | use core::alloc::{GlobalAlloc, AllocRef, AllocErr, Layout};
[INFO] [stdout]    |                                ^^^^^^^^  ^^^^^^^^
[INFO] [stdout]    |                                |         |
[INFO] [stdout]    |                                |         no `AllocErr` in `alloc`
[INFO] [stdout]    |                                |         help: a similar name exists in the module: `AllocError`
[INFO] [stdout]    |                                no `AllocRef` in `alloc`
[INFO] [stdout] 
[INFO] [stdout] 
[INFO] [stdout] error[E0554]: `#![feature]` may not be used on the beta release channel
[INFO] [stdout]   --> /opt/rustwide/cargo-home/registry/src/github.com-1ecc6299db9ec823/sgx_alloc-1.1.1/src/lib.rs:31:1
[INFO] [stdout]    |
[INFO] [stdout] 31 | #![feature(alloc_layout_extra)]
[INFO] [stdout]    | ^^^^^^^^^^^^^^^^^^^^^^^^^^^^^^^
[INFO] [stdout] 
[INFO] [stdout] 
[INFO] [stdout] error[E0554]: `#![feature]` may not be used on the beta release channel
[INFO] [stdout]   --> /opt/rustwide/cargo-home/registry/src/github.com-1ecc6299db9ec823/sgx_alloc-1.1.1/src/lib.rs:32:1
[INFO] [stdout]    |
[INFO] [stdout] 32 | #![feature(ptr_internals)]
[INFO] [stdout]    | ^^^^^^^^^^^^^^^^^^^^^^^^^^
[INFO] [stdout] 
[INFO] [stdout] 
[INFO] [stdout] error[E0554]: `#![feature]` may not be used on the beta release channel
[INFO] [stdout]   --> /opt/rustwide/cargo-home/registry/src/github.com-1ecc6299db9ec823/sgx_alloc-1.1.1/src/lib.rs:33:1
[INFO] [stdout]    |
[INFO] [stdout] 33 | #![feature(dropck_eyepatch)]
[INFO] [stdout]    | ^^^^^^^^^^^^^^^^^^^^^^^^^^^^
[INFO] [stdout] 
[INFO] [stdout] 
[INFO] [stdout] error[E0554]: `#![feature]` may not be used on the beta release channel
[INFO] [stdout]   --> /opt/rustwide/cargo-home/registry/src/github.com-1ecc6299db9ec823/sgx_alloc-1.1.1/src/lib.rs:34:1
[INFO] [stdout]    |
[INFO] [stdout] 34 | #![feature(allocator_api)]
[INFO] [stdout]    | ^^^^^^^^^^^^^^^^^^^^^^^^^^
[INFO] [stdout] 
[INFO] [stdout] 
[INFO] [stdout] error: aborting due to 5 previous errors
[INFO] [stdout] 
[INFO] [stdout] 
[INFO] [stdout] Some errors have detailed explanations: E0432, E0554.
[INFO] [stdout] 
[INFO] [stdout] For more information about an error, try `rustc --explain E0432`.
[INFO] [stdout] 
[INFO] [stderr] error: could not compile `sgx_alloc` due to 6 previous errors
[INFO] [stderr] warning: build failed, waiting for other jobs to finish...
[INFO] [stdout] warning: 3 warnings emitted
[INFO] [stdout] 
[INFO] [stdout] 
[INFO] [stderr] error: build failed
[INFO] running `Command { std: "docker" "inspect" "901bf96a0f719b674c83dfdfc9e02f29cca0f98bda06c45abb6aaf15cfe53ed9", kill_on_drop: false }`
[INFO] running `Command { std: "docker" "rm" "-f" "901bf96a0f719b674c83dfdfc9e02f29cca0f98bda06c45abb6aaf15cfe53ed9", kill_on_drop: false }`
[INFO] [stdout] 901bf96a0f719b674c83dfdfc9e02f29cca0f98bda06c45abb6aaf15cfe53ed9
