[INFO] fetching crate building_blocks_storage 0.7.1...
[INFO] checking building_blocks_storage-0.7.1 against 1.55.0 for beta-1.56-3
[INFO] extracting crate building_blocks_storage 0.7.1 into /workspace/builds/worker-86/source
[INFO] validating manifest of crates.io crate building_blocks_storage 0.7.1 on toolchain 1.55.0
[INFO] running `Command { std: "/workspace/cargo-home/bin/cargo" "+1.55.0" "metadata" "--manifest-path" "Cargo.toml" "--no-deps", kill_on_drop: false }`
[INFO] started tweaking crates.io crate building_blocks_storage 0.7.1
[INFO] finished tweaking crates.io crate building_blocks_storage 0.7.1
[INFO] tweaked toml for crates.io crate building_blocks_storage 0.7.1 written to /workspace/builds/worker-86/source/Cargo.toml
[INFO] running `Command { std: "/workspace/cargo-home/bin/cargo" "+1.55.0" "generate-lockfile" "--manifest-path" "Cargo.toml" "-Zno-index-update", kill_on_drop: false }`
[INFO] [stderr]     Blocking waiting for file lock on package cache
[INFO] running `Command { std: "/workspace/cargo-home/bin/cargo" "+1.55.0" "fetch" "--manifest-path" "Cargo.toml", kill_on_drop: false }`
[INFO] [stderr]     Blocking waiting for file lock on package cache
[INFO] [stderr]     Blocking waiting for file lock on package cache
[INFO] running `Command { std: "docker" "create" "-v" "/var/lib/crater-agent-workspace/builds/worker-86/target:/opt/rustwide/target:rw,Z" "-v" "/var/lib/crater-agent-workspace/builds/worker-86/source:/opt/rustwide/workdir:ro,Z" "-v" "/var/lib/crater-agent-workspace/cargo-home:/opt/rustwide/cargo-home:ro,Z" "-v" "/var/lib/crater-agent-workspace/rustup-home:/opt/rustwide/rustup-home:ro,Z" "-e" "SOURCE_DIR=/opt/rustwide/workdir" "-e" "CARGO_TARGET_DIR=/opt/rustwide/target" "-e" "CARGO_HOME=/opt/rustwide/cargo-home" "-e" "RUSTUP_HOME=/opt/rustwide/rustup-home" "-w" "/opt/rustwide/workdir" "-m" "1610612736" "--user" "0:0" "--network" "none" "ghcr.io/rust-lang/crates-build-env/linux@sha256:a89201d6b5b9fd45c15d5952ece0a0129e7e80cb26ec023fd59cf09bc26f1604" "/opt/rustwide/cargo-home/bin/cargo" "+1.55.0" "metadata" "--no-deps" "--format-version=1", kill_on_drop: false }`
[INFO] [stdout] 12b68d621e29edd3bcb6dad7da5542dd39a5156ec445d08c0dcec532f0ce71df
[INFO] running `Command { std: "docker" "start" "-a" "12b68d621e29edd3bcb6dad7da5542dd39a5156ec445d08c0dcec532f0ce71df", kill_on_drop: false }`
[INFO] running `Command { std: "docker" "inspect" "12b68d621e29edd3bcb6dad7da5542dd39a5156ec445d08c0dcec532f0ce71df", kill_on_drop: false }`
[INFO] running `Command { std: "docker" "rm" "-f" "12b68d621e29edd3bcb6dad7da5542dd39a5156ec445d08c0dcec532f0ce71df", kill_on_drop: false }`
[INFO] [stdout] 12b68d621e29edd3bcb6dad7da5542dd39a5156ec445d08c0dcec532f0ce71df
[INFO] running `Command { std: "docker" "create" "-v" "/var/lib/crater-agent-workspace/builds/worker-86/target:/opt/rustwide/target:rw,Z" "-v" "/var/lib/crater-agent-workspace/builds/worker-86/source:/opt/rustwide/workdir:ro,Z" "-v" "/var/lib/crater-agent-workspace/cargo-home:/opt/rustwide/cargo-home:ro,Z" "-v" "/var/lib/crater-agent-workspace/rustup-home:/opt/rustwide/rustup-home:ro,Z" "-e" "SOURCE_DIR=/opt/rustwide/workdir" "-e" "CARGO_TARGET_DIR=/opt/rustwide/target" "-e" "CARGO_INCREMENTAL=0" "-e" "RUST_BACKTRACE=full" "-e" "RUSTFLAGS=--cap-lints=warn" "-e" "CARGO_HOME=/opt/rustwide/cargo-home" "-e" "RUSTUP_HOME=/opt/rustwide/rustup-home" "-w" "/opt/rustwide/workdir" "-m" "1610612736" "--user" "0:0" "--network" "none" "ghcr.io/rust-lang/crates-build-env/linux@sha256:a89201d6b5b9fd45c15d5952ece0a0129e7e80cb26ec023fd59cf09bc26f1604" "/opt/rustwide/cargo-home/bin/cargo" "+1.55.0" "check" "--frozen" "--all" "--all-targets" "--message-format=json", kill_on_drop: false }`
[INFO] [stdout] f1a9e06d6b54719b59afdadfac5083e0d5afffd4706abb22ac8c86df60fc2dd0
[INFO] running `Command { std: "docker" "start" "-a" "f1a9e06d6b54719b59afdadfac5083e0d5afffd4706abb22ac8c86df60fc2dd0", kill_on_drop: false }`
[INFO] [stderr]     Blocking waiting for file lock on package cache
[INFO] [stderr]     Blocking waiting for file lock on package cache
[INFO] [stderr]    Compiling autocfg v1.0.1
[INFO] [stderr]    Compiling proc-macro2 v1.0.30
[INFO] [stderr]    Compiling unicode-xid v0.2.2
[INFO] [stderr]    Compiling syn v1.0.80
[INFO] [stderr]    Compiling libc v0.2.103
[INFO] [stderr]     Checking cfg-if v1.0.0
[INFO] [stderr]    Compiling serde_derive v1.0.130
[INFO] [stderr]    Compiling serde v1.0.130
[INFO] [stderr]    Compiling version_check v0.9.3
[INFO] [stderr]    Compiling memchr v2.4.1
[INFO] [stderr]     Checking lazy_static v1.4.0
[INFO] [stderr]    Compiling crossbeam-utils v0.8.5
[INFO] [stderr]    Compiling semver v1.0.4
[INFO] [stderr]     Checking either v1.6.1
[INFO] [stderr]    Compiling futures-core v0.3.17
[INFO] [stderr]    Compiling proc-macro-hack v0.5.19
[INFO] [stderr]    Compiling futures-task v0.3.17
[INFO] [stderr]    Compiling futures-channel v0.3.17
[INFO] [stderr]    Compiling ryu v1.0.5
[INFO] [stderr]    Compiling proc-macro-nested v0.1.7
[INFO] [stderr]    Compiling crossbeam-epoch v0.9.5
[INFO] [stderr]     Checking scopeguard v1.1.0
[INFO] [stderr]     Checking futures-sink v0.3.17
[INFO] [stderr]    Compiling rayon-core v1.9.1
[INFO] [stderr]    Compiling serde_json v1.0.68
[INFO] [stderr]     Checking futures-io v0.3.17
[INFO] [stderr]     Checking slab v0.4.5
[INFO] [stderr]     Checking pin-utils v0.1.0
[INFO] [stderr]     Checking itoa v0.4.8
[INFO] [stderr]     Checking pin-project-lite v0.2.7
[INFO] [stderr]     Checking unicode-width v0.1.9
[INFO] [stderr]     Checking plotters-backend v0.3.2
[INFO] [stderr]     Checking regex-automata v0.1.10
[INFO] [stderr]     Checking same-file v1.0.6
[INFO] [stderr]     Checking regex-syntax v0.6.25
[INFO] [stderr]     Checking half v1.8.0
[INFO] [stderr]     Checking bitflags v1.3.2
[INFO] [stderr]     Checking ppv-lite86 v0.2.14
[INFO] [stderr]     Checking once_cell v1.8.0
[INFO] [stderr]     Checking diff v0.1.12
[INFO] [stderr]     Checking oorandom v11.1.3
[INFO] [stderr]     Checking ansi_term v0.12.1
[INFO] [stderr]     Checking itertools v0.10.1
[INFO] [stderr]     Checking itertools v0.9.0
[INFO] [stderr]    Compiling num-traits v0.2.14
[INFO] [stderr]    Compiling num-integer v0.1.44
[INFO] [stderr]    Compiling memoffset v0.6.4
[INFO] [stderr]    Compiling futures-macro v0.3.17
[INFO] [stderr]    Compiling num-iter v0.1.42
[INFO] [stderr]    Compiling num-bigint v0.3.3
[INFO] [stderr]    Compiling futures-util v0.3.17
[INFO] [stderr]    Compiling num-bigint v0.4.2
[INFO] [stderr]    Compiling num-rational v0.3.2
[INFO] [stderr]    Compiling num-rational v0.4.0
[INFO] [stderr]    Compiling rayon v1.5.1
[INFO] [stderr]     Checking textwrap v0.11.0
[INFO] [stderr]     Checking walkdir v2.3.2
[INFO] [stderr]     Checking plotters-svg v0.3.1
[INFO] [stderr]     Checking pretty_assertions v0.7.2
[INFO] [stderr]     Checking clap v2.33.3
[INFO] [stderr]    Compiling proc-macro-error-attr v1.0.4
[INFO] [stderr]    Compiling proc-macro-error v1.0.4
[INFO] [stderr]    Compiling ahash v0.7.6
[INFO] [stderr]     Checking crossbeam-channel v0.5.1
[INFO] [stderr]     Checking csv-core v0.1.10
[INFO] [stderr]    Compiling rustc_version v0.4.0
[INFO] [stderr]    Compiling quote v1.0.10
[INFO] [stderr]    Compiling cast v0.2.7
[INFO] [stderr]     Checking getrandom v0.2.3
[INFO] [stderr]     Checking num_cpus v1.13.0
[INFO] [stderr]     Checking atty v0.2.14
[INFO] [stderr]     Checking regex v1.5.4
[INFO] [stderr]     Checking crossbeam-deque v0.8.1
[INFO] [stderr]     Checking rand_core v0.6.3
[INFO] [stderr]     Checking rand_chacha v0.3.1
[INFO] [stderr]     Checking criterion-plot v0.4.4
[INFO] [stderr]     Checking num-complex v0.3.1
[INFO] [stderr]     Checking num-complex v0.4.0
[INFO] [stderr]     Checking plotters v0.3.1
[INFO] [stderr]     Checking rand v0.8.4
[INFO] [stderr]     Checking num v0.3.1
[INFO] [stderr]     Checking num v0.4.0
[INFO] [stderr]    Compiling auto_impl v0.4.1
[INFO] [stderr]     Checking futures-executor v0.3.17
[INFO] [stderr]     Checking futures v0.3.17
[INFO] [stderr]     Checking bstr v0.2.17
[INFO] [stderr]     Checking bincode v1.3.3
[INFO] [stderr]     Checking serde_cbor v0.11.2
[INFO] [stderr]     Checking building_blocks_core v0.7.1
[INFO] [stderr]     Checking building_blocks_storage v0.7.1 (/opt/rustwide/workdir)
[INFO] [stderr]     Checking csv v1.1.6
[INFO] [stderr]     Checking tinytemplate v1.2.1
[INFO] [stderr]     Checking criterion v0.3.5
[INFO] [stdout] error[E0433]: failed to resolve: use of undeclared crate or module `utilities`
[INFO] [stdout]  --> benches/octree_set.rs:7:5
[INFO] [stdout]   |
[INFO] [stdout] 7 | use utilities::data_sets::sphere_bit_array;
[INFO] [stdout]   |     ^^^^^^^^^ use of undeclared crate or module `utilities`
[INFO] [stdout] 
[INFO] [stdout] 
[INFO] [stdout] error[E0425]: cannot find function `sphere_bit_array` in this scope
[INFO] [stdout]   --> benches/octree_set.rs:20:24
[INFO] [stdout]    |
[INFO] [stdout] 20 |                     || sphere_bit_array(edge_len, Voxel(true), Voxel(false)).0,
[INFO] [stdout]    |                        ^^^^^^^^^^^^^^^^ not found in this scope
[INFO] [stdout] 
[INFO] [stdout] 
[INFO] [stdout] error[E0422]: cannot find struct, variant or union type `Lz4` in this scope
[INFO] [stdout]    --> benches/accessors.rs:135:81
[INFO] [stdout]     |
[INFO] [stdout] 135 |                         FastCompressibleChunkStorageNx1::with_bytes_compression(Lz4 { level: 10 });
[INFO] [stdout]     |                                                                                 ^^^ not found in this scope
[INFO] [stdout] 
[INFO] [stdout] 
[INFO] [stdout] error[E0425]: cannot find function `sphere_bit_array` in this scope
[INFO] [stdout]   --> benches/octree_set.rs:62:35
[INFO] [stdout]    |
[INFO] [stdout] 62 |                         let map = sphere_bit_array(edge_len, Voxel(true), Voxel(false)).0;
[INFO] [stdout]    |                                   ^^^^^^^^^^^^^^^^ not found in this scope
[INFO] [stdout] 
[INFO] [stdout] 
[INFO] [stdout] error[E0425]: cannot find function `sphere_bit_array` in this scope
[INFO] [stdout]   --> benches/octree_set.rs:92:35
[INFO] [stdout]    |
[INFO] [stdout] 92 |                         let map = sphere_bit_array(edge_len, Voxel(true), Voxel(false)).0;
[INFO] [stdout]    |                                   ^^^^^^^^^^^^^^^^ not found in this scope
[INFO] [stdout] 
[INFO] [stdout] 
[INFO] [stdout] warning: unused imports: `BincodeCompression`, `FastArrayCompressionNx1`
[INFO] [stdout]  --> benches/compression.rs:2:43
[INFO] [stdout]   |
[INFO] [stdout] 2 | use building_blocks_storage::{prelude::*, BincodeCompression, FastArrayCompressionNx1};
[INFO] [stdout]   |                                           ^^^^^^^^^^^^^^^^^^  ^^^^^^^^^^^^^^^^^^^^^^^
[INFO] [stdout]   |
[INFO] [stdout]   = note: `#[warn(unused_imports)]` on by default
[INFO] [stdout] 
[INFO] [stdout] 
[INFO] [stdout] warning: unused imports: `BenchmarkId`, `Criterion`, `criterion_group`, `criterion_main`
[INFO] [stdout]  --> benches/compression.rs:4:17
[INFO] [stdout]   |
[INFO] [stdout] 4 | use criterion::{criterion_group, criterion_main, BenchmarkId, Criterion};
[INFO] [stdout]   |                 ^^^^^^^^^^^^^^^  ^^^^^^^^^^^^^^  ^^^^^^^^^^^  ^^^^^^^^^
[INFO] [stdout] 
[INFO] [stdout] 
[INFO] [stdout] error[E0601]: `main` function not found in crate `compression`
[INFO] [stdout]    --> benches/compression.rs:1:1
[INFO] [stdout]     |
[INFO] [stdout] 1   | / use building_blocks_core::prelude::*;
[INFO] [stdout] 2   | | use building_blocks_storage::{prelude::*, BincodeCompression, FastArrayCompressionNx1};
[INFO] [stdout] 3   | |
[INFO] [stdout] 4   | | use criterion::{criterion_group, criterion_main, BenchmarkId, Criterion};
[INFO] [stdout] ...   |
[INFO] [stdout] 106 | |     Array3x1::fill_with(array_extent, |p: Point3i| p.x() % 3 + p.y() % 3 + p.z() % 3)
[INFO] [stdout] 107 | | }
[INFO] [stdout]     | |_^ consider adding a `main` function to `benches/compression.rs`
[INFO] [stdout] 
[INFO] [stdout] 
[INFO] [stdout] error: aborting due to previous error; 2 warnings emitted
[INFO] [stdout] 
[INFO] [stdout] 
[INFO] [stdout] For more information about this error, try `rustc --explain E0601`.
[INFO] [stdout] 
[INFO] [stderr] error: could not compile `building_blocks_storage` due to 2 previous errors; 2 warnings emitted
[INFO] [stderr] warning: build failed, waiting for other jobs to finish...
[INFO] [stdout] error: aborting due to 4 previous errors
[INFO] [stdout] 
[INFO] [stdout] 
[INFO] [stdout] Some errors have detailed explanations: E0425, E0433.
[INFO] [stdout] 
[INFO] [stdout] For more information about an error, try `rustc --explain E0425`.
[INFO] [stdout] 
[INFO] [stdout] error: aborting due to previous error
[INFO] [stdout] 
[INFO] [stdout] 
[INFO] [stdout] For more information about this error, try `rustc --explain E0422`.
[INFO] [stdout] 
[INFO] [stdout] error[E0433]: failed to resolve: use of undeclared crate or module `utilities`
[INFO] [stdout]    --> src/array/compression.rs:120:9
[INFO] [stdout]     |
[INFO] [stdout] 120 |     use utilities::test::test_print;
[INFO] [stdout]     |         ^^^^^^^^^ use of undeclared crate or module `utilities`
[INFO] [stdout] 
[INFO] [stdout] 
[INFO] [stdout] error[E0425]: cannot find function `test_print` in this scope
[INFO] [stdout]    --> src/array/compression.rs:182:9
[INFO] [stdout]     |
[INFO] [stdout] 182 |         test_print(&format!(
[INFO] [stdout]     |         ^^^^^^^^^^ not found in this scope
[INFO] [stdout] 
[INFO] [stdout] 
[INFO] [stdout] warning: unused import: `FromBytesCompression`
[INFO] [stdout]    --> src/array/channels/multichannel.rs:187:17
[INFO] [stdout]     |
[INFO] [stdout] 187 |     use crate::{FromBytesCompression, Get, GetMut, GetRef};
[INFO] [stdout]     |                 ^^^^^^^^^^^^^^^^^^^^
[INFO] [stdout]     |
[INFO] [stdout]     = note: `#[warn(unused_imports)]` on by default
[INFO] [stdout] 
[INFO] [stdout] 
[INFO] [stdout] error: aborting due to 2 previous errors; 1 warning emitted
[INFO] [stdout] 
[INFO] [stdout] 
[INFO] [stdout] Some errors have detailed explanations: E0425, E0433.
[INFO] [stdout] 
[INFO] [stdout] For more information about an error, try `rustc --explain E0425`.
[INFO] [stdout] 
[INFO] [stderr] error: build failed
[INFO] running `Command { std: "docker" "inspect" "f1a9e06d6b54719b59afdadfac5083e0d5afffd4706abb22ac8c86df60fc2dd0", kill_on_drop: false }`
[INFO] running `Command { std: "docker" "rm" "-f" "f1a9e06d6b54719b59afdadfac5083e0d5afffd4706abb22ac8c86df60fc2dd0", kill_on_drop: false }`
[INFO] [stdout] f1a9e06d6b54719b59afdadfac5083e0d5afffd4706abb22ac8c86df60fc2dd0
