[INFO] fetching crate building_blocks_search 0.7.1...
[INFO] checking building_blocks_search-0.7.1 against 1.55.0 for beta-1.56-3
[INFO] extracting crate building_blocks_search 0.7.1 into /workspace/builds/worker-60/source
[INFO] validating manifest of crates.io crate building_blocks_search 0.7.1 on toolchain 1.55.0
[INFO] running `Command { std: "/workspace/cargo-home/bin/cargo" "+1.55.0" "metadata" "--manifest-path" "Cargo.toml" "--no-deps", kill_on_drop: false }`
[INFO] started tweaking crates.io crate building_blocks_search 0.7.1
[INFO] finished tweaking crates.io crate building_blocks_search 0.7.1
[INFO] tweaked toml for crates.io crate building_blocks_search 0.7.1 written to /workspace/builds/worker-60/source/Cargo.toml
[INFO] running `Command { std: "/workspace/cargo-home/bin/cargo" "+1.55.0" "generate-lockfile" "--manifest-path" "Cargo.toml" "-Zno-index-update", kill_on_drop: false }`
[INFO] [stderr]     Blocking waiting for file lock on package cache
[INFO] running `Command { std: "/workspace/cargo-home/bin/cargo" "+1.55.0" "fetch" "--manifest-path" "Cargo.toml", kill_on_drop: false }`
[INFO] [stderr]     Blocking waiting for file lock on package cache
[INFO] [stderr]     Blocking waiting for file lock on package cache
[INFO] [stderr]  Downloading crates ...
[INFO] [stderr]   Downloaded pathfinding v2.2.2
[INFO] running `Command { std: "docker" "create" "-v" "/var/lib/crater-agent-workspace/builds/worker-60/target:/opt/rustwide/target:rw,Z" "-v" "/var/lib/crater-agent-workspace/builds/worker-60/source:/opt/rustwide/workdir:ro,Z" "-v" "/var/lib/crater-agent-workspace/cargo-home:/opt/rustwide/cargo-home:ro,Z" "-v" "/var/lib/crater-agent-workspace/rustup-home:/opt/rustwide/rustup-home:ro,Z" "-e" "SOURCE_DIR=/opt/rustwide/workdir" "-e" "CARGO_TARGET_DIR=/opt/rustwide/target" "-e" "CARGO_HOME=/opt/rustwide/cargo-home" "-e" "RUSTUP_HOME=/opt/rustwide/rustup-home" "-w" "/opt/rustwide/workdir" "-m" "1610612736" "--user" "0:0" "--network" "none" "ghcr.io/rust-lang/crates-build-env/linux@sha256:a89201d6b5b9fd45c15d5952ece0a0129e7e80cb26ec023fd59cf09bc26f1604" "/opt/rustwide/cargo-home/bin/cargo" "+1.55.0" "metadata" "--no-deps" "--format-version=1", kill_on_drop: false }`
[INFO] [stdout] ea43bee54b6b9c2b880901c3d69cebcb7b37a598265c6d95642f38d65bdd2005
[INFO] running `Command { std: "docker" "start" "-a" "ea43bee54b6b9c2b880901c3d69cebcb7b37a598265c6d95642f38d65bdd2005", kill_on_drop: false }`
[INFO] running `Command { std: "docker" "inspect" "ea43bee54b6b9c2b880901c3d69cebcb7b37a598265c6d95642f38d65bdd2005", kill_on_drop: false }`
[INFO] running `Command { std: "docker" "rm" "-f" "ea43bee54b6b9c2b880901c3d69cebcb7b37a598265c6d95642f38d65bdd2005", kill_on_drop: false }`
[INFO] [stdout] ea43bee54b6b9c2b880901c3d69cebcb7b37a598265c6d95642f38d65bdd2005
[INFO] running `Command { std: "docker" "create" "-v" "/var/lib/crater-agent-workspace/builds/worker-60/target:/opt/rustwide/target:rw,Z" "-v" "/var/lib/crater-agent-workspace/builds/worker-60/source:/opt/rustwide/workdir:ro,Z" "-v" "/var/lib/crater-agent-workspace/cargo-home:/opt/rustwide/cargo-home:ro,Z" "-v" "/var/lib/crater-agent-workspace/rustup-home:/opt/rustwide/rustup-home:ro,Z" "-e" "SOURCE_DIR=/opt/rustwide/workdir" "-e" "CARGO_TARGET_DIR=/opt/rustwide/target" "-e" "CARGO_INCREMENTAL=0" "-e" "RUST_BACKTRACE=full" "-e" "RUSTFLAGS=--cap-lints=warn" "-e" "CARGO_HOME=/opt/rustwide/cargo-home" "-e" "RUSTUP_HOME=/opt/rustwide/rustup-home" "-w" "/opt/rustwide/workdir" "-m" "1610612736" "--user" "0:0" "--network" "none" "ghcr.io/rust-lang/crates-build-env/linux@sha256:a89201d6b5b9fd45c15d5952ece0a0129e7e80cb26ec023fd59cf09bc26f1604" "/opt/rustwide/cargo-home/bin/cargo" "+1.55.0" "check" "--frozen" "--all" "--all-targets" "--message-format=json", kill_on_drop: false }`
[INFO] [stdout] c9b44071d60dd1f4251d4c4f0ca5fb25abc46dd8006e7054a4f8a45e23ca40a3
[INFO] running `Command { std: "docker" "start" "-a" "c9b44071d60dd1f4251d4c4f0ca5fb25abc46dd8006e7054a4f8a45e23ca40a3", kill_on_drop: false }`
[INFO] [stderr]     Blocking waiting for file lock on package cache
[INFO] [stderr]    Compiling autocfg v1.0.1
[INFO] [stderr]    Compiling proc-macro2 v1.0.30
[INFO] [stderr]    Compiling unicode-xid v0.2.2
[INFO] [stderr]    Compiling syn v1.0.80
[INFO] [stderr]    Compiling serde_derive v1.0.130
[INFO] [stderr]    Compiling serde v1.0.130
[INFO] [stderr]    Compiling version_check v0.9.3
[INFO] [stderr]    Compiling libc v0.2.103
[INFO] [stderr]     Checking cfg-if v1.0.0
[INFO] [stderr]    Compiling memchr v2.4.1
[INFO] [stderr]     Checking lazy_static v1.4.0
[INFO] [stderr]     Checking either v1.6.1
[INFO] [stderr]    Compiling semver v1.0.4
[INFO] [stderr]    Compiling crossbeam-utils v0.8.5
[INFO] [stderr]    Compiling futures-core v0.3.17
[INFO] [stderr]    Compiling proc-macro-hack v0.5.19
[INFO] [stderr]    Compiling futures-task v0.3.17
[INFO] [stderr]    Compiling proc-macro-nested v0.1.7
[INFO] [stderr]    Compiling futures-channel v0.3.17
[INFO] [stderr]     Checking futures-sink v0.3.17
[INFO] [stderr]    Compiling ryu v1.0.5
[INFO] [stderr]    Compiling crossbeam-epoch v0.9.5
[INFO] [stderr]     Checking futures-io v0.3.17
[INFO] [stderr]    Compiling rayon-core v1.9.1
[INFO] [stderr]     Checking pin-utils v0.1.0
[INFO] [stderr]     Checking pin-project-lite v0.2.7
[INFO] [stderr]     Checking slab v0.4.5
[INFO] [stderr]     Checking scopeguard v1.1.0
[INFO] [stderr]    Compiling serde_json v1.0.68
[INFO] [stderr]     Checking itoa v0.4.8
[INFO] [stderr]     Checking regex-automata v0.1.10
[INFO] [stderr]     Checking plotters-backend v0.3.2
[INFO] [stderr]     Checking once_cell v1.8.0
[INFO] [stderr]     Checking hashbrown v0.11.2
[INFO] [stderr]     Checking unicode-width v0.1.9
[INFO] [stderr]     Checking regex-syntax v0.6.25
[INFO] [stderr]     Checking half v1.8.0
[INFO] [stderr]     Checking rustc-hash v1.1.0
[INFO] [stderr]     Checking same-file v1.0.6
[INFO] [stderr]     Checking fixedbitset v0.4.0
[INFO] [stderr]     Checking bitflags v1.3.2
[INFO] [stderr]     Checking oorandom v11.1.3
[INFO] [stderr]     Checking itertools v0.10.1
[INFO] [stderr]     Checking itertools v0.9.0
[INFO] [stderr]     Checking plotters-svg v0.3.1
[INFO] [stderr]     Checking textwrap v0.11.0
[INFO] [stderr]     Checking walkdir v2.3.2
[INFO] [stderr]     Checking regex v1.5.4
[INFO] [stderr]    Compiling proc-macro-error-attr v1.0.4
[INFO] [stderr]    Compiling proc-macro-error v1.0.4
[INFO] [stderr]    Compiling ahash v0.7.6
[INFO] [stderr]    Compiling num-traits v0.2.14
[INFO] [stderr]    Compiling num-integer v0.1.44
[INFO] [stderr]    Compiling futures-macro v0.3.17
[INFO] [stderr]    Compiling memoffset v0.6.4
[INFO] [stderr]    Compiling num-iter v0.1.42
[INFO] [stderr]    Compiling num-bigint v0.3.3
[INFO] [stderr]    Compiling futures-util v0.3.17
[INFO] [stderr]    Compiling num-bigint v0.4.2
[INFO] [stderr]    Compiling num-rational v0.3.2
[INFO] [stderr]    Compiling num-rational v0.4.0
[INFO] [stderr]    Compiling indexmap v1.7.0
[INFO] [stderr]    Compiling rayon v1.5.1
[INFO] [stderr]     Checking clap v2.33.3
[INFO] [stderr]     Checking crossbeam-channel v0.5.1
[INFO] [stderr]     Checking csv-core v0.1.10
[INFO] [stderr]    Compiling quote v1.0.10
[INFO] [stderr]    Compiling rustc_version v0.4.0
[INFO] [stderr]     Checking num_cpus v1.13.0
[INFO] [stderr]     Checking getrandom v0.2.3
[INFO] [stderr]     Checking atty v0.2.14
[INFO] [stderr]    Compiling cast v0.2.7
[INFO] [stderr]     Checking crossbeam-deque v0.8.1
[INFO] [stderr]     Checking num-complex v0.3.1
[INFO] [stderr]     Checking num-complex v0.4.0
[INFO] [stderr]     Checking integer-sqrt v0.1.5
[INFO] [stderr]     Checking plotters v0.3.1
[INFO] [stderr]     Checking pathfinding v2.2.2
[INFO] [stderr]     Checking criterion-plot v0.4.4
[INFO] [stderr]     Checking num v0.3.1
[INFO] [stderr]     Checking num v0.4.0
[INFO] [stderr]    Compiling auto_impl v0.4.1
[INFO] [stderr]     Checking futures-executor v0.3.17
[INFO] [stderr]     Checking futures v0.3.17
[INFO] [stderr]     Checking bstr v0.2.17
[INFO] [stderr]     Checking building_blocks_core v0.7.1
[INFO] [stderr]     Checking bincode v1.3.3
[INFO] [stderr]     Checking serde_cbor v0.11.2
[INFO] [stderr]     Checking building_blocks_storage v0.7.1
[INFO] [stderr]     Checking csv v1.1.6
[INFO] [stderr]     Checking tinytemplate v1.2.1
[INFO] [stderr]     Checking criterion v0.3.5
[INFO] [stderr]     Checking building_blocks_search v0.7.1 (/opt/rustwide/workdir)
[INFO] [stdout] error[E0433]: failed to resolve: use of undeclared crate or module `utilities`
[INFO] [stdout]  --> benches/find_surface.rs:4:5
[INFO] [stdout]   |
[INFO] [stdout] 4 | use utilities::data_sets::sphere_bit_array;
[INFO] [stdout]   |     ^^^^^^^^^ use of undeclared crate or module `utilities`
[INFO] [stdout] 
[INFO] [stdout] 
[INFO] [stdout] error[E0433]: failed to resolve: use of undeclared crate or module `utilities`
[INFO] [stdout]  --> benches/flood_fill.rs:5:5
[INFO] [stdout]   |
[INFO] [stdout] 5 | use utilities::data_sets::sphere_bit_array;
[INFO] [stdout]   |     ^^^^^^^^^ use of undeclared crate or module `utilities`
[INFO] [stdout] 
[INFO] [stdout] 
[INFO] [stdout] error[E0425]: cannot find function `sphere_bit_array` in this scope
[INFO] [stdout]   --> benches/find_surface.rs:16:24
[INFO] [stdout]    |
[INFO] [stdout] 16 |                     || sphere_bit_array(array_edge_length, Voxel(true), Voxel(false)).0,
[INFO] [stdout]    |                        ^^^^^^^^^^^^^^^^ not found in this scope
[INFO] [stdout] 
[INFO] [stdout] 
[INFO] [stdout] error[E0425]: cannot find function `sphere_bit_array` in this scope
[INFO] [stdout]   --> benches/flood_fill.rs:23:29
[INFO] [stdout]    |
[INFO] [stdout] 23 | ...                   sphere_bit_array(array_edge_length, old_color, background_color).0,
[INFO] [stdout]    |                       ^^^^^^^^^^^^^^^^ not found in this scope
[INFO] [stdout] 
[INFO] [stdout] 
[INFO] [stdout] error[E0433]: failed to resolve: use of undeclared crate or module `utilities`
[INFO] [stdout]    --> src/flood_fill.rs:183:9
[INFO] [stdout]     |
[INFO] [stdout] 183 |     use utilities::{data_sets::sphere_bit_array, test::test_print};
[INFO] [stdout]     |         ^^^^^^^^^ use of undeclared crate or module `utilities`
[INFO] [stdout] 
[INFO] [stdout] 
[INFO] [stdout] error: aborting due to 2 previous errors
[INFO] [stdout] 
[INFO] [stdout] 
[INFO] [stdout] Some errors have detailed explanations: E0425, E0433.
[INFO] [stdout] 
[INFO] [stdout] For more information about an error, try `rustc --explain E0425`.
[INFO] [stdout] 
[INFO] [stderr] error: could not compile `building_blocks_search` due to 3 previous errors
[INFO] [stdout] error[E0425]: cannot find function `sphere_bit_array` in this scope
[INFO] [stdout]    --> src/flood_fill.rs:197:13
[INFO] [stdout]     |
[INFO] [stdout] 197 |             sphere_bit_array(array_edge_length, old_color, background_color);
[INFO] [stdout]     |             ^^^^^^^^^^^^^^^^ not found in this scope
[INFO] [stdout] 
[INFO] [stdout] 
[INFO] [stderr] warning: build failed, waiting for other jobs to finish...
[INFO] [stdout] error[E0425]: cannot find function `test_print` in this scope
[INFO] [stdout]    --> src/flood_fill.rs:224:9
[INFO] [stdout]     |
[INFO] [stdout] 224 |         test_print(&format!("# flood fill visits = {}\n", num_visits));
[INFO] [stdout]     |         ^^^^^^^^^^ not found in this scope
[INFO] [stdout] 
[INFO] [stdout] 
[INFO] [stdout] warning: unused import: `building_blocks_storage::prelude`
[INFO] [stdout]  --> benches/flood_fill.rs:3:5
[INFO] [stdout]   |
[INFO] [stdout] 3 | use building_blocks_storage::prelude::*;
[INFO] [stdout]   |     ^^^^^^^^^^^^^^^^^^^^^^^^^^^^^^^^
[INFO] [stdout]   |
[INFO] [stdout]   = note: `#[warn(unused_imports)]` on by default
[INFO] [stdout] 
[INFO] [stdout] 
[INFO] [stdout] error: aborting due to 2 previous errors; 1 warning emitted
[INFO] [stdout] 
[INFO] [stdout] 
[INFO] [stdout] Some errors have detailed explanations: E0425, E0433.
[INFO] [stdout] 
[INFO] [stdout] For more information about an error, try `rustc --explain E0425`.
[INFO] [stdout] 
[INFO] [stdout] warning: unused import: `building_blocks_storage::prelude`
[INFO] [stdout]    --> src/flood_fill.rs:182:9
[INFO] [stdout]     |
[INFO] [stdout] 182 |     use building_blocks_storage::prelude::*;
[INFO] [stdout]     |         ^^^^^^^^^^^^^^^^^^^^^^^^^^^^^^^^
[INFO] [stdout]     |
[INFO] [stdout]     = note: `#[warn(unused_imports)]` on by default
[INFO] [stdout] 
[INFO] [stdout] 
[INFO] [stdout] error: aborting due to 3 previous errors; 1 warning emitted
[INFO] [stdout] 
[INFO] [stdout] 
[INFO] [stdout] Some errors have detailed explanations: E0425, E0433.
[INFO] [stdout] 
[INFO] [stdout] For more information about an error, try `rustc --explain E0425`.
[INFO] [stdout] 
[INFO] [stderr] error: build failed
[INFO] running `Command { std: "docker" "inspect" "c9b44071d60dd1f4251d4c4f0ca5fb25abc46dd8006e7054a4f8a45e23ca40a3", kill_on_drop: false }`
[INFO] running `Command { std: "docker" "rm" "-f" "c9b44071d60dd1f4251d4c4f0ca5fb25abc46dd8006e7054a4f8a45e23ca40a3", kill_on_drop: false }`
[INFO] [stdout] c9b44071d60dd1f4251d4c4f0ca5fb25abc46dd8006e7054a4f8a45e23ca40a3
