[INFO] fetching crate bspline 1.0.0...
[INFO] checking bspline-1.0.0 against beta-2021-10-15 for beta-1.56-3
[INFO] extracting crate bspline 1.0.0 into /workspace/builds/worker-26/source
[INFO] validating manifest of crates.io crate bspline 1.0.0 on toolchain beta-2021-10-15
[INFO] running `Command { std: "/workspace/cargo-home/bin/cargo" "+beta-2021-10-15" "metadata" "--manifest-path" "Cargo.toml" "--no-deps", kill_on_drop: false }`
[INFO] started tweaking crates.io crate bspline 1.0.0
[INFO] finished tweaking crates.io crate bspline 1.0.0
[INFO] tweaked toml for crates.io crate bspline 1.0.0 written to /workspace/builds/worker-26/source/Cargo.toml
[INFO] crate crates.io crate bspline 1.0.0 already has a lockfile, it will not be regenerated
[INFO] running `Command { std: "/workspace/cargo-home/bin/cargo" "+beta-2021-10-15" "fetch" "--manifest-path" "Cargo.toml", kill_on_drop: false }`
[INFO] [stderr]     Blocking waiting for file lock on package cache
[INFO] [stderr]     Blocking waiting for file lock on package cache
[INFO] [stderr]  Downloading crates ...
[INFO] [stderr]   Downloaded image v0.21.3
[INFO] [stderr]   Downloaded tiff v0.2.2
[INFO] running `Command { std: "docker" "create" "-v" "/var/lib/crater-agent-workspace/builds/worker-26/target:/opt/rustwide/target:rw,Z" "-v" "/var/lib/crater-agent-workspace/builds/worker-26/source:/opt/rustwide/workdir:ro,Z" "-v" "/var/lib/crater-agent-workspace/cargo-home:/opt/rustwide/cargo-home:ro,Z" "-v" "/var/lib/crater-agent-workspace/rustup-home:/opt/rustwide/rustup-home:ro,Z" "-e" "SOURCE_DIR=/opt/rustwide/workdir" "-e" "CARGO_TARGET_DIR=/opt/rustwide/target" "-e" "CARGO_HOME=/opt/rustwide/cargo-home" "-e" "RUSTUP_HOME=/opt/rustwide/rustup-home" "-w" "/opt/rustwide/workdir" "-m" "1610612736" "--user" "0:0" "--network" "none" "ghcr.io/rust-lang/crates-build-env/linux@sha256:a89201d6b5b9fd45c15d5952ece0a0129e7e80cb26ec023fd59cf09bc26f1604" "/opt/rustwide/cargo-home/bin/cargo" "+beta-2021-10-15" "metadata" "--no-deps" "--format-version=1", kill_on_drop: false }`
[INFO] [stdout] d3c901bb410f4e977937263d36d869243b9b6a66a516062330dee00c8545bf99
[INFO] running `Command { std: "docker" "start" "-a" "d3c901bb410f4e977937263d36d869243b9b6a66a516062330dee00c8545bf99", kill_on_drop: false }`
[INFO] running `Command { std: "docker" "inspect" "d3c901bb410f4e977937263d36d869243b9b6a66a516062330dee00c8545bf99", kill_on_drop: false }`
[INFO] running `Command { std: "docker" "rm" "-f" "d3c901bb410f4e977937263d36d869243b9b6a66a516062330dee00c8545bf99", kill_on_drop: false }`
[INFO] [stdout] d3c901bb410f4e977937263d36d869243b9b6a66a516062330dee00c8545bf99
[INFO] running `Command { std: "docker" "create" "-v" "/var/lib/crater-agent-workspace/builds/worker-26/target:/opt/rustwide/target:rw,Z" "-v" "/var/lib/crater-agent-workspace/builds/worker-26/source:/opt/rustwide/workdir:ro,Z" "-v" "/var/lib/crater-agent-workspace/cargo-home:/opt/rustwide/cargo-home:ro,Z" "-v" "/var/lib/crater-agent-workspace/rustup-home:/opt/rustwide/rustup-home:ro,Z" "-e" "SOURCE_DIR=/opt/rustwide/workdir" "-e" "CARGO_TARGET_DIR=/opt/rustwide/target" "-e" "CARGO_INCREMENTAL=0" "-e" "RUST_BACKTRACE=full" "-e" "RUSTFLAGS=--cap-lints=warn" "-e" "CARGO_HOME=/opt/rustwide/cargo-home" "-e" "RUSTUP_HOME=/opt/rustwide/rustup-home" "-w" "/opt/rustwide/workdir" "-m" "1610612736" "--user" "0:0" "--network" "none" "ghcr.io/rust-lang/crates-build-env/linux@sha256:a89201d6b5b9fd45c15d5952ece0a0129e7e80cb26ec023fd59cf09bc26f1604" "/opt/rustwide/cargo-home/bin/cargo" "+beta-2021-10-15" "check" "--frozen" "--all" "--all-targets" "--message-format=json", kill_on_drop: false }`
[INFO] [stdout] 4742ec867dd4f60949a465da95af14a3ad77d5a1a4c3d6dc7fb52f8ccc06fdb7
[INFO] running `Command { std: "docker" "start" "-a" "4742ec867dd4f60949a465da95af14a3ad77d5a1a4c3d6dc7fb52f8ccc06fdb7", kill_on_drop: false }`
[INFO] [stderr]    Compiling const_fn v0.4.5
[INFO] [stderr]    Compiling proc-macro2 v0.4.30
[INFO] [stderr]    Compiling libc v0.2.84
[INFO] [stderr]    Compiling unicode-xid v0.1.0
[INFO] [stderr]    Compiling rayon-core v1.9.0
[INFO] [stderr]    Compiling syn v0.15.44
[INFO] [stderr]    Compiling num-derive v0.2.5
[INFO] [stderr]     Checking byteorder v1.4.2
[INFO] [stderr]     Checking adler32 v1.2.0
[INFO] [stderr]     Checking either v1.6.1
[INFO] [stderr]     Checking lzw v0.10.0
[INFO] [stderr]     Checking color_quant v1.1.0
[INFO] [stderr]     Checking scoped_threadpool v0.1.9
[INFO] [stderr]    Compiling num-traits v0.2.14
[INFO] [stderr]    Compiling crossbeam-utils v0.8.1
[INFO] [stderr]    Compiling memoffset v0.6.1
[INFO] [stderr]    Compiling num-integer v0.1.44
[INFO] [stderr]    Compiling num-iter v0.1.42
[INFO] [stderr]    Compiling rayon v1.5.0
[INFO] [stderr]    Compiling num-rational v0.2.4
[INFO] [stderr]     Checking inflate v0.4.5
[INFO] [stderr]     Checking deflate v0.7.20
[INFO] [stderr]     Checking gif v0.10.3
[INFO] [stderr]    Compiling quote v0.6.13
[INFO] [stderr]     Checking num_cpus v1.13.0
[INFO] [stderr]     Checking crossbeam-epoch v0.9.1
[INFO] [stderr]     Checking crossbeam-channel v0.5.0
[INFO] [stderr]     Checking bspline v1.0.0 (/opt/rustwide/workdir)
[INFO] [stderr]     Checking crossbeam-deque v0.8.0
[INFO] [stdout] warning: panic message is not a string literal
[INFO] [stdout]    --> src/lib.rs:102:20
[INFO] [stdout]     |
[INFO] [stdout] 102 |               panic!(format!("Invalid number of knots, got {}, expected {}", knots.len(),
[INFO] [stdout]     |  ____________________^
[INFO] [stdout] 103 | |                 control_points.len() + degree + 1));
[INFO] [stdout]     | |__________________________________________________^
[INFO] [stdout]     |
[INFO] [stdout]     = note: `#[warn(non_fmt_panics)]` on by default
[INFO] [stdout]     = note: this usage of panic!() is deprecated; it will be a hard error in Rust 2021
[INFO] [stdout]     = note: for more information, see <https://doc.rust-lang.org/nightly/edition-guide/rust-2021/panic-macro-consistency.html>
[INFO] [stdout]     = note: the panic!() macro supports formatting, so there's no need for the format!() macro here
[INFO] [stdout] help: remove the `format!(..)` macro call
[INFO] [stdout]     |
[INFO] [stdout] 102 ~             panic!("Invalid number of knots, got {}, expected {}", knots.len(),
[INFO] [stdout] 103 ~                 control_points.len() + degree + 1);
[INFO] [stdout]     |
[INFO] [stdout] 
[INFO] [stdout] 
[INFO] [stdout] warning: 1 warning emitted
[INFO] [stdout] 
[INFO] [stdout] 
[INFO] [stderr]     Checking png v0.14.1
[INFO] [stderr]     Checking jpeg-decoder v0.1.22
[INFO] [stderr]     Checking tiff v0.2.2
[INFO] [stderr]     Checking image v0.21.3
[INFO] [stdout] error[E0554]: `#![feature]` may not be used on the beta release channel
[INFO] [stdout]  --> benches/logo_bench.rs:1:1
[INFO] [stdout]   |
[INFO] [stdout] 1 | #![feature(test)]
[INFO] [stdout]   | ^^^^^^^^^^^^^^^^^
[INFO] [stdout] 
[INFO] [stdout] 
[INFO] [stdout] error[E0107]: this struct takes 2 generic arguments but 1 generic argument was supplied
[INFO] [stdout]    --> benches/logo_bench.rs:124:30
[INFO] [stdout]     |
[INFO] [stdout] 124 | fn plot_2d(spline: &bspline::BSpline<Point>, colors: &bspline::BSpline<Colorf>, plot: &mut [u8],
[INFO] [stdout]     |                              ^^^^^^^ ----- supplied 1 generic argument
[INFO] [stdout]     |                              |
[INFO] [stdout]     |                              expected 2 generic arguments
[INFO] [stdout]     |
[INFO] [stdout] note: struct defined here, with 2 generic parameters: `T`, `F`
[INFO] [stdout]    --> /opt/rustwide/workdir/src/lib.rs:78:12
[INFO] [stdout]     |
[INFO] [stdout] 78  | pub struct BSpline<T: Interpolate<F> + Copy, F: Float> {
[INFO] [stdout]     |            ^^^^^^^ -                         -
[INFO] [stdout] help: add missing generic argument
[INFO] [stdout]     |
[INFO] [stdout] 124 | fn plot_2d(spline: &bspline::BSpline<Point, F>, colors: &bspline::BSpline<Colorf>, plot: &mut [u8],
[INFO] [stdout]     |                                           +++
[INFO] [stdout] 
[INFO] [stdout] 
[INFO] [stdout] error[E0107]: this struct takes 2 generic arguments but 1 generic argument was supplied
[INFO] [stdout]    --> benches/logo_bench.rs:124:64
[INFO] [stdout]     |
[INFO] [stdout] 124 | fn plot_2d(spline: &bspline::BSpline<Point>, colors: &bspline::BSpline<Colorf>, plot: &mut [u8],
[INFO] [stdout]     |                                                                ^^^^^^^ ------ supplied 1 generic argument
[INFO] [stdout]     |                                                                |
[INFO] [stdout]     |                                                                expected 2 generic arguments
[INFO] [stdout]     |
[INFO] [stdout] note: struct defined here, with 2 generic parameters: `T`, `F`
[INFO] [stdout]    --> /opt/rustwide/workdir/src/lib.rs:78:12
[INFO] [stdout]     |
[INFO] [stdout] 78  | pub struct BSpline<T: Interpolate<F> + Copy, F: Float> {
[INFO] [stdout]     |            ^^^^^^^ -                         -
[INFO] [stdout] help: add missing generic argument
[INFO] [stdout]     |
[INFO] [stdout] 124 | fn plot_2d(spline: &bspline::BSpline<Point>, colors: &bspline::BSpline<Colorf, F>, plot: &mut [u8],
[INFO] [stdout]     |                                                                              +++
[INFO] [stdout] 
[INFO] [stdout] 
[INFO] [stdout] error: aborting due to 3 previous errors
[INFO] [stdout] 
[INFO] [stdout] 
[INFO] [stdout] Some errors have detailed explanations: E0107, E0554.
[INFO] [stdout] 
[INFO] [stdout] For more information about an error, try `rustc --explain E0107`.
[INFO] [stdout] 
[INFO] [stderr] error: could not compile `bspline` due to 4 previous errors
[INFO] [stderr] warning: build failed, waiting for other jobs to finish...
[INFO] [stdout] warning: panic message is not a string literal
[INFO] [stdout]   --> tests/test2d.rs:85:26
[INFO] [stdout]    |
[INFO] [stdout] 85 |         Err(e) => panic!(e),
[INFO] [stdout]    |                          ^
[INFO] [stdout]    |
[INFO] [stdout]    = note: `#[warn(non_fmt_panics)]` on by default
[INFO] [stdout]    = note: this usage of panic!() is deprecated; it will be a hard error in Rust 2021
[INFO] [stdout]    = note: for more information, see <https://doc.rust-lang.org/nightly/edition-guide/rust-2021/panic-macro-consistency.html>
[INFO] [stdout] help: add a "{}" format string to Display the message
[INFO] [stdout]    |
[INFO] [stdout] 85 |         Err(e) => panic!("{}", e),
[INFO] [stdout]    |                          +++++
[INFO] [stdout] help: or use std::panic::panic_any instead
[INFO] [stdout]    |
[INFO] [stdout] 85 |         Err(e) => std::panic::panic_any(e),
[INFO] [stdout]    |                   ~~~~~~~~~~~~~~~~~~~~~
[INFO] [stdout] 
[INFO] [stdout] 
[INFO] [stdout] warning: panic message is not a string literal
[INFO] [stdout]    --> tests/test2d.rs:106:26
[INFO] [stdout]     |
[INFO] [stdout] 106 |         Err(e) => panic!(e),
[INFO] [stdout]     |                          ^
[INFO] [stdout]     |
[INFO] [stdout]     = note: this usage of panic!() is deprecated; it will be a hard error in Rust 2021
[INFO] [stdout]     = note: for more information, see <https://doc.rust-lang.org/nightly/edition-guide/rust-2021/panic-macro-consistency.html>
[INFO] [stdout] help: add a "{}" format string to Display the message
[INFO] [stdout]     |
[INFO] [stdout] 106 |         Err(e) => panic!("{}", e),
[INFO] [stdout]     |                          +++++
[INFO] [stdout] help: or use std::panic::panic_any instead
[INFO] [stdout]     |
[INFO] [stdout] 106 |         Err(e) => std::panic::panic_any(e),
[INFO] [stdout]     |                   ~~~~~~~~~~~~~~~~~~~~~
[INFO] [stdout] 
[INFO] [stdout] 
[INFO] [stdout] warning: panic message is not a string literal
[INFO] [stdout]    --> tests/test2d.rs:128:26
[INFO] [stdout]     |
[INFO] [stdout] 128 |         Err(e) => panic!(e),
[INFO] [stdout]     |                          ^
[INFO] [stdout]     |
[INFO] [stdout]     = note: this usage of panic!() is deprecated; it will be a hard error in Rust 2021
[INFO] [stdout]     = note: for more information, see <https://doc.rust-lang.org/nightly/edition-guide/rust-2021/panic-macro-consistency.html>
[INFO] [stdout] help: add a "{}" format string to Display the message
[INFO] [stdout]     |
[INFO] [stdout] 128 |         Err(e) => panic!("{}", e),
[INFO] [stdout]     |                          +++++
[INFO] [stdout] help: or use std::panic::panic_any instead
[INFO] [stdout]     |
[INFO] [stdout] 128 |         Err(e) => std::panic::panic_any(e),
[INFO] [stdout]     |                   ~~~~~~~~~~~~~~~~~~~~~
[INFO] [stdout] 
[INFO] [stdout] 
[INFO] [stdout] warning: 3 warnings emitted
[INFO] [stdout] 
[INFO] [stdout] 
[INFO] [stdout] warning: panic message is not a string literal
[INFO] [stdout]    --> src/lib.rs:102:20
[INFO] [stdout]     |
[INFO] [stdout] 102 |               panic!(format!("Invalid number of knots, got {}, expected {}", knots.len(),
[INFO] [stdout]     |  ____________________^
[INFO] [stdout] 103 | |                 control_points.len() + degree + 1));
[INFO] [stdout]     | |__________________________________________________^
[INFO] [stdout]     |
[INFO] [stdout]     = note: `#[warn(non_fmt_panics)]` on by default
[INFO] [stdout]     = note: this usage of panic!() is deprecated; it will be a hard error in Rust 2021
[INFO] [stdout]     = note: for more information, see <https://doc.rust-lang.org/nightly/edition-guide/rust-2021/panic-macro-consistency.html>
[INFO] [stdout]     = note: the panic!() macro supports formatting, so there's no need for the format!() macro here
[INFO] [stdout] help: remove the `format!(..)` macro call
[INFO] [stdout]     |
[INFO] [stdout] 102 ~             panic!("Invalid number of knots, got {}, expected {}", knots.len(),
[INFO] [stdout] 103 ~                 control_points.len() + degree + 1);
[INFO] [stdout]     |
[INFO] [stdout] 
[INFO] [stdout] 
[INFO] [stdout] warning: 1 warning emitted
[INFO] [stdout] 
[INFO] [stdout] 
[INFO] [stderr] error: build failed
[INFO] running `Command { std: "docker" "inspect" "4742ec867dd4f60949a465da95af14a3ad77d5a1a4c3d6dc7fb52f8ccc06fdb7", kill_on_drop: false }`
[INFO] running `Command { std: "docker" "rm" "-f" "4742ec867dd4f60949a465da95af14a3ad77d5a1a4c3d6dc7fb52f8ccc06fdb7", kill_on_drop: false }`
[INFO] [stdout] 4742ec867dd4f60949a465da95af14a3ad77d5a1a4c3d6dc7fb52f8ccc06fdb7
