[INFO] fetching crate brb_dt_orswot 1.0.9...
[INFO] checking brb_dt_orswot-1.0.9 against beta-2021-10-15 for beta-1.56-3
[INFO] extracting crate brb_dt_orswot 1.0.9 into /workspace/builds/worker-19/source
[INFO] validating manifest of crates.io crate brb_dt_orswot 1.0.9 on toolchain beta-2021-10-15
[INFO] running `Command { std: "/workspace/cargo-home/bin/cargo" "+beta-2021-10-15" "metadata" "--manifest-path" "Cargo.toml" "--no-deps", kill_on_drop: false }`
[INFO] started tweaking crates.io crate brb_dt_orswot 1.0.9
[INFO] finished tweaking crates.io crate brb_dt_orswot 1.0.9
[INFO] tweaked toml for crates.io crate brb_dt_orswot 1.0.9 written to /workspace/builds/worker-19/source/Cargo.toml
[INFO] running `Command { std: "/workspace/cargo-home/bin/cargo" "+beta-2021-10-15" "generate-lockfile" "--manifest-path" "Cargo.toml" "-Zno-index-update", kill_on_drop: false }`
[INFO] [stderr]     Blocking waiting for file lock on package cache
[INFO] running `Command { std: "/workspace/cargo-home/bin/cargo" "+beta-2021-10-15" "fetch" "--manifest-path" "Cargo.toml", kill_on_drop: false }`
[INFO] [stderr]     Blocking waiting for file lock on package cache
[INFO] [stderr]     Blocking waiting for file lock on package cache
[INFO] running `Command { std: "docker" "create" "-v" "/var/lib/crater-agent-workspace/builds/worker-19/target:/opt/rustwide/target:rw,Z" "-v" "/var/lib/crater-agent-workspace/builds/worker-19/source:/opt/rustwide/workdir:ro,Z" "-v" "/var/lib/crater-agent-workspace/cargo-home:/opt/rustwide/cargo-home:ro,Z" "-v" "/var/lib/crater-agent-workspace/rustup-home:/opt/rustwide/rustup-home:ro,Z" "-e" "SOURCE_DIR=/opt/rustwide/workdir" "-e" "CARGO_TARGET_DIR=/opt/rustwide/target" "-e" "CARGO_HOME=/opt/rustwide/cargo-home" "-e" "RUSTUP_HOME=/opt/rustwide/rustup-home" "-w" "/opt/rustwide/workdir" "-m" "1610612736" "--user" "0:0" "--network" "none" "ghcr.io/rust-lang/crates-build-env/linux@sha256:a89201d6b5b9fd45c15d5952ece0a0129e7e80cb26ec023fd59cf09bc26f1604" "/opt/rustwide/cargo-home/bin/cargo" "+beta-2021-10-15" "metadata" "--no-deps" "--format-version=1", kill_on_drop: false }`
[INFO] [stdout] 17d6954d686b0251e46e1b44cffcbd346f2bf9628fff01a3b8c471b4e108a63c
[INFO] running `Command { std: "docker" "start" "-a" "17d6954d686b0251e46e1b44cffcbd346f2bf9628fff01a3b8c471b4e108a63c", kill_on_drop: false }`
[INFO] running `Command { std: "docker" "inspect" "17d6954d686b0251e46e1b44cffcbd346f2bf9628fff01a3b8c471b4e108a63c", kill_on_drop: false }`
[INFO] running `Command { std: "docker" "rm" "-f" "17d6954d686b0251e46e1b44cffcbd346f2bf9628fff01a3b8c471b4e108a63c", kill_on_drop: false }`
[INFO] [stdout] 17d6954d686b0251e46e1b44cffcbd346f2bf9628fff01a3b8c471b4e108a63c
[INFO] running `Command { std: "docker" "create" "-v" "/var/lib/crater-agent-workspace/builds/worker-19/target:/opt/rustwide/target:rw,Z" "-v" "/var/lib/crater-agent-workspace/builds/worker-19/source:/opt/rustwide/workdir:ro,Z" "-v" "/var/lib/crater-agent-workspace/cargo-home:/opt/rustwide/cargo-home:ro,Z" "-v" "/var/lib/crater-agent-workspace/rustup-home:/opt/rustwide/rustup-home:ro,Z" "-e" "SOURCE_DIR=/opt/rustwide/workdir" "-e" "CARGO_TARGET_DIR=/opt/rustwide/target" "-e" "CARGO_INCREMENTAL=0" "-e" "RUST_BACKTRACE=full" "-e" "RUSTFLAGS=--cap-lints=warn" "-e" "CARGO_HOME=/opt/rustwide/cargo-home" "-e" "RUSTUP_HOME=/opt/rustwide/rustup-home" "-w" "/opt/rustwide/workdir" "-m" "1610612736" "--user" "0:0" "--network" "none" "ghcr.io/rust-lang/crates-build-env/linux@sha256:a89201d6b5b9fd45c15d5952ece0a0129e7e80cb26ec023fd59cf09bc26f1604" "/opt/rustwide/cargo-home/bin/cargo" "+beta-2021-10-15" "check" "--frozen" "--all" "--all-targets" "--message-format=json", kill_on_drop: false }`
[INFO] [stdout] 7ca00b32740807f47d570d5c515a92d6c20a14c7596eca88f77faa6205508510
[INFO] running `Command { std: "docker" "start" "-a" "7ca00b32740807f47d570d5c515a92d6c20a14c7596eca88f77faa6205508510", kill_on_drop: false }`
[INFO] [stderr]     Blocking waiting for file lock on package cache
[INFO] [stderr]    Compiling syn v1.0.80
[INFO] [stderr]    Compiling typenum v1.14.0
[INFO] [stderr]    Compiling memchr v2.4.1
[INFO] [stderr]     Checking radium v0.3.0
[INFO] [stderr]     Checking signature v1.3.1
[INFO] [stderr]     Checking opaque-debug v0.3.0
[INFO] [stderr]     Checking subtle v2.4.1
[INFO] [stderr]     Checking byteorder v1.4.3
[INFO] [stderr]     Checking either v1.6.1
[INFO] [stderr]     Checking cpufeatures v0.2.1
[INFO] [stderr]    Compiling generic-array v0.14.4
[INFO] [stderr]    Compiling num-traits v0.2.14
[INFO] [stderr]    Compiling num-integer v0.1.44
[INFO] [stderr]    Compiling num-bigint v0.2.6
[INFO] [stderr]     Checking getrandom v0.2.3
[INFO] [stderr]     Checking rand_core v0.6.3
[INFO] [stderr]     Checking rand_chacha v0.3.1
[INFO] [stderr]     Checking rand v0.8.4
[INFO] [stderr]     Checking aho-corasick v0.7.18
[INFO] [stderr]     Checking regex v1.5.4
[INFO] [stderr]    Compiling synstructure v0.12.6
[INFO] [stderr]     Checking digest v0.9.0
[INFO] [stderr]     Checking block-buffer v0.9.0
[INFO] [stderr]     Checking sha2 v0.9.8
[INFO] [stderr]     Checking env_logger v0.7.1
[INFO] [stderr]     Checking quickcheck v0.9.2
[INFO] [stderr]    Compiling serde_derive v1.0.130
[INFO] [stderr]    Compiling zeroize_derive v1.2.0
[INFO] [stderr]    Compiling thiserror-impl v1.0.30
[INFO] [stderr]     Checking zeroize v1.4.2
[INFO] [stderr]     Checking curve25519-dalek v3.2.0
[INFO] [stderr]     Checking thiserror v1.0.30
[INFO] [stderr]     Checking serde v1.0.130
[INFO] [stderr]     Checking serde_bytes v0.11.5
[INFO] [stderr]     Checking bitvec v0.17.4
[INFO] [stderr]     Checking ed25519 v1.2.0
[INFO] [stderr]     Checking bincode v1.3.3
[INFO] [stderr]     Checking ed25519-dalek v1.0.1
[INFO] [stderr]     Checking crdts v5.1.0
[INFO] [stderr]     Checking brb_membership v1.0.10
[INFO] [stderr]     Checking brb v1.0.10
[INFO] [stderr]     Checking brb_dt_orswot v1.0.9 (/opt/rustwide/workdir)
[INFO] [stdout] error[E0599]: no method named `on_proc_mut` found for mutable reference `&mut Net<brb_dt_orswot::BRBOrswot<brb::net::Actor, u8>>` in the current scope
[INFO] [stdout]   --> tests/brb_orswot_net.rs:13:9
[INFO] [stdout]    |
[INFO] [stdout] 13 |     net.on_proc_mut(&genesis_actor, |p| p.force_join(genesis_actor))
[INFO] [stdout]    |         ^^^^^^^^^^^ help: there is an associated function with a similar name: `proc_mut`
[INFO] [stdout] 
[INFO] [stdout] 
[INFO] [stdout] error[E0599]: no method named `on_proc_mut` found for mutable reference `&mut Net<brb_dt_orswot::BRBOrswot<brb::net::Actor, u8>>` in the current scope
[INFO] [stdout]   --> tests/brb_orswot_net.rs:19:13
[INFO] [stdout]    |
[INFO] [stdout] 19 |         net.on_proc_mut(&actor, |p| p.force_join(genesis_actor));
[INFO] [stdout]    |             ^^^^^^^^^^^ help: there is an associated function with a similar name: `proc_mut`
[INFO] [stdout] 
[INFO] [stdout] 
[INFO] [stdout] error[E0599]: no method named `on_proc_mut` found for mutable reference `&mut Net<brb_dt_orswot::BRBOrswot<brb::net::Actor, u8>>` in the current scope
[INFO] [stdout]   --> tests/brb_orswot_net.rs:21:14
[INFO] [stdout]    |
[INFO] [stdout] 21 |             .on_proc_mut(&genesis_actor, |p| p.request_membership(actor).unwrap())
[INFO] [stdout]    |              ^^^^^^^^^^^ help: there is an associated function with a similar name: `proc_mut`
[INFO] [stdout] 
[INFO] [stdout] 
[INFO] [stdout] error[E0599]: no method named `on_proc` found for struct `Net` in the current scope
[INFO] [stdout]   --> tests/brb_orswot_net.rs:39:10
[INFO] [stdout]    |
[INFO] [stdout] 39 |         .on_proc(&actor, |proc| proc.exec_op(proc.dt.add(0)).unwrap())
[INFO] [stdout]    |          ^^^^^^^ method not found in `Net<brb_dt_orswot::BRBOrswot<brb::net::Actor, u8>>`
[INFO] [stdout] 
[INFO] [stdout] 
[INFO] [stdout] error[E0599]: no method named `on_proc` found for struct `Net` in the current scope
[INFO] [stdout]   --> tests/brb_orswot_net.rs:47:10
[INFO] [stdout]    |
[INFO] [stdout] 47 |         .on_proc(&actor, |proc| proc.exec_op(proc.dt.add(1)).unwrap())
[INFO] [stdout]    |          ^^^^^^^ method not found in `Net<brb_dt_orswot::BRBOrswot<brb::net::Actor, u8>>`
[INFO] [stdout] 
[INFO] [stdout] 
[INFO] [stdout] error[E0599]: no method named `on_proc` found for struct `Net` in the current scope
[INFO] [stdout]   --> tests/brb_orswot_net.rs:61:13
[INFO] [stdout]    |
[INFO] [stdout] 61 |         net.on_proc(&actor, |p| p.dt.read()),
[INFO] [stdout]    |             ^^^^^^^ method not found in `Net<brb_dt_orswot::BRBOrswot<brb::net::Actor, u8>>`
[INFO] [stdout] 
[INFO] [stdout] 
[INFO] [stdout] error[E0599]: no method named `on_proc` found for struct `Net` in the current scope
[INFO] [stdout]   --> tests/brb_orswot_net.rs:81:10
[INFO] [stdout]    |
[INFO] [stdout] 81 |         .on_proc(&a, |p| p.exec_op(p.dt.add(value_to_add)).unwrap())
[INFO] [stdout]    |          ^^^^^^^ method not found in `Net<brb_dt_orswot::BRBOrswot<brb::net::Actor, u8>>`
[INFO] [stdout] 
[INFO] [stdout] 
[INFO] [stdout] error[E0599]: no method named `on_proc_mut` found for struct `Net` in the current scope
[INFO] [stdout]   --> tests/brb_orswot_net.rs:99:25
[INFO] [stdout]    |
[INFO] [stdout] 99 |     let packets_b = net.on_proc_mut(&b, |p| p.kill_peer(b).unwrap()).unwrap();
[INFO] [stdout]    |                         ^^^^^^^^^^^ help: there is an associated function with a similar name: `proc_mut`
[INFO] [stdout] 
[INFO] [stdout] 
[INFO] [stdout] error[E0599]: no method named `on_proc_mut` found for struct `Net` in the current scope
[INFO] [stdout]    --> tests/brb_orswot_net.rs:101:25
[INFO] [stdout]     |
[INFO] [stdout] 101 |     let packets_c = net.on_proc_mut(&c, |p| p.kill_peer(c).unwrap()).unwrap();
[INFO] [stdout]     |                         ^^^^^^^^^^^ help: there is an associated function with a similar name: `proc_mut`
[INFO] [stdout] 
[INFO] [stdout] 
[INFO] [stdout] error[E0599]: no method named `on_proc` found for struct `Net` in the current scope
[INFO] [stdout]    --> tests/brb_orswot_net.rs:106:17
[INFO] [stdout]     |
[INFO] [stdout] 106 |     assert!(net.on_proc(&a, |p| p.dt.contains(&value_to_add)).unwrap());
[INFO] [stdout]     |                 ^^^^^^^ method not found in `Net<brb_dt_orswot::BRBOrswot<brb::net::Actor, u8>>`
[INFO] [stdout] 
[INFO] [stdout] 
[INFO] [stdout] error[E0599]: no method named `on_proc` found for struct `Net` in the current scope
[INFO] [stdout]    --> tests/brb_orswot_net.rs:121:21
[INFO] [stdout]     |
[INFO] [stdout] 121 |                 net.on_proc(&i, |p| p.exec_op(p.dt.add(member)).unwrap()).unwrap()
[INFO] [stdout]     |                     ^^^^^^^ method not found in `Net<brb_dt_orswot::BRBOrswot<brb::net::Actor, u8>>`
[INFO] [stdout] 
[INFO] [stdout] 
[INFO] [stdout] error[E0599]: no method named `on_proc` found for struct `Net` in the current scope
[INFO] [stdout]    --> tests/brb_orswot_net.rs:127:40
[INFO] [stdout]     |
[INFO] [stdout] 127 |         let orswot: Orswot<_, _> = net.on_proc(
[INFO] [stdout]     |                                        ^^^^^^^ method not found in `Net<brb_dt_orswot::BRBOrswot<brb::net::Actor, u8>>`
[INFO] [stdout] 
[INFO] [stdout] 
[INFO] [stdout] error[E0599]: no method named `on_proc` found for struct `Net` in the current scope
[INFO] [stdout]    --> tests/brb_orswot_net.rs:153:25
[INFO] [stdout]     |
[INFO] [stdout] 153 |                     net.on_proc(&actor, |p| p.exec_op(p.dt.add(member)).unwrap()).unwrap()
[INFO] [stdout]     |                         ^^^^^^^ method not found in `Net<brb_dt_orswot::BRBOrswot<brb::net::Actor, u8>>`
[INFO] [stdout] 
[INFO] [stdout] 
[INFO] [stdout] error[E0599]: no method named `on_proc` found for struct `Net` in the current scope
[INFO] [stdout]    --> tests/brb_orswot_net.rs:158:25
[INFO] [stdout]     |
[INFO] [stdout] 158 |                     net.on_proc(&actor, |p| p.exec_op(p.dt.rm(member)).unwrap()).unwrap()
[INFO] [stdout]     |                         ^^^^^^^ method not found in `Net<brb_dt_orswot::BRBOrswot<brb::net::Actor, u8>>`
[INFO] [stdout] 
[INFO] [stdout] 
[INFO] [stdout] error[E0599]: no method named `on_proc` found for struct `Net` in the current scope
[INFO] [stdout]    --> tests/brb_orswot_net.rs:165:44
[INFO] [stdout]     |
[INFO] [stdout] 165 |         let orswot_state: HashSet<_> = net.on_proc(
[INFO] [stdout]     |                                            ^^^^^^^ method not found in `Net<brb_dt_orswot::BRBOrswot<brb::net::Actor, u8>>`
[INFO] [stdout] 
[INFO] [stdout] 
[INFO] [stdout] error[E0599]: no method named `on_proc_mut` found for struct `Net` in the current scope
[INFO] [stdout]    --> tests/brb_orswot_net.rs:185:13
[INFO] [stdout]     |
[INFO] [stdout] 185 |         net.on_proc_mut(&genesis_actor, |p| p.force_join(genesis_actor)).unwrap();
[INFO] [stdout]     |             ^^^^^^^^^^^ help: there is an associated function with a similar name: `proc_mut`
[INFO] [stdout] 
[INFO] [stdout] 
[INFO] [stdout] error[E0599]: no method named `on_proc_mut` found for struct `Net` in the current scope
[INFO] [stdout]    --> tests/brb_orswot_net.rs:219:25
[INFO] [stdout]     |
[INFO] [stdout] 219 |                     net.on_proc_mut(&actor, |p| p.force_join(genesis_actor));
[INFO] [stdout]     |                         ^^^^^^^^^^^ help: there is an associated function with a similar name: `proc_mut`
[INFO] [stdout] 
[INFO] [stdout] 
[INFO] [stdout] error[E0599]: no method named `on_proc` found for struct `Net` in the current scope
[INFO] [stdout]    --> tests/brb_orswot_net.rs:220:60
[INFO] [stdout]     |
[INFO] [stdout] 220 |                     net.run_packets_to_completion(vec![net.on_proc(&actor, |p| p.anti_entropy(genesis_actor).unwrap()).unwrap()]);
[INFO] [stdout]     |                                                            ^^^^^^^ method not found in `Net<brb_dt_orswot::BRBOrswot<brb::net::Actor, u8>>`
[INFO] [stdout] 
[INFO] [stdout] 
[INFO] [stdout] error[E0599]: no method named `on_proc_mut` found for struct `Net` in the current scope
[INFO] [stdout]    --> tests/brb_orswot_net.rs:228:37
[INFO] [stdout]     |
[INFO] [stdout] 228 |         let join_request_resp = net.on_proc_mut(&genesis_actor, |p| p.request_membership(actor)).unwrap();
[INFO] [stdout]     |                                     ^^^^^^^^^^^ help: there is an associated function with a similar name: `proc_mut`
[INFO] [stdout] 
[INFO] [stdout] 
[INFO] [stdout] error[E0599]: no method named `on_proc` found for struct `Net` in the current scope
[INFO] [stdout]    --> tests/brb_orswot_net.rs:242:25
[INFO] [stdout]     |
[INFO] [stdout] 242 |             assert!(net.on_proc(&genesis_actor, |p| p.peers().unwrap()).unwrap().contains(&actor));
[INFO] [stdout]     |                         ^^^^^^^ method not found in `Net<brb_dt_orswot::BRBOrswot<brb::net::Actor, u8>>`
[INFO] [stdout] 
[INFO] [stdout] 
[INFO] [stdout] error[E0599]: no method named `on_proc` found for struct `Net` in the current scope
[INFO] [stdout]    --> tests/brb_orswot_net.rs:254:39
[INFO] [stdout]     |
[INFO] [stdout] 254 |                     for packet in net.on_proc(&actor, |p| p.exec_op(p.dt.add(v)).unwrap()).unwrap() {
[INFO] [stdout]     |                                       ^^^^^^^ method not found in `Net<brb_dt_orswot::BRBOrswot<brb::net::Actor, u8>>`
[INFO] [stdout] 
[INFO] [stdout] 
[INFO] [stdout] error[E0599]: no method named `on_proc` found for struct `Net` in the current scope
[INFO] [stdout]    --> tests/brb_orswot_net.rs:272:39
[INFO] [stdout]     |
[INFO] [stdout] 272 |                     for packet in net.on_proc(&actor, |p| p.exec_op(p.dt.rm(v)).unwrap()).unwrap() {
[INFO] [stdout]     |                                       ^^^^^^^ method not found in `Net<brb_dt_orswot::BRBOrswot<brb::net::Actor, u8>>`
[INFO] [stdout] 
[INFO] [stdout] 
[INFO] [stdout] error[E0599]: no method named `on_proc_mut` found for struct `Net` in the current scope
[INFO] [stdout]    --> tests/brb_orswot_net.rs:288:39
[INFO] [stdout]     |
[INFO] [stdout] 288 |                     for packet in net.on_proc_mut(&actor, |p| p.kill_peer(target_actor).unwrap()).unwrap() {
[INFO] [stdout]     |                                       ^^^^^^^^^^^ help: there is an associated function with a similar name: `proc_mut`
[INFO] [stdout] 
[INFO] [stdout] 
[INFO] [stdout] error[E0599]: no method named `on_proc` found for struct `Net` in the current scope
[INFO] [stdout]    --> tests/brb_orswot_net.rs:309:17
[INFO] [stdout]     |
[INFO] [stdout] 309 |             net.on_proc(&genesis_actor, |p| {
[INFO] [stdout]     |                 ^^^^^^^ method not found in `Net<brb_dt_orswot::BRBOrswot<brb::net::Actor, u8>>`
[INFO] [stdout] 
[INFO] [stdout] 
[INFO] [stdout] error: aborting due to 24 previous errors
[INFO] [stdout] 
[INFO] [stdout] 
[INFO] [stdout] For more information about this error, try `rustc --explain E0599`.
[INFO] [stdout] 
[INFO] [stderr] error: could not compile `brb_dt_orswot` due to 25 previous errors
[INFO] running `Command { std: "docker" "inspect" "7ca00b32740807f47d570d5c515a92d6c20a14c7596eca88f77faa6205508510", kill_on_drop: false }`
[INFO] running `Command { std: "docker" "rm" "-f" "7ca00b32740807f47d570d5c515a92d6c20a14c7596eca88f77faa6205508510", kill_on_drop: false }`
[INFO] [stdout] 7ca00b32740807f47d570d5c515a92d6c20a14c7596eca88f77faa6205508510
