[INFO] fetching crate bounties_market 0.1.0...
[INFO] checking bounties_market-0.1.0 against beta-2021-10-15 for beta-1.56-3
[INFO] extracting crate bounties_market 0.1.0 into /workspace/builds/worker-54/source
[INFO] validating manifest of crates.io crate bounties_market 0.1.0 on toolchain beta-2021-10-15
[INFO] running `Command { std: "/workspace/cargo-home/bin/cargo" "+beta-2021-10-15" "metadata" "--manifest-path" "Cargo.toml" "--no-deps", kill_on_drop: false }`
[INFO] started tweaking crates.io crate bounties_market 0.1.0
[INFO] finished tweaking crates.io crate bounties_market 0.1.0
[INFO] tweaked toml for crates.io crate bounties_market 0.1.0 written to /workspace/builds/worker-54/source/Cargo.toml
[INFO] running `Command { std: "/workspace/cargo-home/bin/cargo" "+beta-2021-10-15" "generate-lockfile" "--manifest-path" "Cargo.toml" "-Zno-index-update", kill_on_drop: false }`
[INFO] [stderr]     Blocking waiting for file lock on package cache
[INFO] running `Command { std: "/workspace/cargo-home/bin/cargo" "+beta-2021-10-15" "fetch" "--manifest-path" "Cargo.toml", kill_on_drop: false }`
[INFO] [stderr]     Blocking waiting for file lock on package cache
[INFO] [stderr]  Downloading crates ...
[INFO] [stderr]   Downloaded sp-storage v2.0.1
[INFO] [stderr]   Downloaded secrecy v0.6.0
[INFO] [stderr]   Downloaded dyn-clonable v0.9.0
[INFO] [stderr]   Downloaded dyn-clonable-impl v0.9.0
[INFO] [stderr]   Downloaded substrate-bip39 v0.4.4
[INFO] [stderr]   Downloaded wasmi-validation v0.3.0
[INFO] [stderr]   Downloaded memory_units v0.3.0
[INFO] [stderr]   Downloaded environmental v1.1.3
[INFO] [stderr]   Downloaded sp-externalities v0.8.1
[INFO] [stderr]   Downloaded parity-util-mem v0.7.0
[INFO] [stderr]   Downloaded frame-system v2.0.1
[INFO] [stderr]   Downloaded sp-version v2.0.1
[INFO] [stderr]   Downloaded bitmask v0.5.0
[INFO] [stderr]   Downloaded frame-support v2.0.1
[INFO] [stderr]   Downloaded trie-root v0.16.0
[INFO] [stderr]   Downloaded frame-support-procedural-tools-derive v2.0.1
[INFO] [stderr]   Downloaded frame-support-procedural v2.0.1
[INFO] [stderr]   Downloaded parity-wasm v0.41.0
[INFO] [stderr]   Downloaded ref-cast-impl v1.0.6
[INFO] [stderr]   Downloaded merlin v2.0.1
[INFO] [stderr]   Downloaded tiny-bip39 v0.7.3
[INFO] [stderr]   Downloaded sp-inherents v2.0.1
[INFO] [stderr]   Downloaded memory-db v0.24.1
[INFO] [stderr]   Downloaded sp-runtime-interface v2.0.1
[INFO] [stderr]   Downloaded sp-panic-handler v2.0.1
[INFO] [stderr]   Downloaded frame-support-procedural-tools v2.0.1
[INFO] [stderr]   Downloaded frame-metadata v12.0.1
[INFO] [stderr]   Downloaded schnorrkel v0.9.1
[INFO] [stderr]   Downloaded trie-db v0.22.6
[INFO] [stderr]   Downloaded sp-core v2.0.1
[INFO] [stderr]   Downloaded impl-trait-for-tuples v0.1.3
[INFO] [stderr]   Downloaded sp-trie v2.0.1
[INFO] [stderr]   Downloaded parity-scale-codec-derive v1.2.3
[INFO] [stderr]   Downloaded sp-runtime v2.0.1
[INFO] [stderr]   Downloaded hash-db v0.15.2
[INFO] [stderr]   Downloaded sp-std v2.0.1
[INFO] [stderr]   Downloaded sp-wasm-interface v2.0.1
[INFO] [stderr]   Downloaded sp-arithmetic v2.0.1
[INFO] [stderr]   Downloaded pallet-balances v2.0.1
[INFO] [stderr]   Downloaded sp-application-crypto v2.0.1
[INFO] [stderr]   Downloaded sp-state-machine v0.8.1
[INFO] [stderr]   Downloaded curve25519-dalek v2.1.3
[INFO] [stderr]   Downloaded sp-tracing v2.0.1
[INFO] [stderr]   Downloaded sp-runtime-interface-proc-macro v2.0.1
[INFO] [stderr]   Downloaded wasmi v0.6.2
[INFO] [stderr]   Downloaded hash256-std-hasher v0.15.2
[INFO] [stderr]   Downloaded parity-util-mem-derive v0.1.0
[INFO] [stderr]   Downloaded ref-cast v1.0.6
[INFO] [stderr]   Downloaded sp-debug-derive v2.0.1
[INFO] [stderr]   Downloaded sp-io v2.0.1
[INFO] running `Command { std: "docker" "create" "-v" "/var/lib/crater-agent-workspace/builds/worker-54/target:/opt/rustwide/target:rw,Z" "-v" "/var/lib/crater-agent-workspace/builds/worker-54/source:/opt/rustwide/workdir:ro,Z" "-v" "/var/lib/crater-agent-workspace/cargo-home:/opt/rustwide/cargo-home:ro,Z" "-v" "/var/lib/crater-agent-workspace/rustup-home:/opt/rustwide/rustup-home:ro,Z" "-e" "SOURCE_DIR=/opt/rustwide/workdir" "-e" "CARGO_TARGET_DIR=/opt/rustwide/target" "-e" "CARGO_HOME=/opt/rustwide/cargo-home" "-e" "RUSTUP_HOME=/opt/rustwide/rustup-home" "-w" "/opt/rustwide/workdir" "-m" "1610612736" "--user" "0:0" "--network" "none" "ghcr.io/rust-lang/crates-build-env/linux@sha256:a89201d6b5b9fd45c15d5952ece0a0129e7e80cb26ec023fd59cf09bc26f1604" "/opt/rustwide/cargo-home/bin/cargo" "+beta-2021-10-15" "metadata" "--no-deps" "--format-version=1", kill_on_drop: false }`
[INFO] [stdout] 2a706a24c9d5d8f7843c67c796d8630887a81cedec23badf3f0b7d40c447b320
[INFO] running `Command { std: "docker" "start" "-a" "2a706a24c9d5d8f7843c67c796d8630887a81cedec23badf3f0b7d40c447b320", kill_on_drop: false }`
[INFO] running `Command { std: "docker" "inspect" "2a706a24c9d5d8f7843c67c796d8630887a81cedec23badf3f0b7d40c447b320", kill_on_drop: false }`
[INFO] running `Command { std: "docker" "rm" "-f" "2a706a24c9d5d8f7843c67c796d8630887a81cedec23badf3f0b7d40c447b320", kill_on_drop: false }`
[INFO] [stdout] 2a706a24c9d5d8f7843c67c796d8630887a81cedec23badf3f0b7d40c447b320
[INFO] running `Command { std: "docker" "create" "-v" "/var/lib/crater-agent-workspace/builds/worker-54/target:/opt/rustwide/target:rw,Z" "-v" "/var/lib/crater-agent-workspace/builds/worker-54/source:/opt/rustwide/workdir:ro,Z" "-v" "/var/lib/crater-agent-workspace/cargo-home:/opt/rustwide/cargo-home:ro,Z" "-v" "/var/lib/crater-agent-workspace/rustup-home:/opt/rustwide/rustup-home:ro,Z" "-e" "SOURCE_DIR=/opt/rustwide/workdir" "-e" "CARGO_TARGET_DIR=/opt/rustwide/target" "-e" "CARGO_INCREMENTAL=0" "-e" "RUST_BACKTRACE=full" "-e" "RUSTFLAGS=--cap-lints=warn" "-e" "CARGO_HOME=/opt/rustwide/cargo-home" "-e" "RUSTUP_HOME=/opt/rustwide/rustup-home" "-w" "/opt/rustwide/workdir" "-m" "1610612736" "--user" "0:0" "--network" "none" "ghcr.io/rust-lang/crates-build-env/linux@sha256:a89201d6b5b9fd45c15d5952ece0a0129e7e80cb26ec023fd59cf09bc26f1604" "/opt/rustwide/cargo-home/bin/cargo" "+beta-2021-10-15" "check" "--frozen" "--all" "--all-targets" "--message-format=json", kill_on_drop: false }`
[INFO] [stdout] 9607640abf69a776f5f5df23f5bc7fb7013507cd82e6ee953012af36bd7a91b9
[INFO] running `Command { std: "docker" "start" "-a" "9607640abf69a776f5f5df23f5bc7fb7013507cd82e6ee953012af36bd7a91b9", kill_on_drop: false }`
[INFO] [stderr]    Compiling syn v1.0.80
[INFO] [stderr]    Compiling autocfg v1.0.1
[INFO] [stderr]    Compiling serde v1.0.130
[INFO] [stderr]    Compiling typenum v1.14.0
[INFO] [stderr]    Compiling memchr v2.4.1
[INFO] [stderr]    Compiling getrandom v0.1.16
[INFO] [stderr]    Compiling version_check v0.9.3
[INFO] [stderr]     Checking byteorder v1.4.3
[INFO] [stderr]     Checking ppv-lite86 v0.2.14
[INFO] [stderr]     Checking smallvec v1.7.0
[INFO] [stderr]     Checking arrayvec v0.5.2
[INFO] [stderr]     Checking radium v0.3.0
[INFO] [stderr]     Checking either v1.6.1
[INFO] [stderr]     Checking byte-slice-cast v0.3.5
[INFO] [stderr]    Compiling crunchy v0.2.2
[INFO] [stderr]     Checking subtle v2.4.1
[INFO] [stderr]    Compiling proc-macro-hack v0.5.19
[INFO] [stderr]     Checking rustc-hex v2.1.0
[INFO] [stderr]     Checking byte-tools v0.3.1
[INFO] [stderr]     Checking static_assertions v1.1.0
[INFO] [stderr]    Compiling futures-core v0.3.17
[INFO] [stderr]     Checking subtle v1.0.0
[INFO] [stderr]     Checking regex-syntax v0.6.25
[INFO] [stderr]     Checking sp-std v2.0.1
[INFO] [stderr]    Compiling futures-task v0.3.17
[INFO] [stderr]    Compiling futures-channel v0.3.17
[INFO] [stderr]    Compiling ref-cast v1.0.6
[INFO] [stderr]     Checking fake-simd v0.1.2
[INFO] [stderr]     Checking gimli v0.25.0
[INFO] [stderr]    Compiling proc-macro-nested v0.1.7
[INFO] [stderr]     Checking adler v1.0.2
[INFO] [stderr]    Compiling serde_json v1.0.68
[INFO] [stderr]     Checking opaque-debug v0.2.3
[INFO] [stderr]     Checking parity-wasm v0.41.0
[INFO] [stderr]     Checking futures-sink v0.3.17
[INFO] [stderr]    Compiling failure_derive v0.1.8
[INFO] [stderr]     Checking rustc-demangle v0.1.21
[INFO] [stderr]     Checking arrayref v0.3.6
[INFO] [stderr]     Checking keccak v0.1.0
[INFO] [stderr]     Checking memory_units v0.3.0
[INFO] [stderr]     Checking cpufeatures v0.2.1
[INFO] [stderr]     Checking tinyvec_macros v0.1.0
[INFO] [stderr]    Compiling arrayvec v0.4.12
[INFO] [stderr]    Compiling parity-util-mem v0.7.0
[INFO] [stderr]     Checking futures-io v0.3.17
[INFO] [stderr]    Compiling lazy_static v1.4.0
[INFO] [stderr]     Checking hash-db v0.15.2
[INFO] [stderr]     Checking ahash v0.3.8
[INFO] [stderr]     Checking pin-utils v0.1.0
[INFO] [stderr]     Checking opaque-debug v0.3.0
[INFO] [stderr]     Checking environmental v1.1.3
[INFO] [stderr]     Checking nodrop v0.1.14
[INFO] [stderr]     Checking signature v1.3.1
[INFO] [stderr]    Compiling tiny-keccak v2.0.2
[INFO] [stderr]     Checking dyn-clone v1.0.4
[INFO] [stderr]     Checking constant_time_eq v0.1.5
[INFO] [stderr]    Compiling convert_case v0.4.0
[INFO] [stderr]     Checking rustc-hash v1.1.0
[INFO] [stderr]     Checking hex v0.4.3
[INFO] [stderr]     Checking base58 v0.1.0
[INFO] [stderr]     Checking bitmask v0.5.0
[INFO] [stderr]    Compiling proc-macro2 v1.0.30
[INFO] [stderr]    Compiling serde_derive v1.0.130
[INFO] [stderr]    Compiling parking_lot_core v0.8.5
[INFO] [stderr]     Checking instant v0.1.11
[INFO] [stderr]     Checking lock_api v0.4.5
[INFO] [stderr]     Checking lock_api v0.3.4
[INFO] [stderr]    Compiling log v0.4.14
[INFO] [stderr]     Checking tracing-core v0.1.21
[INFO] [stderr]    Compiling ryu v1.0.5
[INFO] [stderr]    Compiling backtrace v0.3.61
[INFO] [stderr]     Checking sharded-slab v0.1.4
[INFO] [stderr]     Checking getrandom v0.2.3
[INFO] [stderr]     Checking num_cpus v1.13.0
[INFO] [stderr]     Checking parking_lot_core v0.7.2
[INFO] [stderr]     Checking bitvec v0.17.4
[INFO] [stderr]     Checking trie-root v0.16.0
[INFO] [stderr]     Checking block-padding v0.1.5
[INFO] [stderr]     Checking ed25519 v1.2.0
[INFO] [stderr]     Checking tinyvec v1.5.0
[INFO] [stderr]    Compiling quote v1.0.10
[INFO] [stderr]    Compiling num-traits v0.2.14
[INFO] [stderr]    Compiling num-integer v0.1.44
[INFO] [stderr]    Compiling miniz_oxide v0.4.4
[INFO] [stderr]    Compiling num-bigint v0.2.6
[INFO] [stderr]    Compiling futures-macro v0.3.17
[INFO] [stderr]    Compiling num-rational v0.2.4
[INFO] [stderr]    Compiling futures-util v0.3.17
[INFO] [stderr]    Compiling hashbrown v0.8.2
[INFO] [stderr]    Compiling generic-array v0.14.4
[INFO] [stderr]    Compiling ahash v0.7.6
[INFO] [stderr]     Checking rand_core v0.6.3
[INFO] [stderr]     Checking parking_lot v0.10.2
[INFO] [stderr]     Checking parking_lot v0.11.2
[INFO] [stderr]    Compiling aho-corasick v0.7.18
[INFO] [stderr]     Checking rand_core v0.5.1
[INFO] [stderr]     Checking rand_chacha v0.3.1
[INFO] [stderr]     Checking tracing-log v0.1.2
[INFO] [stderr]     Checking tracing v0.1.29
[INFO] [stderr]     Checking once_cell v1.8.0
[INFO] [stderr]     Checking rand_chacha v0.2.2
[INFO] [stderr]     Checking rand_pcg v0.2.1
[INFO] [stderr]     Checking uint v0.8.5
[INFO] [stderr]     Checking hash256-std-hasher v0.15.2
[INFO] [stderr]     Checking rand v0.8.4
[INFO] [stderr]     Checking blake2-rfc v0.2.18
[INFO] [stderr]     Checking object v0.26.2
[INFO] [stderr]     Checking thread_local v1.1.3
[INFO] [stderr]     Checking generic-array v0.12.4
[INFO] [stderr]     Checking wasmi-validation v0.3.0
[INFO] [stderr]     Checking rand v0.7.3
[INFO] [stderr]     Checking hashbrown v0.11.2
[INFO] [stderr]    Compiling paste-impl v0.1.18
[INFO] [stderr]     Checking addr2line v0.16.0
[INFO] [stderr]    Compiling regex v1.5.4
[INFO] [stderr]     Checking unicode-normalization v0.1.19
[INFO] [stderr]     Checking twox-hash v1.6.1
[INFO] [stderr]     Checking digest v0.8.1
[INFO] [stderr]     Checking crypto-mac v0.7.0
[INFO] [stderr]     Checking block-buffer v0.7.3
[INFO] [stderr]     Checking digest v0.9.0
[INFO] [stderr]     Checking block-buffer v0.9.0
[INFO] [stderr]     Checking crypto-mac v0.11.1
[INFO] [stderr]     Checking pbkdf2 v0.3.0
[INFO] [stderr]     Checking sha2 v0.8.2
[INFO] [stderr]     Checking hmac v0.7.1
[INFO] [stderr]     Checking pbkdf2 v0.8.0
[INFO] [stderr]     Checking hmac v0.11.0
[INFO] [stderr]     Checking regex-automata v0.1.10
[INFO] [stderr]     Checking sha2 v0.9.8
[INFO] [stderr]     Checking trie-db v0.22.6
[INFO] [stderr]     Checking hmac-drbg v0.2.0
[INFO] [stderr]     Checking fixed-hash v0.6.1
[INFO] [stderr]     Checking integer-sqrt v0.1.5
[INFO] [stderr]     Checking paste v0.1.18
[INFO] [stderr]     Checking libsecp256k1 v0.3.5
[INFO] [stderr]     Checking chrono v0.4.19
[INFO] [stderr]     Checking matchers v0.0.1
[INFO] [stderr]    Compiling Inflector v0.11.4
[INFO] [stderr]     Checking wasmi v0.6.2
[INFO] [stderr]    Compiling synstructure v0.12.6
[INFO] [stderr]     Checking sp-panic-handler v2.0.1
[INFO] [stderr]    Compiling zeroize_derive v1.2.0
[INFO] [stderr]    Compiling sp-debug-derive v2.0.1
[INFO] [stderr]    Compiling impl-trait-for-tuples v0.1.3
[INFO] [stderr]    Compiling ref-cast-impl v1.0.6
[INFO] [stderr]    Compiling parity-util-mem-derive v0.1.0
[INFO] [stderr]    Compiling dyn-clonable-impl v0.9.0
[INFO] [stderr]    Compiling derive_more v0.99.16
[INFO] [stderr]    Compiling frame-support-procedural-tools-derive v2.0.1
[INFO] [stderr]     Checking dyn-clonable v0.9.0
[INFO] [stderr]     Checking failure v0.1.8
[INFO] [stderr]     Checking zeroize v1.4.2
[INFO] [stderr]     Checking tiny-bip39 v0.7.3
[INFO] [stderr]     Checking merlin v2.0.1
[INFO] [stderr]     Checking curve25519-dalek v2.1.3
[INFO] [stderr]     Checking curve25519-dalek v3.2.0
[INFO] [stderr]     Checking secrecy v0.6.0
[INFO] [stderr]     Checking schnorrkel v0.9.1
[INFO] [stderr]     Checking substrate-bip39 v0.4.4
[INFO] [stderr]     Checking futures-executor v0.3.17
[INFO] [stderr]     Checking futures v0.3.17
[INFO] [stderr]     Checking impl-serde v0.3.1
[INFO] [stderr]     Checking tracing-serde v0.1.2
[INFO] [stderr]     Checking ed25519-dalek v1.0.1
[INFO] [stderr]    Compiling toml v0.5.8
[INFO] [stderr]     Checking tracing-subscriber v0.2.25
[INFO] [stderr]    Compiling proc-macro-crate v0.1.5
[INFO] [stderr]    Compiling frame-support-procedural-tools v2.0.1
[INFO] [stderr]    Compiling parity-scale-codec-derive v1.2.3
[INFO] [stderr]    Compiling sp-runtime-interface-proc-macro v2.0.1
[INFO] [stderr]    Compiling frame-support-procedural v2.0.1
[INFO] [stderr]     Checking parity-scale-codec v1.3.7
[INFO] [stderr]     Checking impl-codec v0.4.2
[INFO] [stderr]     Checking sp-storage v2.0.1
[INFO] [stderr]     Checking sp-wasm-interface v2.0.1
[INFO] [stderr]     Checking sp-tracing v2.0.1
[INFO] [stderr]     Checking sp-arithmetic v2.0.1
[INFO] [stderr]     Checking primitive-types v0.7.3
[INFO] [stderr]     Checking sp-externalities v0.8.1
[INFO] [stderr]     Checking sp-runtime-interface v2.0.1
[INFO] [stderr]     Checking memory-db v0.24.1
[INFO] [stderr]     Checking sp-core v2.0.1
[INFO] [stderr]     Checking sp-trie v2.0.1
[INFO] [stderr]     Checking sp-inherents v2.0.1
[INFO] [stderr]     Checking frame-metadata v12.0.1
[INFO] [stderr]     Checking sp-state-machine v0.8.1
[INFO] [stderr]     Checking sp-io v2.0.1
[INFO] [stderr]     Checking sp-application-crypto v2.0.1
[INFO] [stderr]     Checking sp-runtime v2.0.1
[INFO] [stderr]     Checking frame-support v2.0.1
[INFO] [stderr]     Checking sp-version v2.0.1
[INFO] [stderr]     Checking frame-system v2.0.1
[INFO] [stderr]     Checking pallet-balances v2.0.1
[INFO] [stderr]     Checking bounties_market v0.1.0 (/opt/rustwide/workdir)
[INFO] [stdout] error[E0437]: type `ModuleToIndex` is not a member of trait `system::Trait`
[INFO] [stdout]   --> src/mock.rs:61:5
[INFO] [stdout]    |
[INFO] [stdout] 61 |     type ModuleToIndex = ();
[INFO] [stdout]    |     ^^^^^^^^^^^^^^^^^^^^^^^^ not a member of trait `system::Trait`
[INFO] [stdout] 
[INFO] [stdout] 
[INFO] [stdout] warning: type `Bounties_Pallet` should have an upper camel case name
[INFO] [stdout]   --> src/mock.rs:37:10
[INFO] [stdout]    |
[INFO] [stdout] 37 | pub type Bounties_Pallet = Module<Test>;
[INFO] [stdout]    |          ^^^^^^^^^^^^^^^ help: convert the identifier to upper camel case: `BountiesPallet`
[INFO] [stdout]    |
[INFO] [stdout]    = note: `#[warn(non_camel_case_types)]` on by default
[INFO] [stdout] 
[INFO] [stdout] 
[INFO] [stdout] warning: unused import: `Hashable`
[INFO] [stdout]  --> src/tests.rs:4:44
[INFO] [stdout]   |
[INFO] [stdout] 4 | use frame_support::{assert_err, assert_ok, Hashable};
[INFO] [stdout]   |                                            ^^^^^^^^
[INFO] [stdout]   |
[INFO] [stdout]   = note: `#[warn(unused_imports)]` on by default
[INFO] [stdout] 
[INFO] [stdout] 
[INFO] [stdout] warning: unused import: `sp_core::H256`
[INFO] [stdout]  --> src/tests.rs:5:5
[INFO] [stdout]   |
[INFO] [stdout] 5 | use sp_core::H256;
[INFO] [stdout]   |     ^^^^^^^^^^^^^
[INFO] [stdout] 
[INFO] [stdout] 
[INFO] [stdout] error[E0046]: not all trait items implemented, missing: `PalletInfo`
[INFO] [stdout]   --> src/mock.rs:40:1
[INFO] [stdout]    |
[INFO] [stdout] 40 | impl system::Trait for Test {
[INFO] [stdout]    | ^^^^^^^^^^^^^^^^^^^^^^^^^^^ missing `PalletInfo` in implementation
[INFO] [stdout]    |
[INFO] [stdout]    = help: implement the missing item: `type PalletInfo = Type;`
[INFO] [stdout] 
[INFO] [stdout] 
[INFO] [stdout] error[E0046]: not all trait items implemented, missing: `MaxLocks`
[INFO] [stdout]   --> src/mock.rs:76:1
[INFO] [stdout]    |
[INFO] [stdout] 76 | impl pallet_balances::Trait for Test {
[INFO] [stdout]    | ^^^^^^^^^^^^^^^^^^^^^^^^^^^^^^^^^^^^ missing `MaxLocks` in implementation
[INFO] [stdout]    |
[INFO] [stdout]    = help: implement the missing item: `type MaxLocks = Type;`
[INFO] [stdout] 
[INFO] [stdout] 
[INFO] [stdout] error: aborting due to 3 previous errors; 3 warnings emitted
[INFO] [stdout] 
[INFO] [stdout] 
[INFO] [stdout] Some errors have detailed explanations: E0046, E0437.
[INFO] [stdout] 
[INFO] [stdout] For more information about an error, try `rustc --explain E0046`.
[INFO] [stdout] 
[INFO] [stderr] error: could not compile `bounties_market` due to 4 previous errors; 3 warnings emitted
[INFO] running `Command { std: "docker" "inspect" "9607640abf69a776f5f5df23f5bc7fb7013507cd82e6ee953012af36bd7a91b9", kill_on_drop: false }`
[INFO] running `Command { std: "docker" "rm" "-f" "9607640abf69a776f5f5df23f5bc7fb7013507cd82e6ee953012af36bd7a91b9", kill_on_drop: false }`
[INFO] [stdout] 9607640abf69a776f5f5df23f5bc7fb7013507cd82e6ee953012af36bd7a91b9
